000
CXUS54 KOUN 010910
CF6PWA
PRELIMINARY LOCAL CLIMATOLOGICAL DATA (WS FORM: F-6)
STATION: BETHANY/WILEY POST
MONTH: DECEMBER
YEAR: 2020
LATITUDE: 35 31 N
LONGITUDE: 97 38 W
TEMPERATURE IN F: :PCPN: SNOW: WIND :SUNSHINE: SKY :PK WND
================================================================================
1 2 3 4 5 6A 6B 7 8 9 10 11 12 13 14 15 16 17 18
12Z AVG MX 2MIN
DY MAX MIN AVG DEP HDD CDD WTR SNW DPTH SPD SPD DIR MIN PSBL S-S WX SPD DR
================================================================================
1 58 30 44 1 21 0 0.00 M M 14.1 23 160 M M 0 30 140
2 46 37 42 -1 23 0 0.04 M M 8.3 21 140 M M 10 1 28 140
3 42 29 36 -6 29 0 0.03 M M 10.8 21 340 M M 8 1 27 350
4 56 24 40 -2 25 0 0.00 M M 5.1 12 260 M M 0 15 280
5 56 27 42 0 23 0 0.00 M M 5.9 15 330 M M 0 18 330
6 58 28 43 2 22 0 0.00 M M 6.6 16 340 M M 0 20 350
7 66 27 47 6 18 0 0.00 0.0 M 4.2 10 330 M M 0 13 330
8 66 31 49 8 16 0 0.00 0.0 M 5.9 12 320 M M 0 16 310
9 73 33 53 13 12 0 0.00 0.0 M 5.8 10 200 M M 0 12 220
10 75 37 56 16 9 0 T M M 10.2 21 180 M M 1 25 190
11 53 36 45 5 20 0 0.04 M M 9.2 17 320 M M 4 23 340
12 44 32 38 -2 27 0 0.00 M M 8.5 18 350 M M 4 24 360
13 38 21 30 -9 35 0 0.31 M M 14.7 26 360 M M 8 12 32 360
14 40 16 28 -11 37 0 0.00 M M 5.5 15 110 M M 1 18 19 110
15 33 29 31 -8 34 0 M M M 9.9 18 120 M M 10 128 23 120
16 35 25 30 -9 35 0 0.00 M M 6.5 12 260 M M 6 1 15 260
17 50 20 35 -4 30 0 0.00 0.0 M 7.8 21 170 M M 0 1 26 160
18 59 40 50 12 15 0 0.00 M M 17.0 37 190 M M 1 47 200
19 50 29 40 2 25 0 0.00 M M 7.5 15 340 M M 1 18 330
20 58 28 43 5 22 0 0.00 M M 7.8 15 320 M M 0 19 320
21 67 36 52 14 13 0 0.00 M M 7.5 15 360 M M 0 18 10
22 70 39 55 17 10 0 0.00 M M 16.8 31 180 M M 1 40 170
23 62 27 45 7 20 0 0.00 0.0 M 20.3 37 340 M M 0 46 340
24 50 20 35 -3 30 0 0.00 M M 8.1 24 330 M M 0 31 340
25 60 22 41 3 24 0 0.00 M M 8.2 16 210 M M 0 21 200
26 66 32 49 11 16 0 0.00 0.0 M 15.0 24 180 M M 0 30 220
27 65 43 54 17 11 0 0.00 M M 16.6 31 200 M M 0 40 200
28 49 36 43 6 22 0 T M M 11.0 18 60 M M 2 23 70
29 58 40 49 12 16 0 0.48 M M 17.9 29 160 M M 10 1 38 330
30 43 31 37 0 28 0 0.66 M M 13.8 25 20 M M 6 1 32 10
31 36 25 31 -6 34 0 0.60 M M 14.7 26 20 M M 4 16 35 20
================================================================================
SM 1682 930 702 0 2.16 0.0 321.2 M 77
================================================================================
AV 54.3 30.0 10.4 FASTST M M 2 MAX(MPH)
MISC ----> # 37 190 47 200
================================================================================
NOTES:
# LAST OF SEVERAL OCCURRENCES
COLUMN 17 PEAK WIND IN M.P.H.
PRELIMINARY LOCAL CLIMATOLOGICAL DATA (WS FORM: F-6) , PAGE 2
STATION: BETHANY/WILEY POST
MONTH: DECEMBER
YEAR: 2020
LATITUDE: 35 31 N
LONGITUDE: 97 38 W
[TEMPERATURE DATA] [PRECIPITATION DATA] SYMBOLS USED IN COLUMN 16
AVERAGE MONTHLY: 42.1 TOTAL FOR MONTH: 2.16 1 = FOG OR MIST
DPTR FM NORMAL: 2.8 DPTR FM NORMAL: 0.65 2 = FOG REDUCING VISIBILITY
HIGHEST: 75 ON 10 GRTST 24HR 1.10 ON 29-30 TO 1/4 MILE OR LESS
LOWEST: 16 ON 14 3 = THUNDER
SNOW, ICE PELLETS, HAIL 4 = ICE PELLETS
TOTAL MONTH: 0.0 INCH 5 = HAIL
GRTST 24HR 0.0 6 = FREEZING RAIN OR DRIZZLE
GRTST DEPTH: M ON M 7 = DUSTSTORM OR SANDSTORM:
VSBY 1/2 MILE OR LESS
8 = SMOKE OR HAZE
[NO. OF DAYS WITH] [WEATHER - DAYS WITH] 9 = BLOWING SNOW
X = TORNADO
MAX 32 OR BELOW: 0 0.01 INCH OR MORE: 7
MAX 90 OR ABOVE: 0 0.10 INCH OR MORE: 4
MIN 32 OR BELOW: 21 0.50 INCH OR MORE: 2
MIN 0 OR BELOW: 0 1.00 INCH OR MORE: 0
[HDD (BASE 65) ]
TOTAL THIS MO. 702 CLEAR (SCALE 0-3) 21
DPTR FM NORMAL -95 PTCLDY (SCALE 4-7) 5
TOTAL FM JUL 1 1255 CLOUDY (SCALE 8-10) 5
DPTR FM NORMAL -207
[CDD (BASE 65) ]
TOTAL THIS MO. 0
DPTR FM NORMAL 0 [PRESSURE DATA]
TOTAL FM JAN 1 2133 HIGHEST SLP 30.38 ON 28
DPTR FM NORMAL 165 LOWEST SLP 29.63 ON 27
[REMARKS]
#FINAL-12-20#