000
CXUS54 KOUN 010700
CF6PWA
PRELIMINARY LOCAL CLIMATOLOGICAL DATA (WS FORM: F-6)
STATION: BETHANY/WILEY POST
MONTH: JULY
YEAR: 2020
LATITUDE: 35 31 N
LONGITUDE: 97 38 W
TEMPERATURE IN F: :PCPN: SNOW: WIND :SUNSHINE: SKY :PK WND
================================================================================
1 2 3 4 5 6A 6B 7 8 9 10 11 12 13 14 15 16 17 18
12Z AVG MX 2MIN
DY MAX MIN AVG DEP HDD CDD WTR SNW DPTH SPD SPD DIR MIN PSBL S-S WX SPD DR
================================================================================
1 99 79 89 8 0 24 0.00 0.0 0 15.6 25 210 M M 0 30 210
2 98 77 88 7 0 23 0.00 0.0 0 11.3 23 60 M M 0 18 28 80
3 97 71 84 3 0 19 0.00 0.0 0 7.8 22 360 M M 1 3 26 360
4 93 73 83 2 0 18 0.14 0.0 0 5.9 24 110 M M 3 3 30 100
5 92 74 83 2 0 18 0.00 0.0 0 6.0 15 60 M M 1 1 23 100
6 85 75 80 -2 0 15 0.00 0.0 0 4.8 8 110 M M 1 M M
7 M M M M M M M M M M M M M M M M M
8 96 75 86 4 0 21 0.00 0.0 M 12.0 18 160 M M 2 25 130
9 93 79 86 4 0 21 0.00 0.0 0 16.3 26 80 M M 1 32 80
10 87 68 78 -4 0 13 2.86 0.0 0 13.0 47 20 M M 2 13 58 10
11 101 73 87 5 0 22 0.38 0.0 0 14.6 44 350 M M 0 3 58 360
12 96 72 84 2 0 19 T 0.0 0 9.7 35 280 M M 1 3 46 270
13 94 71 83 1 0 18 0.22 0.0 0 12.4 21 140 M M 1 13 31 100
14 97 82 90 7 0 25 0.00 0.0 0 17.5 25 160 M M 0 34 160
15 91 79 85 2 0 20 T 0.0 0 7.1 22 160 M M 0 38 28 150
16 94 73 84 1 0 19 T 0.0 0 10.6 21 340 M M 1 3 26 340
17 97 78 88 5 0 23 T 0.0 0 12.9 21 170 M M 1 28 170
18 94 77 86 3 0 21 0.00 0.0 0 15.5 24 190 M M 0 31 190
19 94 76 85 2 0 20 0.00 0.0 0 10.9 18 170 M M 0 31 170
20 95 76 86 3 0 21 0.00 0.0 0 12.2 23 160 M M 0 29 150
21 92 76 84 1 0 19 0.00 0.0 0 8.1 18 170 M M 2 3 23 170
22 93 73 83 0 0 18 0.00 0.0 0 8.7 17 150 M M 1 21 150
23 92 76 84 1 0 19 0.00 0.0 0 10.8 17 150 M M 2 20 180
24 95 78 87 4 0 22 0.00 0.0 0 10.3 16 110 M M 2 21 130
25 92 77 85 2 0 20 0.00 0.0 0 10.7 16 110 M M 1 23 120
26 94 76 85 2 0 20 0.00 0.0 0 10.5 20 170 M M 1 28 190
27 91 74 83 0 0 18 0.20 0.0 0 9.2 23 330 M M 5 13 28 330
28 84 74 79 -4 0 14 0.62 0.0 0 9.1 14 170 M M 7 13 16 150
29 91 75 83 0 0 18 0.81 0.0 0 9.7 17 200 M M 6 1 23 210
30 92 71 82 -1 0 17 T 0.0 0 9.6 33 340 M M 2 8 48 350
31 86 69 78 -5 0 13 0.00 0.0 0 11.7 22 360 M M 3 27 330
================================================================================
SM 2795 2247 0 578 5.23 0.0 324.5 M 47
================================================================================
AV 93.2 74.9 10.8 FASTST M M 2 MAX(MPH)
MISC ----> # 47 20 # 58 10
================================================================================
NOTES:
# LAST OF SEVERAL OCCURRENCES
COLUMN 17 PEAK WIND IN M.P.H.
PRELIMINARY LOCAL CLIMATOLOGICAL DATA (WS FORM: F-6) , PAGE 2
STATION: BETHANY/WILEY POST
MONTH: JULY
YEAR: 2020
LATITUDE: 35 31 N
LONGITUDE: 97 38 W
[TEMPERATURE DATA] [PRECIPITATION DATA] SYMBOLS USED IN COLUMN 16
AVERAGE MONTHLY: 84.0 TOTAL FOR MONTH: 5.23 1 = FOG OR MIST
DPTR FM NORMAL: 1.4 DPTR FM NORMAL: 2.54 2 = FOG REDUCING VISIBILITY
HIGHEST: 101 ON 11 GRTST 24HR 2.86 ON 10-10 TO 1/4 MILE OR LESS
LOWEST: 68 ON 10 3 = THUNDER
SNOW, ICE PELLETS, HAIL 4 = ICE PELLETS
TOTAL MONTH: 0.0 INCH 5 = HAIL
GRTST 24HR 0.0 6 = FREEZING RAIN OR DRIZZLE
GRTST DEPTH: 0 7 = DUSTSTORM OR SANDSTORM:
VSBY 1/2 MILE OR LESS
8 = SMOKE OR HAZE
[NO. OF DAYS WITH] [WEATHER - DAYS WITH] 9 = BLOWING SNOW
X = TORNADO
MAX 32 OR BELOW: 0 0.01 INCH OR MORE: 7
MAX 90 OR ABOVE: 26 0.10 INCH OR MORE: 7
MIN 32 OR BELOW: 0 0.50 INCH OR MORE: 3
MIN 0 OR BELOW: 0 1.00 INCH OR MORE: 1
[HDD (BASE 65) ]
TOTAL THIS MO. 0 CLEAR (SCALE 0-3) 27
DPTR FM NORMAL 0 PTCLDY (SCALE 4-7) 3
TOTAL FM JUL 1 0 CLOUDY (SCALE 8-10) 0
DPTR FM NORMAL 0
[CDD (BASE 65) ]
TOTAL THIS MO. 578
DPTR FM NORMAL 34 [PRESSURE DATA]
TOTAL FM JAN 1 1290 HIGHEST SLP M ON M
DPTR FM NORMAL 163 LOWEST SLP 29.70 ON 1
[REMARKS]
#FINAL-07-20#