000
CXUS54 KFWD 072134
CF6PWG
PRELIMINARY LOCAL CLIMATOLOGICAL DATA (WS FORM: F-6)
STATION: WACO MCGREGOR
MONTH: MARCH
YEAR: 2022
LATITUDE: 31 28 N
LONGITUDE: 97 19 W
TEMPERATURE IN F: :PCPN: SNOW: WIND :SUNSHINE: SKY :PK WND
================================================================================
1 2 3 4 5 6A 6B 7 8 9 10 11 12 13 14 15 16 17 18
12Z AVG MX 2MIN
DY MAX MIN AVG DEP HDD CDD WTR SNW DPTH SPD SPD DIR MIN PSBL S-S WX SPD DR
================================================================================
1 75 32 54 2 11 0 0.00 M M 5.4 10 140 M M 0 M M
2 74 40 57 4 8 0 0.00 M M 5.7 12 150 M M 0 M M
3 78 40 59 6 6 0 0.00 M M 5.3 13 160 M M 0 M M
4 75 55 65 12 0 0 0.00 M M 12.3 18 150 M M 4 24 150
5 80 63 72 18 0 7 0.00 M M 15.3 21 170 M M 3 28 180
6 81 45 63 9 2 0 0.00 M M 15.3 24 180 M M 1 35 180
7 53 36 45 -9 20 0 0.02 M M 14.8 21 350 M M 3 28 330
8 50 33 42 -12 23 0 T M M 9.1 14 10 M M 5 M M
9 58 28 43 -12 22 0 T M M 4.4 9 110 M M 0 1 M M
10 70 29 50 -5 15 0 0.00 M M 5.8 13 170 M M 0 17 140
11 52 31 42 -13 23 0 T M M 16.4 25 350 M M 6 33 330
12 58 19 39 -17 26 0 0.00 M M 5.4 10 330 M M 0 M M
13 66 32 49 -7 16 0 0.00 M M 12.9 21 160 M M 0 33 170
14 81 47 64 8 1 0 T M M 14.7 24 170 M M 3 3 36 170
15 74 48 61 5 4 0 0.00 M M 10.4 18 330 M M 0 25 310
16 82 38 60 3 5 0 0.00 M M 8.6 16 170 M M 0 32 160
17 74 51 63 6 2 0 0.00 M M 15.4 25 150 M M 4 1 32 160
18 69 44 57 0 8 0 0.00 M M 13.2 25 310 M M 0 33 310
19 79 33 56 -1 9 0 0.00 M M 5.4 13 120 M M 0 M M
20 80 44 62 4 3 0 0.00 M M 13.8 23 140 M M 1 32 150
21 79 57 68 10 0 3 0.01 M M 17.7 36 150 M M 1 1 49 170
22 62 42 52 -6 13 0 0.01 M M 12.8 22 310 M M 3 3 35 310
23 67 38 53 -5 12 0 0.00 M M 10.3 22 310 M M 0 36 310
24 72 38 55 -4 10 0 0.00 M M 8.6 21 310 M M 0 29 310
25 84 35 60 1 5 0 0.00 M M 5.5 14 120 M M 0 17 120
26 91 45 68 9 0 3 0.00 M M 9.5 20 150 M M 0 20 170
27 90 52 71 11 0 6 0.00 M M 13.2 21 160 M M 0 31 160
28 85 59 72 12 0 7 0.00 M M 17.4 25 160 M M 0 32 160
29 78 67 73 13 0 8 0.00 M M 22.0 30 160 M M 0 47 150
30 74 45 60 0 5 0 0.11 M M 12.7 25 180 M M 0 13 45 170
31 74 41 58 -2 7 0 0.00 M M 4.2 15 300 M M 0 21 300
================================================================================
SM 2265 1307 256 34 0.15 M 343.3 M 34
================================================================================
AV 73.1 42.2 11.1 FASTST M M 1 MAX(MPH)
MISC ----> 36 150 49 170
================================================================================
NOTES:
# LAST OF SEVERAL OCCURRENCES
COLUMN 17 PEAK WIND IN M.P.H.
PRELIMINARY LOCAL CLIMATOLOGICAL DATA (WS FORM: F-6) , PAGE 2
STATION: WACO MCGREGOR
MONTH: MARCH
YEAR: 2022
LATITUDE: 31 28 N
LONGITUDE: 97 19 W
[TEMPERATURE DATA] [PRECIPITATION DATA] SYMBOLS USED IN COLUMN 16
AVERAGE MONTHLY: 57.6 TOTAL FOR MONTH: 0.15 1 = FOG OR MIST
DPTR FM NORMAL: 1.1 DPTR FM NORMAL: -3.08 2 = FOG REDUCING VISIBILITY
HIGHEST: 91 ON 26 GRTST 24HR 0.12 ON 30-30 TO 1/4 MILE OR LESS
LOWEST: 19 ON 12 3 = THUNDER
SNOW, ICE PELLETS, HAIL 4 = ICE PELLETS
TOTAL MONTH: M 5 = HAIL
GRTST 24HR M ON M 6 = FREEZING RAIN OR DRIZZLE
GRTST DEPTH: M ON M 7 = DUSTSTORM OR SANDSTORM:
VSBY 1/2 MILE OR LESS
8 = SMOKE OR HAZE
[NO. OF DAYS WITH] [WEATHER - DAYS WITH] 9 = BLOWING SNOW
X = TORNADO
MAX 32 OR BELOW: 0 0.01 INCH OR MORE: 4
MAX 90 OR ABOVE: 2 0.10 INCH OR MORE: 1
MIN 32 OR BELOW: 6 0.50 INCH OR MORE: 0
MIN 0 OR BELOW: 0 1.00 INCH OR MORE: 0
[HDD (BASE 65) ]
TOTAL THIS MO. 256 CLEAR (SCALE 0-3) 25
DPTR FM NORMAL -30 PTCLDY (SCALE 4-7) 6
TOTAL FM JUL 1 1751 CLOUDY (SCALE 8-10) 0
DPTR FM NORMAL -484
[CDD (BASE 65) ]
TOTAL THIS MO. 34
DPTR FM NORMAL 10 [PRESSURE DATA]
TOTAL FM JAN 1 43 HIGHEST SLP 30.56 ON 12
DPTR FM NORMAL 13 LOWEST SLP 29.47 ON 30
[REMARKS]
#FINAL-03-22#