000
CXUS54 KFWD 010733
CF6PWG
PRELIMINARY LOCAL CLIMATOLOGICAL DATA (WS FORM: F-6)
STATION: WACO MCGREGOR
MONTH: AUGUST
YEAR: 2021
LATITUDE: 31 28 N
LONGITUDE: 97 19 W
TEMPERATURE IN F: :PCPN: SNOW: WIND :SUNSHINE: SKY :PK WND
================================================================================
1 2 3 4 5 6A 6B 7 8 9 10 11 12 13 14 15 16 17 18
12Z AVG MX 2MIN
DY MAX MIN AVG DEP HDD CDD WTR SNW DPTH SPD SPD DIR MIN PSBL S-S WX SPD DR
================================================================================
1 96 74 85 1 0 20 M M M 5.5 13 270 M M 1 3 22 270
2 87 74 81 -3 0 16 T M M 4.6 9 40 M M 6 13 16 360
3 91 69 80 -4 0 15 0.00 M M 5.2 9 70 M M 5 1 M M
4 91 67 79 -5 0 14 0.00 M M 5.3 12 50 M M 1 1 17 60
5 90 70 80 -4 0 15 0.00 M M 6.8 14 170 M M 2 20 140
6 95 70 83 -1 0 18 0.00 M M 6.1 15 140 M M 3 1 20 120
7 97 75 86 2 0 21 0.00 M M 9.8 15 150 M M 4 24 180
8 98 78 88 4 0 23 0.00 M M 14.0 20 160 M M 2 31 170
9 98 78 88 4 0 23 0.00 M M 13.3 22 180 M M 3 31 170
10 99 77 88 4 0 23 0.00 M M 12.0 20 160 M M 4 28 190
11 98 73 86 2 0 21 0.00 M M 10.6 17 180 M M 3 8 23 160
12 99 76 88 4 0 23 0.00 M M 10.1 14 150 M M 1 18 130
13 97 74 86 2 0 21 0.00 M M 7.3 12 140 M M 0 18 130
14 97 74 86 2 0 21 0.00 M M 5.8 23 10 M M 1 29 10
15 83 72 78 -6 0 13 0.05 M M 4.9 20 310 M M 3 13 23 310
16 93 70 82 -2 0 17 M M M 2.9 7 130 M M 1 8 M M
17 94 73 84 0 0 19 T M M 8.3 14 170 M M 3 13 20 170
18 91 73 82 -2 0 17 M M M 8.8 17 100 M M 5 13 27 100
19 96 77 87 3 0 22 0.00 M M 12.7 18 180 M M 4 1 26 190
20 96 76 86 2 0 21 0.00 M M 11.5 16 180 M M 2 22 180
21 97 73 85 1 0 20 0.00 M M 8.7 14 140 M M 1 21 190
22 96 73 85 2 0 20 0.00 M M 7.9 13 160 M M 1 16 99
23 98 73 86 3 0 21 0.00 M M 6.3 14 150 M M 0 M M
24 97 73 85 2 0 20 0.00 M M 8.1 14 180 M M 0 8 16 140
25 97 72 85 2 0 20 0.00 M M 5.8 16 100 M M 0 M M
26 98 74 86 3 0 21 0.00 M M 5.4 13 50 M M 0 M M
27 93 74 84 1 0 19 0.00 M M 5.7 13 180 M M 4 M M
28 92 72 82 0 0 17 0.00 M M 4.6 12 90 M M 2 M M
29 90 74 82 0 0 17 0.00 M M 6.6 15 40 M M 4 1 M M
30 95 73 84 2 0 19 0.00 M M 5.4 12 50 M M 1 M M
31 99 74 87 5 0 22 0.00 M M 6.1 12 140 M M 1 M M
================================================================================
SM 2938 2275 0 599 0.05 M 236.1 M 68
================================================================================
AV 94.8 73.4 7.6 FASTST M M 2 MAX(MPH)
MISC ----> 23 10 # 31 170
================================================================================
NOTES:
# LAST OF SEVERAL OCCURRENCES
COLUMN 17 PEAK WIND IN M.P.H.
PRELIMINARY LOCAL CLIMATOLOGICAL DATA (WS FORM: F-6) , PAGE 2
STATION: WACO MCGREGOR
MONTH: AUGUST
YEAR: 2021
LATITUDE: 31 28 N
LONGITUDE: 97 19 W
[TEMPERATURE DATA] [PRECIPITATION DATA] SYMBOLS USED IN COLUMN 16
AVERAGE MONTHLY: 84.1 TOTAL FOR MONTH: 0.05 1 = FOG OR MIST
DPTR FM NORMAL: 0.4 DPTR FM NORMAL: -2.29 2 = FOG REDUCING VISIBILITY
HIGHEST: 99 ON 31,12 GRTST 24HR 0.07 ON 14-15 TO 1/4 MILE OR LESS
LOWEST: 67 ON 4 3 = THUNDER
SNOW, ICE PELLETS, HAIL 4 = ICE PELLETS
TOTAL MONTH: M 5 = HAIL
GRTST 24HR M ON M 6 = FREEZING RAIN OR DRIZZLE
GRTST DEPTH: M ON M 7 = DUSTSTORM OR SANDSTORM:
VSBY 1/2 MILE OR LESS
8 = SMOKE OR HAZE
[NO. OF DAYS WITH] [WEATHER - DAYS WITH] 9 = BLOWING SNOW
X = TORNADO
MAX 32 OR BELOW: 0 0.01 INCH OR MORE: 1
MAX 90 OR ABOVE: 29 0.10 INCH OR MORE: 0
MIN 32 OR BELOW: 0 0.50 INCH OR MORE: 0
MIN 0 OR BELOW: 0 1.00 INCH OR MORE: 0
[HDD (BASE 65) ]
TOTAL THIS MO. 0 CLEAR (SCALE 0-3) 21
DPTR FM NORMAL 0 PTCLDY (SCALE 4-7) 10
TOTAL FM JUL 1 0 CLOUDY (SCALE 8-10) 0
DPTR FM NORMAL 0
[CDD (BASE 65) ]
TOTAL THIS MO. 599
DPTR FM NORMAL 20 [PRESSURE DATA]
TOTAL FM JAN 1 1992 HIGHEST SLP 30.14 ON 14
DPTR FM NORMAL 54 LOWEST SLP 29.74 ON 30
[REMARKS]
#FINAL-08-21#