000
CXUS51 KGYX 011741
CF6PWM
PRELIMINARY LOCAL CLIMATOLOGICAL DATA (WS FORM: F-6)
STATION: PORTLAND ME
MONTH: JANUARY
YEAR: 2024
LATITUDE: 43 39 N
LONGITUDE: 70 19 W
TEMPERATURE IN F: :PCPN: SNOW: WIND :SUNSHINE: SKY :PK WND
================================================================================
1 2 3 4 5 6A 6B 7 8 9 10 11 12 13 14 15 16 17 18
12Z AVG MX 2MIN
DY MAX MIN AVG DEP HDD CDD WTR SNW DPTH SPD SPD DIR MIN PSBL S-S WX SPD DR
================================================================================
1 30 21 26 0 39 0 0.00 0.0 0 4.9 14 360 M M 10 16 350
2 35 17 26 0 39 0 0.00 0.0 0 3.4 8 180 M M 1 12 220
3 41 19 30 4 35 0 0.00 0.0 0 2.7 7 210 M M 6 9 210
4 43 19 31 6 34 0 T T 0 8.2 24 300 M M 8 34 320
5 30 15 23 -2 42 0 0.00 0.0 0 6.9 21 290 M M 2 28 300
6 30 21 26 1 39 0 T T 0 7.7 18 50 M M 9 25 50
7 23 19 21 -4 44 0 0.98 12.8 4 13.5 20 360 M M 10 12 36 350
8 33 12 23 -2 42 0 0.00 0.0 11 5.3 16 300 M M 2 22 290
9 38 7 23 -1 42 0 0.59 T 9 6.8 28 120 M M 7 1 40 130
10 52 38 45 21 20 0 2.10 0.0 2 16.6 38 120 M M 7 1 63 130
11 42 30 36 12 29 0 0.00 0.0 0 9.7 20 290 M M 4 29 250
12 44 25 35 11 30 0 0.00 0.0 0 4.2 15 110 M M 3 22 110
13 50 37 44 20 21 0 2.43 0.0 0 16.3 38 90 M M 9 12 53 100
14 39 26 33 9 32 0 T 0.1 0 13.0 28 250 M M 5 1 49 260
15 31 19 25 1 40 0 0.00 0.0 T 6.2 16 250 M M 0 24 250
16 27 22 25 1 40 0 0.36 2.8 T 7.6 18 330 M M 8 126 27 340
17 26 13 20 -4 45 0 0.00 0.0 3 9.3 18 260 M M 2 8 27 250
18 28 13 21 -2 44 0 0.00 0.0 2 8.6 20 290 M M 2 33 300
19 26 10 18 -5 47 0 0.00 0.0 2 6.3 20 330 M M 3 27 350
20 18 7 13 -10 52 0 T 0.1 2 9.3 17 330 M M 7 8 24 330
21 26 9 18 -5 47 0 0.00 0.0 2 8.5 17 330 M M 2 24 340
22 37 6 22 -1 43 0 0.00 0.0 2 5.8 15 220 M M 5 22 220
23 37 27 32 9 33 0 0.00 0.0 2 6.2 14 50 M M 7 21 220
24 30 22 26 3 39 0 0.31 1.7 2 5.8 14 50 M M 10 16 17 50
25 42 29 36 13 29 0 0.13 0.0 3 3.4 13 80 M M 9 16 17 70
26 37 32 35 12 30 0 0.57 0.8 3 7.4 13 50 M M 10 14 17 30
27 37 32 35 12 30 0 T T 2 3.5 12 20 M M 10 15 20
28 36 32 34 11 31 0 0.27 1.9 2 4.6 12 20 M M 10 1 18 20
29 33 29 31 8 34 0 0.18 2.8 7 11.6 22 360 M M 10 1 31 360
30 29 13 21 -2 44 0 T T 6 8.3 21 50 M M 4 1 29 50
31 30 17 24 0 41 0 T T 5 2.7 7 260 M M 10 1 10 290
================================================================================
SM 1060 638 1157 0 7.92 23.0 234.3 M 192
================================================================================
AV 34.2 20.6 7.6 FASTST M M 6 MAX(MPH)
MISC ----> # 38 120 63 130
================================================================================
NOTES:
# LAST OF SEVERAL OCCURRENCES
COLUMN 17 PEAK WIND IN M.P.H.
PRELIMINARY LOCAL CLIMATOLOGICAL DATA (WS FORM: F-6) , PAGE 2
STATION: PORTLAND ME
MONTH: JANUARY
YEAR: 2024
LATITUDE: 43 39 N
LONGITUDE: 70 19 W
[TEMPERATURE DATA] [PRECIPITATION DATA] SYMBOLS USED IN COLUMN 16
AVERAGE MONTHLY: 27.4 TOTAL FOR MONTH: 7.92 1 = FOG OR MIST
DPTR FM NORMAL: 3.4 DPTR FM NORMAL: 4.42 2 = FOG REDUCING VISIBILITY
HIGHEST: 52 ON 10 GRTST 24HR 2.43 ON 13-13 TO 1/4 MILE OR LESS
LOWEST: 6 ON 22 3 = THUNDER
SNOW, ICE PELLETS, HAIL 4 = ICE PELLETS
TOTAL MONTH: 23.0 INCHES 5 = HAIL
GRTST 24HR 12.8 ON 7- 7 6 = FREEZING RAIN OR DRIZZLE
GRTST DEPTH: 11 ON 8 7 = DUSTSTORM OR SANDSTORM:
VSBY 1/2 MILE OR LESS
8 = SMOKE OR HAZE
[NO. OF DAYS WITH] [WEATHER - DAYS WITH] 9 = BLOWING SNOW
X = TORNADO
MAX 32 OR BELOW: 14 0.01 INCH OR MORE: 10
MAX 90 OR ABOVE: 0 0.10 INCH OR MORE: 10
MIN 32 OR BELOW: 29 0.50 INCH OR MORE: 5
MIN 0 OR BELOW: 0 1.00 INCH OR MORE: 2
[HDD (BASE 65) ]
TOTAL THIS MO. 1157 CLEAR (SCALE 0-3) 8
DPTR FM NORMAL -114 PTCLDY (SCALE 4-7) 11
TOTAL FM JUL 1 3339 CLOUDY (SCALE 8-10) 12
DPTR FM NORMAL -387
[CDD (BASE 65) ]
TOTAL THIS MO. 0
DPTR FM NORMAL 0 [PRESSURE DATA]
TOTAL FM JAN 1 0 HIGHEST SLP 30.65 ON 24
DPTR FM NORMAL 0 LOWEST SLP 28.90 ON 10
[REMARKS]
#FINAL-01-24#