000
CXUS53 KMKX 010810
CF6RAC
PRELIMINARY LOCAL CLIMATOLOGICAL DATA (WS FORM: F-6)
STATION: RACINE WI
MONTH: JULY
YEAR: 2022
LATITUDE: 42 45 N
LONGITUDE: 87 49 W
TEMPERATURE IN F: :PCPN: SNOW: WIND :SUNSHINE: SKY :PK WND
================================================================================
1 2 3 4 5 6A 6B 7 8 9 10 11 12 13 14 15 16 17 18
12Z AVG MX 2MIN
DY MAX MIN AVG DEP HDD CDD WTR SNW DPTH SPD SPD DIR MIN PSBL S-S WX SPD DR
================================================================================
1 79 62 71 0 0 6 0.00 M M 7.7 18 30 M M 1 25 30
2 82 62 72 1 0 7 0.00 M M 6.7 15 160 M M 3 19 170
3 80 61 71 0 0 6 0.00 M M 5.8 12 140 M M 0 8 17 130
4 84 67 76 5 0 11 0.16 M M 8.1 16 180 M M 3 138 23 160
5 83 69 76 5 0 11 0.37 M M 7.2 17 240 M M 6 138 26 230
6 73 64 69 -3 0 4 0.13 M M 10.9 20 10 M M 6 13 26 30
7 82 62 72 0 0 7 0.00 M M 4.6 13 120 M M 1 17 120
8 73 67 70 -2 0 5 0.02 M M 12.0 22 10 M M 5 12 31 10
9 75 59 67 -5 0 2 0.00 M M 8.8 16 90 M M 1 22 30
10 81 56 69 -3 0 4 0.02 M M 5.6 24 160 M M 1 3 33 150
11 89 65 77 5 0 12 0.23 M M 9.3 21 10 M M 2 13 31 260
12 85 66 76 4 0 11 0.07 M M 8.3 18 300 M M 2 1 26 300
13 74 61 68 -4 0 3 0.00 M M 9.3 21 10 M M 1 27 20
14 76 57 67 -5 0 2 0.00 M M 6.5 17 30 M M 0 22 30
15 75 57 66 -6 0 1 0.79 M M 4.0 14 170 M M 8 1 20 170
16 73 64 69 -4 0 4 0.00 M M 8.4 15 30 M M 8 1 20 60
17 80 65 73 0 0 8 0.00 M M 8.8 15 30 M M 4 19 30
18 89 63 76 3 0 11 0.00 M M 6.9 13 300 M M 1 18 290
19 87 72 80 7 0 15 0.00 M M 9.7 20 210 M M 0 30 230
20 86 75 81 8 0 16 0.00 M M 12.6 22 290 M M 4 37 280
21 92 68 80 7 0 15 0.00 M M 8.5 17 240 M M 1 27 230
22 91 67 79 6 0 14 0.00 M M 8.0 17 240 M M 1 28 210
23 89 69 79 6 0 14 0.74 M M 10.0 31 320 M M 4 13 49 320
24 86 67 77 4 0 12 0.12 M M 8.6 28 260 M M 5 138 46 280
25 75 60 68 -5 0 3 0.00 M M 6.8 14 140 M M 0 19 10
26 79 63 71 -2 0 6 0.00 0.0 0 7.3 17 160 M M 0 23 160
27 85 68 77 4 0 12 T 0.0 0 8.0 17 240 M M 2 25 240
28 81 65 73 0 0 8 0.02 M M 9.1 16 260 M M 2 25 270
29 81 60 71 -2 0 6 0.00 M M 6.1 16 320 M M 1 8 24 300
30 82 62 72 -1 0 7 0.00 M M 7.7 17 160 M M 1 23 180
31 84 64 74 1 0 9 0.00 M M 7.6 18 160 M M 3 29 180
================================================================================
SM 2531 1987 0 252 2.67 0.0 248.9 M 77
================================================================================
AV 81.6 64.1 8.0 FASTST M M 2 MAX(MPH)
MISC ----> 31 320 49 320
================================================================================
NOTES:
# LAST OF SEVERAL OCCURRENCES
COLUMN 17 PEAK WIND IN M.P.H.
PRELIMINARY LOCAL CLIMATOLOGICAL DATA (WS FORM: F-6) , PAGE 2
STATION: RACINE WI
MONTH: JULY
YEAR: 2022
LATITUDE: 42 45 N
LONGITUDE: 87 49 W
[TEMPERATURE DATA] [PRECIPITATION DATA] SYMBOLS USED IN COLUMN 16
AVERAGE MONTHLY: 72.9 TOTAL FOR MONTH: 2.67 1 = FOG OR MIST
DPTR FM NORMAL: 0.7 DPTR FM NORMAL: -0.21 2 = FOG REDUCING VISIBILITY
HIGHEST: 92 ON 21 GRTST 24HR 0.82 ON 23-24 TO 1/4 MILE OR LESS
LOWEST: 56 ON 10 3 = THUNDER
SNOW, ICE PELLETS, HAIL 4 = ICE PELLETS
TOTAL MONTH: 0.0 INCH 5 = HAIL
GRTST 24HR 0.0 6 = FREEZING RAIN OR DRIZZLE
GRTST DEPTH: 0 7 = DUSTSTORM OR SANDSTORM:
VSBY 1/2 MILE OR LESS
8 = SMOKE OR HAZE
[NO. OF DAYS WITH] [WEATHER - DAYS WITH] 9 = BLOWING SNOW
X = TORNADO
MAX 32 OR BELOW: 0 0.01 INCH OR MORE: 11
MAX 90 OR ABOVE: 2 0.10 INCH OR MORE: 7
MIN 32 OR BELOW: 0 0.50 INCH OR MORE: 2
MIN 0 OR BELOW: 0 1.00 INCH OR MORE: 0
[HDD (BASE 65) ]
TOTAL THIS MO. 0 CLEAR (SCALE 0-3) 22
DPTR FM NORMAL -9 PTCLDY (SCALE 4-7) 9
TOTAL FM JUL 1 0 CLOUDY (SCALE 8-10) 0
DPTR FM NORMAL -2
[CDD (BASE 65) ]
TOTAL THIS MO. 252
DPTR FM NORMAL 18 [PRESSURE DATA]
TOTAL FM JAN 1 457 HIGHEST SLP M ON M
DPTR FM NORMAL 82 LOWEST SLP 29.54 ON 20
[REMARKS]
#FINAL-07-22#