000
CXUS56 KSGX 011045
CF6RAL
PRELIMINARY LOCAL CLIMATOLOGICAL DATA (WS FORM: F-6)
STATION: RIVERSIDE MUNI AIRPORT CA
MONTH: MARCH
YEAR: 2022
LATITUDE: 33 57 N
LONGITUDE: 117 27 W
TEMPERATURE IN F: :PCPN: SNOW: WIND :SUNSHINE: SKY :PK WND
================================================================================
1 2 3 4 5 6A 6B 7 8 9 10 11 12 13 14 15 16 17 18
12Z AVG MX 2MIN
DY MAX MIN AVG DEP HDD CDD WTR SNW DPTH SPD SPD DIR MIN PSBL S-S WX SPD DR
================================================================================
1 90 49 70 12 0 5 0.00 M M 5.9 20 270 M M 0 24 260
2 87 47 67 9 0 2 0.00 M M 3.8 16 270 M M 0 19 270
3 75 47 61 3 4 0 0.00 M M 5.7 18 280 M M 1 23 270
4 62 49 56 -2 9 0 T M M 7.1 20 260 M M 8 25 260
5 60 43 52 -6 13 0 T M M 8.9 29 230 M M 7 37 240
6 63 40 52 -6 13 0 0.00 M M 3.1 20 270 M M 1 25 270
7 69 39 54 -4 11 0 0.00 M M 6.9 24 30 M M 0 33 30
8 73 41 57 -2 8 0 0.00 M M 6.5 20 270 M M 0 30 340
9 70 40 55 -4 10 0 0.00 M M 4.1 16 270 M M 0 20 270
10 72 47 60 1 5 0 0.00 M M 5.7 22 30 M M 3 33 30
11 75 51 63 4 2 0 T M M 8.8 21 360 M M 0 31 10
12 79 42 61 2 4 0 0.00 M M 5.1 20 240 M M 0 23 240
13 72 43 58 -1 7 0 0.00 M M 4.7 17 270 M M 0 21 270
14 83 46 65 6 0 0 0.00 M M 3.0 14 270 M M 0 17 270
15 83 49 66 6 0 1 0.00 M M 4.7 18 260 M M 0 25 270
16 77 49 63 3 2 0 0.00 M M 4.6 17 260 M M 0 22 260
17 83 53 68 8 0 3 0.00 M M 6.9 21 270 M M 0 24 270
18 81 49 65 5 0 0 0.00 M M 4.1 15 270 M M 0 19 260
19 73 53 63 3 2 0 0.04 M M 5.8 23 270 M M 4 1 29 270
20 72 52 62 2 3 0 0.02 M M 6.1 20 270 M M 3 1 25 250
21 83 47 65 5 0 0 0.00 M M 6.3 20 360 M M 0 32 350
22 89 53 71 11 0 6 0.00 M M 9.8 23 20 M M 0 37 30
23 90 53 72 12 0 7 0.00 M M 4.9 21 270 M M 0 8 25 260
24 90 54 72 12 0 7 0.00 M M 5.5 18 270 M M 0 23 270
25 91 56 74 14 0 9 0.00 M M 4.6 20 270 M M 0 24 270
26 85 51 68 7 0 3 0.00 M M 5.7 22 270 M M 0 27 270
27 77 51 64 3 1 0 0.00 M M 6.0 20 270 M M 4 18 25 270
28 64 51 58 -3 7 0 0.43 M M 6.6 22 190 M M 9 1 29 180
29 66 50 58 -3 7 0 0.06 M M 5.3 18 270 M M 6 1 21 250
30 73 47 60 -1 5 0 0.00 M M 4.6 17 270 M M 1 23 270
31 66 55 61 0 4 0 0.00 M M 6.1 16 270 M M 10 1 22 270
================================================================================
SM 2373 1497 117 43 0.55 M 176.9 M 57
================================================================================
AV 76.5 48.3 5.7 FASTST M M 2 MAX(MPH)
MISC ----> 29 230 # 37 240
================================================================================
NOTES:
# LAST OF SEVERAL OCCURRENCES
COLUMN 17 PEAK WIND IN M.P.H.
PRELIMINARY LOCAL CLIMATOLOGICAL DATA (WS FORM: F-6) , PAGE 2
STATION: RIVERSIDE MUNI AIRPORT CA
MONTH: MARCH
YEAR: 2022
LATITUDE: 33 57 N
LONGITUDE: 117 27 W
[TEMPERATURE DATA] [PRECIPITATION DATA] SYMBOLS USED IN COLUMN 16
AVERAGE MONTHLY: 62.4 TOTAL FOR MONTH: 0.55 1 = FOG OR MIST
DPTR FM NORMAL: 2.9 DPTR FM NORMAL: -0.66 2 = FOG REDUCING VISIBILITY
HIGHEST: 91 ON 25 GRTST 24HR 0.49 ON 28-29 TO 1/4 MILE OR LESS
LOWEST: 39 ON 7 3 = THUNDER
SNOW, ICE PELLETS, HAIL 4 = ICE PELLETS
TOTAL MONTH: M 5 = HAIL
GRTST 24HR M ON M 6 = FREEZING RAIN OR DRIZZLE
GRTST DEPTH: M ON M 7 = DUSTSTORM OR SANDSTORM:
VSBY 1/2 MILE OR LESS
8 = SMOKE OR HAZE
[NO. OF DAYS WITH] [WEATHER - DAYS WITH] 9 = BLOWING SNOW
X = TORNADO
MAX 32 OR BELOW: 0 0.01 INCH OR MORE: 4
MAX 90 OR ABOVE: 4 0.10 INCH OR MORE: 1
MIN 32 OR BELOW: 0 0.50 INCH OR MORE: 0
MIN 0 OR BELOW: 0 1.00 INCH OR MORE: 0
[HDD (BASE 65) ]
TOTAL THIS MO. 117 CLEAR (SCALE 0-3) 23
DPTR FM NORMAL -72 PTCLDY (SCALE 4-7) 5
TOTAL FM JUL 1 983 CLOUDY (SCALE 8-10) 3
DPTR FM NORMAL -260
[CDD (BASE 65) ]
TOTAL THIS MO. 43
DPTR FM NORMAL 25 [PRESSURE DATA]
TOTAL FM JAN 1 73 HIGHEST SLP 30.29 ON 11
DPTR FM NORMAL 42 LOWEST SLP 29.72 ON 28
[REMARKS]
#FINAL-03-22#