000
CXUS56 KPDT 011910
CF6RDM
PRELIMINARY LOCAL CLIMATOLOGICAL DATA (WS FORM: F-6)
STATION: REDMOND OR
MONTH: DECEMBER
YEAR: 2021
LATITUDE: 44 16 N
LONGITUDE: 121 9 W
TEMPERATURE IN F: :PCPN: SNOW: WIND :SUNSHINE: SKY :PK WND
================================================================================
1 2 3 4 5 6A 6B 7 8 9 10 11 12 13 14 15 16 17 18
12Z AVG MX 2MIN
DY MAX MIN AVG DEP HDD CDD WTR SNW DPTH SPD SPD DIR MIN PSBL S-S WX SPD DR
================================================================================
1 72 35 54 19 11 0 0.00 M M 4.4 9 160 M M 0 11 110
2 60 31 46 12 19 0 0.00 M M 3.7 15 330 M M 0 18 350
3 58 26 42 8 23 0 0.00 M M 4.0 9 310 M M 0 1 12 330
4 64 26 45 11 20 0 0.00 M M 10.4 25 270 M M 1 1 33 260
5 48 27 38 4 27 0 0.00 M M 5.9 29 290 M M 1 35 290
6 48 32 40 6 25 0 0.18 M M 3.6 9 40 M M 9 16 11 40
7 56 32 44 11 21 0 0.00 M M 4.3 10 170 M M 0 14 160
8 49 32 41 8 24 0 0.00 M M 10.1 23 310 M M 4 29 300
9 42 24 33 0 32 0 T M M 7.3 24 270 M M 5 33 270
10 44 20 32 -1 33 0 0.00 M M 6.8 20 180 M M 5 25 200
11 46 38 42 9 23 0 M M M 19.5 32 210 M M 6 47 210
12 42 30 36 3 29 0 0.01 M M 9.6 23 210 M M 6 1 32 230
13 49 29 39 7 26 0 0.12 M M 8.4 30 240 M M 4 1 38 240
14 39 18 29 -3 36 0 0.00 M M 3.3 10 160 M M 1 14 170
15 40 24 32 0 33 0 0.01 M M 8.0 20 160 M M 7 8 25 160
16 45 24 35 3 30 0 0.00 M M 3.1 18 300 M M 2 23 280
17 41 20 31 -1 34 0 0.00 M M 5.4 12 170 M M 1 15 170
18 52 31 42 10 23 0 0.00 M M 11.9 28 200 M M 2 36 200
19 49 33 41 9 24 0 0.05 M M 7.7 25 180 M M 9 1 32 180
20 45 31 38 6 27 0 0.04 M M 2.7 15 200 M M 8 12 20 200
21 43 29 36 4 29 0 T M M 4.5 18 190 M M 7 12 25 190
22 51 33 42 10 23 0 T M M 11.4 24 200 M M 3 34 200
23 43 27 35 3 30 0 0.02 M M 7.3 23 280 M M 5 30 270
24 41 24 33 1 32 0 0.01 M M 9.9 24 190 M M 4 18 34 190
25 40 22 31 -1 34 0 T M M 9.4 22 180 M M 5 1 27 180
26 31 17 24 -8 41 0 0.02 M M 7.6 22 280 M M 8 18 27 290
27 28 20 24 -8 41 0 0.12 M M 5.2 20 320 M M 9 1 24 320
28 31 19 25 -8 40 0 0.10 M M 4.6 10 80 M M 10 8 13 70
29 28 1 15 -18 50 0 0.01 M M 7.3 17 330 M M 8 168 21 310
30 39 10 25 -8 40 0 T M M 9.5 20 270 M M 6 30 280
31 32 7 20 -13 45 0 0.00 M M 8.9 18 340 M M 8 18 280
================================================================================
SM 1396 772 925 0 0.69 M 225.7 M 144
================================================================================
AV 45.0 24.9 7.3 FASTST M M 5 MAX(MPH)
MISC ----> 32 210 47 210
================================================================================
NOTES:
# LAST OF SEVERAL OCCURRENCES
COLUMN 17 PEAK WIND IN M.P.H.
PRELIMINARY LOCAL CLIMATOLOGICAL DATA (WS FORM: F-6) , PAGE 2
STATION: REDMOND OR
MONTH: DECEMBER
YEAR: 2021
LATITUDE: 44 16 N
LONGITUDE: 121 9 W
[TEMPERATURE DATA] [PRECIPITATION DATA] SYMBOLS USED IN COLUMN 16
AVERAGE MONTHLY: 35.0 TOTAL FOR MONTH: 0.69 1 = FOG OR MIST
DPTR FM NORMAL: 2.2 DPTR FM NORMAL: -0.28 2 = FOG REDUCING VISIBILITY
HIGHEST: 72 ON 1 GRTST 24HR 0.18 ON 6- 6 TO 1/4 MILE OR LESS
LOWEST: 1 ON 29 3 = THUNDER
SNOW, ICE PELLETS, HAIL 4 = ICE PELLETS
TOTAL MONTH: M 5 = HAIL
GRTST 24HR M ON M 6 = FREEZING RAIN OR DRIZZLE
GRTST DEPTH: M ON M 7 = DUSTSTORM OR SANDSTORM:
VSBY 1/2 MILE OR LESS
8 = SMOKE OR HAZE
[NO. OF DAYS WITH] [WEATHER - DAYS WITH] 9 = BLOWING SNOW
X = TORNADO
MAX 32 OR BELOW: 5 0.01 INCH OR MORE: 12
MAX 90 OR ABOVE: 0 0.10 INCH OR MORE: 4
MIN 32 OR BELOW: 27 0.50 INCH OR MORE: 0
MIN 0 OR BELOW: 0 1.00 INCH OR MORE: 0
[HDD (BASE 65) ]
TOTAL THIS MO. 925 CLEAR (SCALE 0-3) 11
DPTR FM NORMAL -73 PTCLDY (SCALE 4-7) 14
TOTAL FM JUL 1 2250 CLOUDY (SCALE 8-10) 6
DPTR FM NORMAL -321
[CDD (BASE 65) ]
TOTAL THIS MO. 0
DPTR FM NORMAL 0 [PRESSURE DATA]
TOTAL FM JAN 1 615 HIGHEST SLP M ON M
DPTR FM NORMAL 298 LOWEST SLP 29.29 ON 13
[REMARKS]
#FINAL-12-21#