000
CXUS52 KRAH 010845
CF6RDU
PRELIMINARY LOCAL CLIMATOLOGICAL DATA (WS FORM: F-6)
STATION: RALEIGH NC
MONTH: JUNE
YEAR: 2022
LATITUDE: 35 52 N
LONGITUDE: 78 47 W
TEMPERATURE IN F: :PCPN: SNOW: WIND :SUNSHINE: SKY :PK WND
================================================================================
1 2 3 4 5 6A 6B 7 8 9 10 11 12 13 14 15 16 17 18
12Z AVG MX 2MIN
DY MAX MIN AVG DEP HDD CDD WTR SNW DPTH SPD SPD DIR MIN PSBL S-S WX SPD DR
================================================================================
1 94 69 82 9 0 17 0.00 0.0 0 2.6 10 50 M M 4 1 13 50
2 94 72 83 10 0 18 0.00 0.0 0 5.4 16 230 M M 5 3 20 300
3 84 66 75 1 0 10 0.00 0.0 0 5.2 16 30 M M 8 22 40
4 84 63 74 0 0 9 0.00 0.0 0 5.7 15 40 M M 5 20 30
5 84 57 71 -3 0 6 0.00 0.0 0 5.9 18 50 M M 4 26 40
6 85 59 72 -2 0 7 0.00 0.0 0 3.7 10 140 M M 3 19 150
7 89 66 78 3 0 13 0.00 0.0 0 5.8 14 180 M M 8 19 250
8 92 72 82 7 0 17 0.13 0.0 0 8.2 23 200 M M 8 13 28 200
9 90 67 79 4 0 14 0.00 0.0 0 7.6 16 290 M M 7 22 290
10 84 64 74 -2 0 9 0.00 0.0 0 2.9 10 50 M M 6 15 40
11 88 62 75 -1 0 10 T 0.0 0 5.0 16 170 M M 7 22 180
12 90 70 80 4 0 15 0.00 0.0 0 6.1 20 230 M M 6 24 220
13 99 72 86 10 0 21 0.00 0.0 0 6.5 15 230 M M 5 19 220
14 95 79 87 11 0 22 0.00 0.0 0 6.7 15 10 M M 8 26 290
15 93 73 83 6 0 18 0.00 0.0 0 4.4 10 90 M M 6 18 110
16 92 71 82 5 0 17 0.75 0.0 0 9.0 24 220 M M 6 13 29 220
17 98 71 85 8 0 20 0.14 0.0 0 5.6 23 290 M M 7 13 39 290
18 88 64 76 -2 0 11 0.00 0.0 0 5.3 15 20 M M 2 26 360
19 81 55 68 -10 0 3 0.00 0.0 0 4.6 16 30 M M 5 22 30
20 82 55 69 -9 0 4 0.00 0.0 0 2.1 13 60 M M 7 17 50
21 90 61 76 -2 0 11 0.00 0.0 0 2.1 12 230 M M 8 16 210
22 100 63 82 4 0 17 0.18 0.0 0 5.4 21 40 M M 8 13 34 40
23 89 70 80 2 0 15 0.02 0.0 0 6.5 20 40 M M 6 26 40
24 91 69 80 1 0 15 0.00 0.0 0 5.6 13 90 M M 5 19 120
25 92 67 80 1 0 15 0.00 0.0 0 4.9 14 180 M M 5 18 200
26 96 69 83 4 0 18 0.00 0.0 0 5.5 15 180 M M 6 19 190
27 93 72 83 4 0 18 0.08 0.0 0 8.0 18 290 M M 8 13 27 290
28 86 71 79 0 0 14 0.00 0.0 0 6.9 17 40 M M 8 1 24 80
29 86 68 77 -3 0 12 0.31 0.0 0 5.1 12 150 M M 9 1 24 150
30 92 69 81 1 0 16 0.00 0.0 0 4.7 13 150 M M 8 12 16 200
================================================================================
SM 2701 2006 0 412 1.61 0.0 163.0 M 188
================================================================================
AV 90.0 66.9 5.4 FASTST M M 6 MAX(MPH)
MISC ----> 24 220 39 290
================================================================================
NOTES:
# LAST OF SEVERAL OCCURRENCES
COLUMN 17 PEAK WIND IN M.P.H.
PRELIMINARY LOCAL CLIMATOLOGICAL DATA (WS FORM: F-6) , PAGE 2
STATION: RALEIGH NC
MONTH: JUNE
YEAR: 2022
LATITUDE: 35 52 N
LONGITUDE: 78 47 W
[TEMPERATURE DATA] [PRECIPITATION DATA] SYMBOLS USED IN COLUMN 16
AVERAGE MONTHLY: 78.5 TOTAL FOR MONTH: 1.61 1 = FOG OR MIST
DPTR FM NORMAL: 1.8 DPTR FM NORMAL: -2.28 2 = FOG REDUCING VISIBILITY
HIGHEST: 100 ON 22 GRTST 24HR 0.75 ON 16-16 TO 1/4 MILE OR LESS
LOWEST: 55 ON 20,19 3 = THUNDER
SNOW, ICE PELLETS, HAIL 4 = ICE PELLETS
TOTAL MONTH: 0.0 INCH 5 = HAIL
GRTST 24HR 0.0 6 = FREEZING RAIN OR DRIZZLE
GRTST DEPTH: 0 7 = DUSTSTORM OR SANDSTORM:
VSBY 1/2 MILE OR LESS
8 = SMOKE OR HAZE
[NO. OF DAYS WITH] [WEATHER - DAYS WITH] 9 = BLOWING SNOW
X = TORNADO
MAX 32 OR BELOW: 0 0.01 INCH OR MORE: 7
MAX 90 OR ABOVE: 17 0.10 INCH OR MORE: 5
MIN 32 OR BELOW: 0 0.50 INCH OR MORE: 1
MIN 0 OR BELOW: 0 1.00 INCH OR MORE: 0
[HDD (BASE 65) ]
TOTAL THIS MO. 0 CLEAR (SCALE 0-3) 2
DPTR FM NORMAL -3 PTCLDY (SCALE 4-7) 24
TOTAL FM JUL 1 2650 CLOUDY (SCALE 8-10) 4
DPTR FM NORMAL -501
[CDD (BASE 65) ]
TOTAL THIS MO. 412
DPTR FM NORMAL 58 [PRESSURE DATA]
TOTAL FM JAN 1 749 HIGHEST SLP 30.28 ON 29
DPTR FM NORMAL 161 LOWEST SLP 29.70 ON 2
[REMARKS]
#FINAL-06-22#