000
CXUS52 KRAH 010845
CF6RDU
PRELIMINARY LOCAL CLIMATOLOGICAL DATA (WS FORM: F-6)
STATION: RALEIGH NC
MONTH: JULY
YEAR: 2023
LATITUDE: 35 52 N
LONGITUDE: 78 47 W
TEMPERATURE IN F: :PCPN: SNOW: WIND :SUNSHINE: SKY :PK WND
================================================================================
1 2 3 4 5 6A 6B 7 8 9 10 11 12 13 14 15 16 17 18
12Z AVG MX 2MIN
DY MAX MIN AVG DEP HDD CDD WTR SNW DPTH SPD SPD DIR MIN PSBL S-S WX SPD DR
================================================================================
1 92 71 82 2 0 17 0.04 0.0 0 6.4 23 230 M M 7 138 28 220
2 96 70 83 3 0 18 0.00 0.0 0 7.3 17 230 M M 7 1 25 240
3 96 79 88 8 0 23 0.00 0.0 0 10.0 21 240 M M 7 26 230
4 95 77 86 6 0 21 0.00 0.0 0 5.4 14 250 M M 7 13 19 240
5 92 74 83 3 0 18 0.05 0.0 0 3.8 24 150 M M 9 13 31 140
6 92 73 83 3 0 18 T 0.0 0 3.0 14 200 M M 7 13 18 200
7 96 73 85 5 0 20 0.39 0.0 0 4.4 21 100 M M 5 13 28 100
8 90 72 81 1 0 16 0.07 0.0 0 2.4 13 240 M M 8 13 19 240
9 89 71 80 -1 0 15 0.88 0.0 0 3.8 25 290 M M 7 123 32 290
10 88 71 80 -1 0 15 T 0.0 0 1.3 8 20 M M 8 12 330
11 92 67 80 -1 0 15 0.00 0.0 0 2.7 12 240 M M 3 1 16 280
12 94 66 80 -1 0 15 0.00 0.0 0 3.3 12 220 M M 3 1 16 220
13 95 74 85 4 0 20 0.00 0.0 0 8.8 17 230 M M 6 22 220
14 88 73 81 0 0 16 1.39 0.0 0 8.2 18 170 M M 8 138 22 160
15 92 73 83 2 0 18 T 0.0 0 7.4 21 160 M M 7 27 180
16 92 73 83 2 0 18 0.00 0.0 0 7.1 16 240 M M 7 23 320
17 90 69 80 -1 0 15 0.00 0.0 0 2.0 9 280 M M 4 8 14 290
18 94 69 82 1 0 17 0.00 0.0 0 3.7 12 230 M M 2 8 15 230
19 89 75 82 1 0 17 0.62 0.0 0 6.7 14 270 M M 7 138 22 280
20 92 73 83 2 0 18 0.00 0.0 0 3.5 14 230 M M 5 16 230
21 93 74 84 3 0 19 0.00 0.0 0 5.0 16 290 M M 5 23 270
22 84 70 77 -4 0 12 0.00 0.0 0 4.6 13 80 M M 7 16 50
23 91 67 79 -2 0 14 0.01 0.0 0 3.9 20 190 M M 6 1 26 170
24 91 70 81 0 0 16 0.84 0.0 0 4.5 17 130 M M 6 13 22 140
25 94 71 83 2 0 18 0.00 0.0 0 3.4 13 210 M M 5 18 230
26 97 72 85 5 0 20 0.00 0.0 0 3.4 13 210 M M 4 17 220
27 97 76 87 7 0 22 0.00 0.0 0 9.6 16 240 M M 3 21 210
28 97 77 87 7 0 22 0.00 0.0 0 10.3 17 220 M M 4 22 220
29 95 78 87 7 0 22 T 0.0 0 10.4 21 210 M M 7 26 210
30 90 74 82 2 0 17 0.00 0.0 0 5.8 17 50 M M 6 22 40
31 91 68 80 0 0 15 1.25 0.0 0 3.7 30 230 M M 5 123 37 240
================================================================================
SM 2864 2240 0 547 5.54 0.0 165.8 M 182
================================================================================
AV 92.4 72.3 5.3 FASTST M M 6 MAX(MPH)
MISC ----> 30 230 37 240
================================================================================
NOTES:
# LAST OF SEVERAL OCCURRENCES
COLUMN 17 PEAK WIND IN M.P.H.
PRELIMINARY LOCAL CLIMATOLOGICAL DATA (WS FORM: F-6) , PAGE 2
STATION: RALEIGH NC
MONTH: JULY
YEAR: 2023
LATITUDE: 35 52 N
LONGITUDE: 78 47 W
[TEMPERATURE DATA] [PRECIPITATION DATA] SYMBOLS USED IN COLUMN 16
AVERAGE MONTHLY: 82.3 TOTAL FOR MONTH: 5.54 1 = FOG OR MIST
DPTR FM NORMAL: 1.8 DPTR FM NORMAL: 0.52 2 = FOG REDUCING VISIBILITY
HIGHEST: 97 ON 28,27 GRTST 24HR 1.39 ON 14-14 TO 1/4 MILE OR LESS
LOWEST: 66 ON 12 3 = THUNDER
SNOW, ICE PELLETS, HAIL 4 = ICE PELLETS
TOTAL MONTH: 0.0 INCH 5 = HAIL
GRTST 24HR 0.0 6 = FREEZING RAIN OR DRIZZLE
GRTST DEPTH: 0 7 = DUSTSTORM OR SANDSTORM:
VSBY 1/2 MILE OR LESS
8 = SMOKE OR HAZE
[NO. OF DAYS WITH] [WEATHER - DAYS WITH] 9 = BLOWING SNOW
X = TORNADO
MAX 32 OR BELOW: 0 0.01 INCH OR MORE: 10
MAX 90 OR ABOVE: 26 0.10 INCH OR MORE: 6
MIN 32 OR BELOW: 0 0.50 INCH OR MORE: 5
MIN 0 OR BELOW: 0 1.00 INCH OR MORE: 2
[HDD (BASE 65) ]
TOTAL THIS MO. 0 CLEAR (SCALE 0-3) 3
DPTR FM NORMAL 0 PTCLDY (SCALE 4-7) 27
TOTAL FM JUL 1 0 CLOUDY (SCALE 8-10) 1
DPTR FM NORMAL 0
[CDD (BASE 65) ]
TOTAL THIS MO. 547
DPTR FM NORMAL 67 [PRESSURE DATA]
TOTAL FM JAN 1 1066 HIGHEST SLP 30.14 ON 28
DPTR FM NORMAL -2 LOWEST SLP 29.74 ON 9
[REMARKS]
#FINAL-07-23#