000
CXUS56 KBOI 011002
CF6REO
PRELIMINARY LOCAL CLIMATOLOGICAL DATA (WS FORM: F-6)
STATION: ROME OR
MONTH: MARCH
YEAR: 2022
LATITUDE: 42 35 N
LONGITUDE: 117 52 W
TEMPERATURE IN F: :PCPN: SNOW: WIND :SUNSHINE: SKY :PK WND
================================================================================
1 2 3 4 5 6A 6B 7 8 9 10 11 12 13 14 15 16 17 18
12Z AVG MX 2MIN
DY MAX MIN AVG DEP HDD CDD WTR SNW DPTH SPD SPD DIR MIN PSBL S-S WX SPD DR
================================================================================
1 65 42 54 15 11 0 0.00 M M 5.5 15 240 M M 0 21 220
2 70 37 54 15 11 0 0.00 M M 6.9 17 200 M M 0 23 200
3 59 37 48 9 17 0 0.00 M M 10.0 20 30 M M 0 28 20
4 42 29 36 -4 29 0 0.00 M M 6.0 16 20 M M 0 21 20
5 47 21 34 -6 31 0 0.00 M M 10.1 22 20 M M 0 35 10
6 45 22 34 -6 31 0 0.00 M M 9.9 21 350 M M 0 36 340
7 54 17 36 -4 29 0 0.00 M M 8.1 15 160 M M 0 20 270
8 46 32 39 -2 26 0 0.00 M M 11.8 24 300 M M 0 33 280
9 39 23 31 -10 34 0 0.11 M M 9.8 22 20 M M 0 32 360
10 43 11 27 -14 38 0 0.00 M M 8.2 17 160 M M 0 26 230
11 59 28 44 3 21 0 0.00 M M 13.6 22 160 M M 0 30 170
12 66 35 51 9 14 0 0.00 M M 16.3 29 230 M M 0 49 230
13 52 30 41 -1 24 0 0.00 M M 12.5 29 220 M M 0 41 220
14 63 25 44 2 21 0 0.00 M M 7.9 22 170 M M 0 30 160
15 60 40 50 8 15 0 0.02 M M 13.0 31 270 M M 0 43 270
16 54 31 43 1 22 0 0.00 M M 7.6 15 330 M M 0 21 320
17 60 20 40 -2 25 0 0.00 M M 6.6 24 240 M M 0 33 240
18 64 29 47 4 18 0 0.00 M M 10.1 21 170 M M 0 29 260
19 58 38 48 5 17 0 0.07 M M 11.7 29 240 M M 0 39 240
20 46 23 35 -8 30 0 0.00 M M 9.0 20 330 M M 0 28 340
21 54 28 41 -2 24 0 0.00 M M 4.6 10 310 M M 0 15 310
22 64 36 50 7 15 0 0.00 M M 4.0 13 70 M M 0 20 40
23 76 32 54 11 11 0 0.00 M M 6.6 18 270 M M 0 24 250
24 75 32 54 11 11 0 0.00 M M 6.0 17 250 M M 0 22 250
25 79 33 56 13 9 0 0.00 M M 8.0 21 270 M M 0 29 250
26 75 41 58 14 7 0 0.00 M M 6.3 15 240 M M 0 20 230
27 71 39 55 11 10 0 0.00 M M 5.3 12 230 M M 0 15 230
28 60 41 51 7 14 0 0.12 M M 8.8 26 250 M M 0 33 250
29 63 36 50 6 15 0 0.00 M M 6.8 20 340 M M 0 30 330
30 56 32 44 0 21 0 0.00 M M 7.5 20 330 M M 0 27 330
31 55 24 40 -4 25 0 0.00 M M 4.2 12 10 M M 0 17 350
================================================================================
SM 1820 944 626 0 0.32 M 262.7 M 0
================================================================================
AV 58.7 30.5 8.5 FASTST M M 0 MAX(MPH)
MISC ----> 31 270 49 230
================================================================================
NOTES:
# LAST OF SEVERAL OCCURRENCES
COLUMN 17 PEAK WIND IN M.P.H.
PRELIMINARY LOCAL CLIMATOLOGICAL DATA (WS FORM: F-6) , PAGE 2
STATION: ROME OR
MONTH: MARCH
YEAR: 2022
LATITUDE: 42 35 N
LONGITUDE: 117 52 W
[TEMPERATURE DATA] [PRECIPITATION DATA] SYMBOLS USED IN COLUMN 16
AVERAGE MONTHLY: 44.6 TOTAL FOR MONTH: 0.32 1 = FOG OR MIST
DPTR FM NORMAL: 2.7 DPTR FM NORMAL: -0.39 2 = FOG REDUCING VISIBILITY
HIGHEST: 79 ON 25 GRTST 24HR 0.12 ON 28-28 TO 1/4 MILE OR LESS
LOWEST: 11 ON 10 3 = THUNDER
SNOW, ICE PELLETS, HAIL 4 = ICE PELLETS
TOTAL MONTH: M 5 = HAIL
GRTST 24HR M ON M 6 = FREEZING RAIN OR DRIZZLE
GRTST DEPTH: M ON M 7 = DUSTSTORM OR SANDSTORM:
VSBY 1/2 MILE OR LESS
8 = SMOKE OR HAZE
[NO. OF DAYS WITH] [WEATHER - DAYS WITH] 9 = BLOWING SNOW
X = TORNADO
MAX 32 OR BELOW: 0 0.01 INCH OR MORE: 4
MAX 90 OR ABOVE: 0 0.10 INCH OR MORE: 2
MIN 32 OR BELOW: 19 0.50 INCH OR MORE: 0
MIN 0 OR BELOW: 0 1.00 INCH OR MORE: 0
[HDD (BASE 65) ]
TOTAL THIS MO. 626 CLEAR (SCALE 0-3) 31
DPTR FM NORMAL -89 PTCLDY (SCALE 4-7) 0
TOTAL FM JUL 1 4724 CLOUDY (SCALE 8-10) 0
DPTR FM NORMAL -467
[CDD (BASE 65) ]
TOTAL THIS MO. 0
DPTR FM NORMAL 0 [PRESSURE DATA]
TOTAL FM JAN 1 0 HIGHEST SLP M ON M
DPTR FM NORMAL 0 LOWEST SLP 29.56 ON 28
[REMARKS]
#FINAL-03-22#