000
CXUS56 KBOI 011002
CF6REO
PRELIMINARY LOCAL CLIMATOLOGICAL DATA (WS FORM: F-6)
STATION: ROME OR
MONTH: DECEMBER
YEAR: 2021
LATITUDE: 42 35 N
LONGITUDE: 117 52 W
TEMPERATURE IN F: :PCPN: SNOW: WIND :SUNSHINE: SKY :PK WND
================================================================================
1 2 3 4 5 6A 6B 7 8 9 10 11 12 13 14 15 16 17 18
12Z AVG MX 2MIN
DY MAX MIN AVG DEP HDD CDD WTR SNW DPTH SPD SPD DIR MIN PSBL S-S WX SPD DR
================================================================================
1 66 30 48 16 17 0 0.00 M M 5.5 14 170 M M 0 18 170
2 64 30 47 15 18 0 0.00 M M 6.8 14 170 M M 0 20 160
3 60 23 42 11 23 0 0.00 M M 4.9 12 150 M M 0 16 150
4 65 28 47 16 18 0 0.00 M M 10.8 30 210 M M 0 39 210
5 56 28 42 11 23 0 0.00 M M 8.5 30 240 M M 0 43 240
6 43 28 36 6 29 0 0.00 M M 2.4 7 190 M M 0 M M
7 54 27 41 11 24 0 0.00 M M 5.6 13 150 M M 0 15 150
8 51 26 39 9 26 0 0.00 M M 8.2 24 240 M M 0 32 250
9 38 24 31 1 34 0 0.00 M M 7.5 18 250 M M 0 25 250
10 40 18 29 -1 36 0 0.00 M M 11.3 20 170 M M 0 26 170
11 45 29 37 7 28 0 0.00 M M 16.4 28 170 M M 0 39 230
12 49 40 45 16 20 0 0.00 M M 18.1 31 220 M M 0 46 240
13 53 36 45 16 20 0 0.01 M M 19.4 41 170 M M 0 59 170
14 36 5 21 -8 44 0 0.58 M M 4.9 10 290 M M 0 M M
15 32 4 18 -11 47 0 0.12 M M 12.7 23 170 M M 0 31 180
16 36 25 31 2 34 0 0.00 M M 7.4 22 180 M M 0 29 180
17 34 13 24 -5 41 0 0.00 M M 8.5 17 160 M M 0 22 160
18 33 11 22 -7 43 0 0.00 M M 6.7 23 170 M M 0 32 160
19 38 25 32 3 33 0 0.00 M M 12.6 28 160 M M 0 35 150
20 46 26 36 7 29 0 0.00 M M 12.4 24 160 M M 0 32 180
21 41 13 27 -2 38 0 0.00 M M 8.1 20 160 M M 0 26 160
22 46 32 39 10 26 0 0.02 M M 14.2 29 170 M M 0 39 170
23 44 37 41 12 24 0 0.01 M M 14.4 29 230 M M 0 41 210
24 41 19 30 1 35 0 0.31 M M 13.5 39 270 M M 0 53 250
25 34 27 31 2 34 0 0.22 M M 10.5 26 220 M M 0 38 230
26 33 22 28 -1 37 0 0.19 M M 20.5 36 230 M M 0 48 230
27 29 8 19 -10 46 0 0.24 M M 7.2 15 110 M M 0 20 120
28 26 8 17 -12 48 0 0.02 M M 8.7 20 160 M M 0 25 160
29 34 10 22 -7 43 0 0.00 M M 9.6 20 240 M M 0 24 240
30 36 4 20 -9 45 0 0.01 M M 13.4 28 230 M M 0 37 220
31 30 12 21 -8 44 0 0.01 M M 9.0 23 290 M M 0 32 250
================================================================================
SM 1333 668 1007 0 1.74 M 319.7 M 0
================================================================================
AV 43.0 21.5 10.3 FASTST M M 0 MAX(MPH)
MISC ----> 41 170 59 170
================================================================================
NOTES:
# LAST OF SEVERAL OCCURRENCES
COLUMN 17 PEAK WIND IN M.P.H.
PRELIMINARY LOCAL CLIMATOLOGICAL DATA (WS FORM: F-6) , PAGE 2
STATION: ROME OR
MONTH: DECEMBER
YEAR: 2021
LATITUDE: 42 35 N
LONGITUDE: 117 52 W
[TEMPERATURE DATA] [PRECIPITATION DATA] SYMBOLS USED IN COLUMN 16
AVERAGE MONTHLY: 32.3 TOTAL FOR MONTH: 1.74 1 = FOG OR MIST
DPTR FM NORMAL: 2.7 DPTR FM NORMAL: 0.89 2 = FOG REDUCING VISIBILITY
HIGHEST: 66 ON 1 GRTST 24HR 0.58 ON 14-14 TO 1/4 MILE OR LESS
LOWEST: 4 ON 30,15 3 = THUNDER
SNOW, ICE PELLETS, HAIL 4 = ICE PELLETS
TOTAL MONTH: M 5 = HAIL
GRTST 24HR M ON M 6 = FREEZING RAIN OR DRIZZLE
GRTST DEPTH: M ON M 7 = DUSTSTORM OR SANDSTORM:
VSBY 1/2 MILE OR LESS
8 = SMOKE OR HAZE
[NO. OF DAYS WITH] [WEATHER - DAYS WITH] 9 = BLOWING SNOW
X = TORNADO
MAX 32 OR BELOW: 4 0.01 INCH OR MORE: 12
MAX 90 OR ABOVE: 0 0.10 INCH OR MORE: 6
MIN 32 OR BELOW: 28 0.50 INCH OR MORE: 1
MIN 0 OR BELOW: 0 1.00 INCH OR MORE: 0
[HDD (BASE 65) ]
TOTAL THIS MO. 1007 CLEAR (SCALE 0-3) 31
DPTR FM NORMAL -90 PTCLDY (SCALE 4-7) 0
TOTAL FM JUL 1 2186 CLOUDY (SCALE 8-10) 0
DPTR FM NORMAL -397
[CDD (BASE 65) ]
TOTAL THIS MO. 0
DPTR FM NORMAL 0 [PRESSURE DATA]
TOTAL FM JAN 1 1016 HIGHEST SLP M ON M
DPTR FM NORMAL 357 LOWEST SLP 29.36 ON 13
[REMARKS]
#FINAL-12-21#