000
CXUS53 KGRB 020334
CLMRHI
CLIMATE REPORT
NATIONAL WEATHER SERVICE GREEN BAY
1034 PM CDT MON MAY 01 2023
...................................
...THE RHINELANDER WI CLIMATE SUMMARY FOR THE MONTH OF APRIL 2023...
CLIMATE NORMAL PERIOD: 1991 TO 2020
CLIMATE RECORD PERIOD: 1908 TO 2023
WEATHER OBSERVED NORMAL DEPART LAST YEAR`S
VALUE DATE(S) VALUE FROM VALUE DATE(S)
NORMAL
................................................................
TEMPERATURE (F)
RECORD
HIGH 92 04/28/1952
LOW -4 04/08/2018
04/06/2003
04/06/1982
HIGHEST 81 04/13 75 6 65 04/23
LOWEST 7 04/07 12 -5 14 04/17
AVG. MAXIMUM 48.9 52.4 -3.5 44.3
AVG. MINIMUM 29.6 28.9 0.7 27.1
MEAN 39.3 40.6 -1.3 35.7
DAYS MAX >= 90 0 0.0 0.0 0
DAYS MAX <= 32 2 1.8 0.2 5
DAYS MIN <= 32 21 20.2 0.8 25
DAYS MIN <= 0 0 0.2 -0.2 0
PRECIPITATION (INCHES)
RECORD
MAXIMUM 6.93 2017
MINIMUM 0.33 1946
TOTALS 4.74 2.65 2.09 4.76
DAYS >= .01 18 11.8 6.2 18
DAYS >= .10 9 6.5 2.5 10
DAYS >= .50 3 1.7 1.3 3
DAYS >= 1.00 1 0.4 0.6 1
GREATEST
STORM TOTAL 1.32
(MM/DD(HH))
SNOWFALL (INCHES)
RECORDS
TOTAL 28.1 2014
TOTALS 21.4 MM MM 13.6
SINCE 7/1 122.9 MM MM 93.3
DAYS >= TRACE 16 MM MM 14
DAYS >= 1.0 4 MM MM 5
GREATEST
SNOW DEPTH 27R 04/01 5 04/02
04/04
04/08
24 HR TOTAL MM
DEGREE DAYS
HEATING TOTAL 768 731 37 871
SINCE 7/1 7993 8340 -347 8560
COOLING TOTAL 1 1 0 0
SINCE 1/1 1 1 0 0
................................................................
WIND (MPH)
AVERAGE WIND SPEED 8.6
HIGHEST WIND SPEED/DIRECTION 37/270 DATE 04/06
HIGHEST GUST SPEED/DIRECTION 48/260 DATE 04/05
48/270 04/06
SKY COVER
POSSIBLE SUNSHINE (PERCENT) MM
AVERAGE SKY COVER 0.55
NUMBER OF DAYS FAIR 11
NUMBER OF DAYS PC 6
NUMBER OF DAYS CLOUDY 13
AVERAGE RH (PERCENT) 67
WEATHER CONDITIONS. NUMBER OF DAYS WITH
THUNDERSTORM 3 MIXED PRECIP 0
HEAVY RAIN 3 RAIN 3
LIGHT RAIN 8 FREEZING RAIN 1
LT FREEZING RAIN 1 HAIL 0
HEAVY SNOW 1 SNOW 4
LIGHT SNOW 15 SLEET 0
FOG 18 FOG W/VIS <= 1/4 MILE 2
HAZE 6
- INDICATES NEGATIVE NUMBERS.
R INDICATES RECORD WAS SET OR TIED.
MM INDICATES DATA IS MISSING.
T INDICATES TRACE AMOUNT.
$$