000
CXUS55 KGJT 011952 CCA
CLMRIL
CLIMATE REPORT...ADDED 2022 HDD AND CDD TOTALS
NATIONAL WEATHER SERVICE GRAND JUNCTION CO
533 AM MDT THU JUN 01 2023
...................................
...THE RIFLE CO CLIMATE SUMMARY FOR THE MONTH OF MAY 2023...
CLIMATE NORMAL PERIOD 1991 TO 2020
CLIMATE RECORD PERIOD 9999 TO 9999
WEATHER OBSERVED NORMAL DEPART LAST YEAR`S
VALUE DATE(S) VALUE FROM VALUE DATE(S)
NORMAL
................................................................
TEMPERATURE (F)
HIGHEST 84 05/26 MM MM 90 05/27
LOWEST 35 05/08 MM MM 29 05/21
AVG. MAXIMUM 75.9 74.3 1.6 74.0
AVG. MINIMUM 42.5 40.2 2.3 39.4
MEAN 59.2 57.3 1.9 56.7
DAYS MAX >= 90 0 1.2 -1.2 1
DAYS MAX <= 32 0 0.0 0.0 0
DAYS MIN <= 32 0 3.3 -3.3 2
DAYS MIN <= 0 0 0.0 0.0 0
PRECIPITATION (INCHES)
TOTALS 1.37 1.14 0.23 1.20
DAILY AVG. 0.04 0.04 0.00 0.04
DAYS >= .01 8 7.5 0.5 8
DAYS >= .10 2 3.4 -1.4 3
DAYS >= .50 1 0.3 0.7 1
DAYS >= 1.00 0 0.0 0.0 0
GREATEST
24 HR. TOTAL 0.97 05/22 TO 05/22 0.57
SNOWFALL (INCHES)
TOTALS MM MM MM MM
SINCE 7/1 MM MM MM MM
SNOWDEPTH AVG. MM MM
DAYS >= 1.0 MM MM MM MM
GREATEST
SNOW DEPTH MM MM MM
24 HR TOTAL MM MM
DEGREE DAYS
HEATING TOTAL 171 252 -81 256
SINCE 7/1 6712 6351 361 6339
COOLING TOTAL 0 12 -12 5
SINCE 1/1 0 12 -12 5
................................................................
WIND (MPH)
AVERAGE WIND SPEED 6.0
HIGHEST WIND SPEED/DIRECTION 35/140 DATE 05/31
HIGHEST GUST SPEED/DIRECTION 48/140 DATE 05/31
SKY COVER
POSSIBLE SUNSHINE (PERCENT) MM
AVERAGE SKY COVER 0.20
NUMBER OF DAYS FAIR 25
NUMBER OF DAYS PC 4
NUMBER OF DAYS CLOUDY 2
AVERAGE RH (PERCENT) 48
WEATHER CONDITIONS. NUMBER OF DAYS WITH
THUNDERSTORM 6 MIXED PRECIP 0
HEAVY RAIN 1 RAIN 2
LIGHT RAIN 11 FREEZING RAIN 0
LT FREEZING RAIN 0 HAIL 0
HEAVY SNOW 0 SNOW 0
LIGHT SNOW 0 SLEET 0
FOG 0 FOG W/VIS <= 1/4 MILE 0
HAZE 3
- INDICATES NEGATIVE NUMBERS.
R INDICATES RECORD WAS SET OR TIED.
MM INDICATES DATA IS MISSING.
T INDICATES TRACE AMOUNT.
$$