000
CXUS54 KCRP 011602
CF6RKP
PRELIMINARY LOCAL CLIMATOLOGICAL DATA (WS FORM: F-6)
STATION: ROCKPORT
MONTH: MARCH
YEAR: 2023
LATITUDE: 28 4 N
LONGITUDE: 97 3 W
TEMPERATURE IN F: :PCPN: SNOW: WIND :SUNSHINE: SKY :PK WND
================================================================================
1 2 3 4 5 6A 6B 7 8 9 10 11 12 13 14 15 16 17 18
12Z AVG MX 2MIN
DY MAX MIN AVG DEP HDD CDD WTR SNW DPTH SPD SPD DIR MIN PSBL S-S WX SPD DR
================================================================================
1 80 72 76 12 0 11 0.00 0.0 0 13.6 23 160 M M 8 18 34 160
2 76 63 70 6 0 5 0.03 0.0 0 14.5 33 330 M M 10 18 44 320
3 80 58 69 5 0 4 T 0.0 0 11.7 32 330 M M 1 8 43 330
4 76 51 64 0 1 0 0.00 0.0 0 8.0 15 110 M M 0 19 120
5 77 63 70 6 0 5 0.00 0.0 0 10.0 17 110 M M 0 23 110
6 82 68 75 10 0 10 0.00 0.0 0 9.3 16 150 M M 5 18 22 130
7 82 70 76 11 0 11 0.00 0.0 0 11.0 20 140 M M 6 18 27 140
8 81 70 76 11 0 11 0.00 0.0 0 12.4 18 120 M M 7 18 24 120
9 82 72 77 12 0 12 0.00 0.0 0 11.0 20 140 M M 4 18 28 170
10 82 67 75 9 0 10 0.00 0.0 0 7.3 14 140 M M 3 18 18 100
11 82 70 76 10 0 11 0.00 0.0 0 12.0 20 180 M M 5 18 37 190
12 94 63 79 13 0 14 0.00 0.0 0 11.5 25 10 M M 2 18 41 10
13 67 60 64 -2 1 0 0.01 0.0 0 15.0 22 40 M M 3 38 33 20
14 69 58 64 -2 1 0 0.00 0.0 0 19.2 26 70 M M 8 8 40 70
15 75 56 66 0 0 1 0.00 0.0 0 15.0 20 120 M M 5 18 27 120
16 79 69 74 7 0 9 T 0.0 0 13.7 22 160 M M 5 18 39 140
17 73 47 60 -7 5 0 0.28 0.0 0 17.6 37 330 M M 6 13 53 10
18 54 47 51 -16 14 0 T 0.0 0 14.4 26 30 M M 10 38 20
19 57 48 53 -14 12 0 T 0.0 0 5.9 21 40 M M 9 8 30 340
20 64 49 57 -11 8 0 T 0.0 0 9.6 18 130 M M 10 18 26 140
21 73 64 69 1 0 4 T 0.0 0 10.1 16 150 M M 10 18 28 140
22 81 68 75 7 0 10 0.00 0.0 0 11.7 18 140 M M 6 18 27 150
23 81 70 76 8 0 11 0.00 0.0 0 13.1 22 140 M M 8 18 35 150
24 90 71 81 13 0 16 0.00 0.0 0 11.0 21 150 M M 5 18 34 160
25 87 68 78 9 0 13 0.00 0.0 0 9.2 17 10 M M 2 18 25 360
26 81 69 75 6 0 10 0.00 0.0 0 6.9 15 150 M M 7 128 25 140
27 77 70 74 5 0 9 T 0.0 0 8.8 16 70 M M 9 128 20 80
28 77 62 70 1 0 5 T 0.0 0 15.4 31 20 M M 7 1 43 20
29 73 60 67 -3 0 2 T 0.0 0 13.5 23 70 M M 9 1 36 70
30 75 69 72 2 0 7 T 0.0 0 12.5 22 140 M M 6 1 33 140
31 81 72 77 7 0 12 0.00 0.0 0 12.5 21 150 M M 4 18 32 160
================================================================================
SM 2388 1964 42 213 0.32 0.0 367.4 M 180
================================================================================
AV 77.0 63.4 11.9 FASTST M M 6 MAX(MPH)
MISC ----> 37 330 53 10
================================================================================
NOTES:
# LAST OF SEVERAL OCCURRENCES
COLUMN 17 PEAK WIND IN M.P.H.
PRELIMINARY LOCAL CLIMATOLOGICAL DATA (WS FORM: F-6) , PAGE 2
STATION: ROCKPORT
MONTH: MARCH
YEAR: 2023
LATITUDE: 28 4 N
LONGITUDE: 97 3 W
[TEMPERATURE DATA] [PRECIPITATION DATA] SYMBOLS USED IN COLUMN 16
AVERAGE MONTHLY: 70.2 TOTAL FOR MONTH: 0.32 1 = FOG OR MIST
DPTR FM NORMAL: 3.4 DPTR FM NORMAL: -1.63 2 = FOG REDUCING VISIBILITY
HIGHEST: 94 ON 12 GRTST 24HR 0.28 ON 16-17 TO 1/4 MILE OR LESS
LOWEST: 47 ON 18,17 3 = THUNDER
SNOW, ICE PELLETS, HAIL 4 = ICE PELLETS
TOTAL MONTH: 0.0 INCH 5 = HAIL
GRTST 24HR 0.0 6 = FREEZING RAIN OR DRIZZLE
GRTST DEPTH: 0 7 = DUSTSTORM OR SANDSTORM:
VSBY 1/2 MILE OR LESS
8 = SMOKE OR HAZE
[NO. OF DAYS WITH] [WEATHER - DAYS WITH] 9 = BLOWING SNOW
X = TORNADO
MAX 32 OR BELOW: 0 0.01 INCH OR MORE: 3
MAX 90 OR ABOVE: 2 0.10 INCH OR MORE: 1
MIN 32 OR BELOW: 0 0.50 INCH OR MORE: 0
MIN 0 OR BELOW: 0 1.00 INCH OR MORE: 0
[HDD (BASE 65) ]
TOTAL THIS MO. 42 CLEAR (SCALE 0-3) 7
DPTR FM NORMAL -26 PTCLDY (SCALE 4-7) 17
TOTAL FM JUL 1 780 CLOUDY (SCALE 8-10) 7
DPTR FM NORMAL -35
[CDD (BASE 65) ]
TOTAL THIS MO. 213
DPTR FM NORMAL 89 [PRESSURE DATA]
TOTAL FM JAN 1 359 HIGHEST SLP 30.57 ON 19
DPTR FM NORMAL 163 LOWEST SLP 29.36 ON 2
[REMARKS]
#FINAL-03-23#