000
CXUS51 KRNK 010618
CLMRNK
CLIMATE REPORT
NATIONAL WEATHER SERVICE BLACKSBURG, VA
218 AM EDT TUE AUG 01 2023
...................................
...THE BLACKSBURG VA CLIMATE SUMMARY FOR THE MONTH OF JULY 2023...
CLIMATE NORMAL PERIOD: 1991 TO 2020
CLIMATE RECORD PERIOD: 1893 TO 2023
WEATHER OBSERVED NORMAL DEPART LAST YEAR`S
VALUE DATE(S) VALUE FROM VALUE
NORMAL
..............................................................
TEMPERATURE (F)
RECORD
HIGH 99 07/15/1954
LOW 41 07/07/1972
07/10/1961
HIGHEST 90 07/28 91
07/29
LOWEST 54 07/11 54
AVG. MAXIMUM 84.5 82.3 2.2 85.0
AVG. MINIMUM 62.6 61.0 1.6 64.2
MEAN 73.5 71.7 1.8 74.6
DAYS MAX >= 90 2 2.1 -0.1 5
DAYS MAX <= 32 0 0.0 0.0 0
DAYS MIN <= 32 0 0.0 0.0 0
DAYS MIN <= 0 0 0.0 0.0 0
PRECIPITATION (INCHES)
RECORD
MAXIMUM 12.49 1905
MINIMUM 0.93 1930
TOTALS 4.38 4.21 0.17 5.35
DAYS >= .01 9 12.9 -3.9 17
DAYS >= .10 7 8.1 -1.1 12
DAYS >= .50 4 2.8 1.2 4
DAYS >= 1.00 1 0.9 0.1 1
GREATEST
24 HR. TOTAL 1.43 1.04
SNOWFALL (INCHES)
TOTALS 0.0 0.0 0.0 0.0
DAYS >= TRACE 0 0.0 0.0 0
DAYS >= 1.0 0 0.0 0.0 0
GREATEST
24 HR TOTAL MM MM
DEGREE DAYS
HEATING TOTAL 0 5 -5 2
COOLING TOTAL 268 211 57 306
..............................................................
WIND (MPH)
AVERAGE WIND SPEED 2.0
RESULTANT WIND SPEED/DIRECTION 1/290
HIGHEST WIND SPEED/DIRECTION 39/320 DATE 07/28
HIGHEST GUST SPEED/DIRECTION 51/320 DATE 07/28
SKY COVER
AVERAGE SKY COVER 0.33
AVERAGE RH (PERCENT) 76
WEATHER CONDITIONS. NUMBER OF DAYS WITH
THUNDERSTORM 11 MIXED PRECIP 0
HEAVY RAIN 6 RAIN 8
LIGHT RAIN 15 FREEZING RAIN 0
LT FREEZING RAIN 0 HAIL 0
HEAVY SNOW 0 SNOW 0
LIGHT SNOW 0 SLEET 0
FOG 19 FOG W/VIS <= 1/4 MILE 3
HAZE 1
- INDICATES NEGATIVE NUMBERS.
R INDICATES RECORD WAS SET OR TIED.
MM INDICATES DATA IS MISSING.
T INDICATES TRACE AMOUNT.
$$