000
CXUS51 KRNK 011228
CF6ROA
PRELIMINARY LOCAL CLIMATOLOGICAL DATA (WS FORM: F-6)
STATION: ROANOKE VA
MONTH: JANUARY
YEAR: 2023
LATITUDE: 37 19 N
LONGITUDE: 79 58 W
TEMPERATURE IN F: :PCPN: SNOW: WIND :SUNSHINE: SKY :PK WND
================================================================================
1 2 3 4 5 6A 6B 7 8 9 10 11 12 13 14 15 16 17 18
12Z AVG MX 2MIN
DY MAX MIN AVG DEP HDD CDD WTR SNW DPTH SPD SPD DIR MIN PSBL S-S WX SPD DR
================================================================================
1 68 46 57 18 8 0 0.00 0.0 0 4.7 17 260 M M 4 21 260
2 70 43 57 19 8 0 0.00 0.0 0 4.1 13 270 M M 3 18 270
3 73 47 60 22 5 0 T 0.0 0 5.4 21 210 M M 5 30 190
4 67 54 61 23 4 0 0.03 0.0 0 4.6 14 140 M M 7 18 180
5 63 42 53 15 12 0 0.00 0.0 0 9.1 21 260 M M 1 29 270
6 52 32 42 4 23 0 0.00 0.0 0 10.5 25 310 M M 4 33 280
7 55 29 42 4 23 0 0.00 0.0 0 4.7 17 320 M M 2 24 310
8 36 30 33 -5 32 0 0.38 0.0 0 4.2 10 150 M M 9 16 12 150
9 50 33 42 4 23 0 0.00 0.0 0 9.2 21 270 M M 4 28 320
10 52 30 41 3 24 0 0.00 0.0 0 5.5 13 300 M M 5 16 300
11 49 28 39 1 26 0 0.00 0.0 0 3.5 15 130 M M 6 19 100
12 52 38 45 7 20 0 0.71 0.0 0 3.8 17 130 M M 9 1 20 130
13 52 36 44 6 21 0 0.10 0.0 0 13.2 25 320 M M 7 1 33 330
14 40 26 33 -5 32 0 0.00 0.0 0 15.9 26 310 M M 6 34 320
15 52 23 38 0 27 0 0.00 0.0 0 8.3 22 300 M M 1 27 300
16 56 25 41 3 24 0 0.00 0.0 0 2.6 9 270 M M 5 12 260
17 60 40 50 12 15 0 0.23 0.0 0 7.3 16 250 M M 7 22 250
18 68 47 58 20 7 0 0.00 0.0 0 7.6 18 270 M M 2 24 260
19 54 43 49 11 16 0 0.05 0.0 0 4.4 14 150 M M 8 12 17 140
20 55 38 47 9 18 0 0.00 0.0 0 16.9 31 300 M M 6 48 310
21 44 32 38 0 27 0 0.00 0.0 0 5.9 17 290 M M 9 22 290
22 38 31 35 -3 30 0 0.07 0.0 0 2.9 10 120 M M 8 1 13 130
23 45 36 41 3 24 0 0.02 T 0 14.1 30 290 M M 8 40 310
24 54 31 43 5 22 0 0.00 0.0 0 4.7 13 240 M M 0 18 310
25 43 37 40 2 25 0 0.65 T 0 3.9 16 280 M M 9 14 19 300
26 46 37 42 4 23 0 T 0.0 0 12.7 25 270 M M 8 40 290
27 46 35 41 3 24 0 0.00 0.0 0 8.8 18 270 M M 4 25 260
28 58 36 47 9 18 0 0.00 0.0 0 7.5 17 240 M M 2 23 250
29 46 32 39 1 26 0 0.16 0.0 0 1.6 9 130 M M 7 1 10 130
30 63 42 53 15 12 0 0.00 0.0 0 3.9 12 230 M M 7 1 15 250
31 57 39 48 10 17 0 0.15 0.0 0 6.4 14 20 M M 7 1 17 30
================================================================================
SM 1664 1118 616 0 2.55 T 217.9 M 170
================================================================================
AV 53.7 36.1 7.0 FASTST M M 5 MAX(MPH)
MISC ----> 31 300 48 310
================================================================================
NOTES:
# LAST OF SEVERAL OCCURRENCES
COLUMN 17 PEAK WIND IN M.P.H.
PRELIMINARY LOCAL CLIMATOLOGICAL DATA (WS FORM: F-6) , PAGE 2
STATION: ROANOKE VA
MONTH: JANUARY
YEAR: 2023
LATITUDE: 37 19 N
LONGITUDE: 79 58 W
[TEMPERATURE DATA] [PRECIPITATION DATA] SYMBOLS USED IN COLUMN 16
AVERAGE MONTHLY: 44.9 TOTAL FOR MONTH: 2.55 1 = FOG OR MIST
DPTR FM NORMAL: 7.0 DPTR FM NORMAL: -0.62 2 = FOG REDUCING VISIBILITY
HIGHEST: 73 ON 3 GRTST 24HR 0.87 ON 12-13 TO 1/4 MILE OR LESS
LOWEST: 23 ON 15 3 = THUNDER
SNOW, ICE PELLETS, HAIL 4 = ICE PELLETS
TOTAL MONTH: T 5 = HAIL
GRTST 24HR T ON 23-23 6 = FREEZING RAIN OR DRIZZLE
GRTST DEPTH: 0 7 = DUSTSTORM OR SANDSTORM:
VSBY 1/2 MILE OR LESS
8 = SMOKE OR HAZE
[NO. OF DAYS WITH] [WEATHER - DAYS WITH] 9 = BLOWING SNOW
X = TORNADO
MAX 32 OR BELOW: 0 0.01 INCH OR MORE: 11
MAX 90 OR ABOVE: 0 0.10 INCH OR MORE: 7
MIN 32 OR BELOW: 12 0.50 INCH OR MORE: 2
MIN 0 OR BELOW: 0 1.00 INCH OR MORE: 0
[HDD (BASE 65) ]
TOTAL THIS MO. 616 CLEAR (SCALE 0-3) 7
DPTR FM NORMAL -224 PTCLDY (SCALE 4-7) 16
TOTAL FM JUL 1 2170 CLOUDY (SCALE 8-10) 8
DPTR FM NORMAL -166
[CDD (BASE 65) ]
TOTAL THIS MO. 0
DPTR FM NORMAL 0 [PRESSURE DATA]
TOTAL FM JAN 1 0 HIGHEST SLP 30.39 ON 28
DPTR FM NORMAL 0 LOWEST SLP 29.63 ON 13
[REMARKS]
#FINAL-01-23#