000
CXUS51 KRNK 010740
CF6ROA
PRELIMINARY LOCAL CLIMATOLOGICAL DATA (WS FORM: F-6)
STATION: ROANOKE VA
MONTH: NOVEMBER
YEAR: 2023
LATITUDE: 37 19 N
LONGITUDE: 79 58 W
TEMPERATURE IN F: :PCPN: SNOW: WIND :SUNSHINE: SKY :PK WND
================================================================================
1 2 3 4 5 6A 6B 7 8 9 10 11 12 13 14 15 16 17 18
12Z AVG MX 2MIN
DY MAX MIN AVG DEP HDD CDD WTR SNW DPTH SPD SPD DIR MIN PSBL S-S WX SPD DR
================================================================================
1 47 29 38 -15 27 0 0.00 0.0 0 12.8 28 330 M M 4 39 300
2 52 24 38 -15 27 0 0.00 0.0 0 2.1 9 120 M M 0 14 170
3 63 28 46 -6 19 0 0.00 0.0 0 2.9 13 120 M M 0 19 110
4 71 32 52 0 13 0 0.00 0.0 0 1.9 10 150 M M 2 13 150
5 75 47 61 9 4 0 0.00 0.0 0 6.4 16 360 M M 2 20 360
6 70 38 54 2 11 0 0.00 0.0 0 3.8 14 140 M M 0 19 140
7 82 52 67 16 0 2 0.00 0.0 0 7.7 26 300 M M 2 35 310
8 76 50 63 12 2 0 0.00 0.0 0 3.5 17 120 M M 2 22 120
9 82 50 66 16 0 1 0.00 0.0 0 7.9 21 260 M M 3 32 240
10 66 45 56 6 9 0 0.05 0.0 0 6.9 16 10 M M 10 13 25 10
11 62 40 51 1 14 0 0.00 0.0 0 1.7 9 20 M M 2 12 10
12 61 35 48 -1 17 0 0.00 0.0 0 1.7 9 120 M M 1 11 130
13 70 33 52 3 13 0 0.00 0.0 0 4.5 23 320 M M 0 33 300
14 65 44 55 6 10 0 0.00 0.0 0 4.2 16 340 M M 0 23 350
15 61 39 50 2 15 0 0.00 0.0 0 1.5 9 130 M M 4 13 150
16 71 36 54 6 11 0 0.00 0.0 0 1.7 10 120 M M 0 14 120
17 71 43 57 9 8 0 0.03 0.0 0 3.5 16 150 M M 6 22 150
18 65 41 53 6 12 0 0.00 0.0 0 9.0 22 300 M M 3 31 310
19 64 34 49 2 16 0 0.00 0.0 0 3.2 8 340 M M 0 12 300
20 56 33 45 -2 20 0 T 0.0 0 3.1 12 120 M M 4 8 17 120
21 47 40 44 -2 21 0 2.23 0.0 0 3.5 15 110 M M 10 1 20 120
22 59 44 52 6 13 0 T 0.0 0 9.5 21 310 M M 6 31 300
23 61 39 50 4 15 0 0.00 0.0 0 6.0 23 310 M M 2 31 260
24 57 38 48 2 17 0 0.00 0.0 0 2.4 8 10 M M 3 11 340
25 44 31 38 -7 27 0 0.00 0.0 0 5.3 12 130 M M 7 15 20
26 51 26 39 -6 26 0 0.00 0.0 0 3.1 13 110 M M 3 18 240
27 50 36 43 -2 22 0 T 0.0 0 15.1 26 300 M M 4 40 300
28 43 27 35 -9 30 0 T T 0 12.7 31 280 M M 3 48 280
29 49 24 37 -7 28 0 0.00 0.0 0 5.6 16 230 M M 0 23 250
30 60 31 46 2 19 0 0.00 0.0 0 3.1 14 260 M M 1 20 260
================================================================================
SM 1851 1109 466 3 2.31 T 156.3 M 84
================================================================================
AV 61.7 37.0 5.2 FASTST M M 3 MAX(MPH)
MISC ----> 31 280 48 280
================================================================================
NOTES:
# LAST OF SEVERAL OCCURRENCES
COLUMN 17 PEAK WIND IN M.P.H.
PRELIMINARY LOCAL CLIMATOLOGICAL DATA (WS FORM: F-6) , PAGE 2
STATION: ROANOKE VA
MONTH: NOVEMBER
YEAR: 2023
LATITUDE: 37 19 N
LONGITUDE: 79 58 W
[TEMPERATURE DATA] [PRECIPITATION DATA] SYMBOLS USED IN COLUMN 16
AVERAGE MONTHLY: 49.3 TOTAL FOR MONTH: 2.31 1 = FOG OR MIST
DPTR FM NORMAL: 0.9 DPTR FM NORMAL: -0.73 2 = FOG REDUCING VISIBILITY
HIGHEST: 82 ON 9, 7 GRTST 24HR 2.23 ON 20-21 TO 1/4 MILE OR LESS
LOWEST: 24 ON 29, 2 3 = THUNDER
SNOW, ICE PELLETS, HAIL 4 = ICE PELLETS
TOTAL MONTH: T 5 = HAIL
GRTST 24HR T ON 28-28 6 = FREEZING RAIN OR DRIZZLE
GRTST DEPTH: 0 7 = DUSTSTORM OR SANDSTORM:
VSBY 1/2 MILE OR LESS
8 = SMOKE OR HAZE
[NO. OF DAYS WITH] [WEATHER - DAYS WITH] 9 = BLOWING SNOW
X = TORNADO
MAX 32 OR BELOW: 0 0.01 INCH OR MORE: 3
MAX 90 OR ABOVE: 0 0.10 INCH OR MORE: 1
MIN 32 OR BELOW: 9 0.50 INCH OR MORE: 1
MIN 0 OR BELOW: 0 1.00 INCH OR MORE: 1
[HDD (BASE 65) ]
TOTAL THIS MO. 466 CLEAR (SCALE 0-3) 21
DPTR FM NORMAL -36 PTCLDY (SCALE 4-7) 7
TOTAL FM JUL 1 627 CLOUDY (SCALE 8-10) 2
DPTR FM NORMAL -126
[CDD (BASE 65) ]
TOTAL THIS MO. 3
DPTR FM NORMAL 1 [PRESSURE DATA]
TOTAL FM JAN 1 1376 HIGHEST SLP 30.57 ON 2
DPTR FM NORMAL 10 LOWEST SLP 29.77 ON 18
[REMARKS]
#FINAL-11-23#