000
CXUS55 KABQ 190128
CF6ROW
PRELIMINARY LOCAL CLIMATOLOGICAL DATA (WS FORM: F-6)
STATION: ROSWELL NM
MONTH: APRIL
YEAR: 2021
LATITUDE: 33 17 N
LONGITUDE: 104 32 W
TEMPERATURE IN F: :PCPN: SNOW: WIND :SUNSHINE: SKY :PK WND
================================================================================
1 2 3 4 5 6A 6B 7 8 9 10 11 12 13 14 15 16 17 18
12Z AVG MX 2MIN
DY MAX MIN AVG DEP HDD CDD WTR SNW DPTH SPD SPD DIR MIN PSBL S-S WX SPD DR
================================================================================
1 68 35 52 -8 13 0 0.00 0.0 0 12.7 25 180 M M 0 44 160
2 80 44 62 2 3 0 0.00 0.0 0 7.3 17 170 M M 0 25 140
3 83 48 66 6 0 1 T 0.0 0 8.1 20 170 M M 2 25 180
4 81 49 65 5 0 0 0.00 0.0 0 11.5 23 150 M M 2 30 150
5 91 55 73 12 0 8 0.00 0.0 0 12.3 23 160 M M 3 30 170
6 92 50 71 10 0 6 0.00 0.0 0 12.5 25 350 M M 0 35 350
7 85 50 68 7 0 3 0.00 0.0 0 9.7 24 330 M M 0 34 320
8 89 47 68 7 0 3 0.00 0.0 0 8.4 22 210 M M 0 29 230
9 87 54 71 9 0 6 0.00 0.0 0 14.1 30 340 M M 0 8 41 330
10 77 44 61 -1 4 0 0.00 0.0 0 10.4 22 180 M M 0 33 170
11 90 43 67 5 0 2 0.00 0.0 0 5.8 18 300 M M 0 28 280
12 72 50 61 -1 4 0 0.00 0.0 0 12.2 32 10 M M 0 8 42 10
13 70 45 58 -5 7 0 0.00 0.0 0 8.3 18 160 M M 1 25 160
14 69 50 60 -3 5 0 0.00 0.0 0 9.2 17 110 M M 6 24 90
15 63 50 57 -6 8 0 0.01 0.0 0 9.9 21 180 M M 8 1 26 180
16 73 44 59 -4 6 0 0.00 0.0 0 10.2 26 60 M M 3 128 36 70
17 58 43 51 -13 14 0 0.00 0.0 0 7.1 15 50 M M 8 20 60
18 56 46 51 -13 14 0 T 0.0 0 5.2 15 210 M M 8 20 210
19 74 40 57 -7 8 0 0.00 0.0 0 7.7 17 190 M M 1 23 190
20 59 36 48 -16 17 0 0.00 0.0 0 11.7 29 10 M M 2 39 20
21 63 35 49 -15 16 0 0.00 0.0 0 11.9 23 170 M M 0 31 180
22 78 36 57 -8 8 0 0.00 0.0 0 10.3 24 170 M M 0 34 170
23 80 50 65 0 0 0 0.00 0.0 0 11.9 38 300 M M 0 18 54 310
24 83 43 63 -2 2 0 0.00 0.0 0 10.5 26 160 M M 0 35 150
25 96 54 75 9 0 10 0.00 0.0 0 16.3 35 200 M M 0 7 42 210
26 91 54 73 7 0 8 0.00 0.0 0 12.9 35 210 M M 0 47 210
27 85 58 72 6 0 7 0.00 0.0 0 14.2 40 240 M M 0 78 50 240
28 68 53 61 -5 4 0 0.13 0.0 0 12.4 28 290 M M 6 8 47 310
29 61 52 57 -10 8 0 0.32 0.0 0 10.2 31 30 M M 9 1 43 30
30 71 50 61 -6 4 0 0.01 0.0 0 7.6 17 230 M M 6 23 240
================================================================================
SM 2293 1408 145 54 0.47 0.0 312.5 M 65
================================================================================
AV 76.4 46.9 10.4 FASTST M M 2 MAX(MPH)
MISC ----> 40 240 54 310
================================================================================
NOTES:
# LAST OF SEVERAL OCCURRENCES
COLUMN 17 PEAK WIND IN M.P.H.
PRELIMINARY LOCAL CLIMATOLOGICAL DATA (WS FORM: F-6) , PAGE 2
STATION: ROSWELL NM
MONTH: APRIL
YEAR: 2021
LATITUDE: 33 17 N
LONGITUDE: 104 32 W
[TEMPERATURE DATA] [PRECIPITATION DATA] SYMBOLS USED IN COLUMN 16
AVERAGE MONTHLY: 61.7 TOTAL FOR MONTH: 0.47 1 = FOG OR MIST
DPTR FM NORMAL: -1.5 DPTR FM NORMAL: -0.10 2 = FOG REDUCING VISIBILITY
HIGHEST: 96 ON 25 GRTST 24HR 0.37 ON 28-29 TO 1/4 MILE OR LESS
LOWEST: 35 ON 21, 1 3 = THUNDER
SNOW, ICE PELLETS, HAIL 4 = ICE PELLETS
TOTAL MONTH: 0.0 INCH 5 = HAIL
GRTST 24HR 0.0 6 = FREEZING RAIN OR DRIZZLE
GRTST DEPTH: 0 7 = DUSTSTORM OR SANDSTORM:
VSBY 1/2 MILE OR LESS
8 = SMOKE OR HAZE
[NO. OF DAYS WITH] [WEATHER - DAYS WITH] 9 = BLOWING SNOW
X = TORNADO
MAX 32 OR BELOW: 0 0.01 INCH OR MORE: 4
MAX 90 OR ABOVE: 5 0.10 INCH OR MORE: 2
MIN 32 OR BELOW: 0 0.50 INCH OR MORE: 0
MIN 0 OR BELOW: 0 1.00 INCH OR MORE: 0
[HDD (BASE 65) ]
TOTAL THIS MO. 145 CLEAR (SCALE 0-3) 21
DPTR FM NORMAL 28 PTCLDY (SCALE 4-7) 7
TOTAL FM JUL 1 2914 CLOUDY (SCALE 8-10) 2
DPTR FM NORMAL 60
[CDD (BASE 65) ]
TOTAL THIS MO. 54
DPTR FM NORMAL -9 [PRESSURE DATA]
TOTAL FM JAN 1 57 HIGHEST SLP 30.43 ON 1
DPTR FM NORMAL -16 LOWEST SLP 29.43 ON 6
[REMARKS]
#FINAL-04-21#