795
CXUS56 KFGZ 010900
CF6RQE
PRELIMINARY LOCAL CLIMATOLOGICAL DATA (WS FORM: F-6)
STATION: WINDOW ROCK AZ AIRPORT
MONTH: JUNE
YEAR: 2020
LATITUDE: 35 39 N
LONGITUDE: 109 4 W
TEMPERATURE IN F: :PCPN: SNOW: WIND :SUNSHINE: SKY :PK WND
================================================================================
1 2 3 4 5 6A 6B 7 8 9 10 11 12 13 14 15 16 17 18
12Z AVG MX 2MIN
DY MAX MIN AVG DEP HDD CDD WTR SNW DPTH SPD SPD DIR MIN PSBL S-S WX SPD DR
================================================================================
1 86 59 73 13 0 8 T M M 7.9 24 200 M M 4 3 32 200
2 87 51 69 9 0 4 T M M 4.6 28 40 M M 1 37 50
3 91 43 67 7 0 2 0.00 M M 3.5 20 250 M M 0 25 260
4 92 43 68 8 0 3 0.00 M M 5.6 21 230 M M 1 31 230
5 93 52 73 12 0 8 0.01 M M 6.7 35 150 M M 2 3 44 150
6 81 54 68 7 0 3 T M M 14.8 36 230 M M 1 48 230
7 80 41 61 0 4 0 0.00 M M 14.8 33 210 M M 0 44 240
8 73 34 54 -8 11 0 0.00 M M 13.6 36 220 M M 0 8 50 240
9 72 26 49 -13 16 0 0.00 M M 5.7 18 360 M M 0 24 360
10 84 31 58 -4 7 0 0.00 M M 3.6 18 230 M M 0 26 240
11 90 35 63 0 2 0 0.00 M M 5.1 32 180 M M 0 45 180
12 90 43 67 4 0 2 0.00 M M 7.8 22 210 M M 1 30 220
13 89 47 68 5 0 3 0.00 M M 12.1 33 230 M M 1 50 190
14 86 47 67 4 0 2 0.00 M M 11.0 29 230 M M 0 8 39 220
15 88 41 65 1 0 0 0.00 M M 8.7 24 200 M M 0 8 33 200
16 87 47 67 3 0 2 0.00 M M 12.1 30 230 M M 1 8 40 220
17 86 46 66 2 0 1 0.00 M M 12.4 28 240 M M 0 8 39 210
18 85 52 69 5 0 4 0.00 M M 7.7 21 230 M M 0 8 28 210
19 85 50 68 3 0 3 0.00 M M 5.5 22 260 M M 0 8 26 260
20 89 38 64 -1 1 0 0.00 M M 4.5 21 250 M M 1 29 240
21 91 42 67 2 0 2 0.00 M M 5.4 21 240 M M 0 34 250
22 95 44 70 4 0 5 0.00 M M 4.4 23 310 M M 0 31 290
23 95 46 71 5 0 6 0.00 M M 6.1 15 300 M M 0 25 300
24 92 49 71 5 0 6 0.01 M M 3.7 23 20 M M 2 3 33 250
25 92 44 68 2 0 3 0.00 M M 6.6 24 230 M M 0 34 220
26 90 51 71 4 0 6 0.00 M M 5.5 20 230 M M 0 26 230
27 89 51 70 3 0 5 0.00 0.0 M 8.4 23 300 M M 0 37 270
28 86 59 73 6 0 8 0.00 M M 13.6 28 240 M M 0 38 200
29 83 58 71 4 0 6 0.00 M M 16.1 32 200 M M 0 45 240
30 80 53 67 0 0 2 0.00 M M 5.5 21 250 M M 3 8 27 260
================================================================================
SM 2607 1377 41 94 0.02 0.0 243.0 M 18
================================================================================
AV 86.9 45.9 8.1 FASTST M M 1 MAX(MPH)
MISC ----> # 36 230 # 50 240
================================================================================
NOTES:
# LAST OF SEVERAL OCCURRENCES
COLUMN 17 PEAK WIND IN M.P.H.
PRELIMINARY LOCAL CLIMATOLOGICAL DATA (WS FORM: F-6) , PAGE 2
STATION: WINDOW ROCK AZ AIRPORT
MONTH: JUNE
YEAR: 2020
LATITUDE: 35 39 N
LONGITUDE: 109 4 W
[TEMPERATURE DATA] [PRECIPITATION DATA] SYMBOLS USED IN COLUMN 16
AVERAGE MONTHLY: 66.4 TOTAL FOR MONTH: 0.02 1 = FOG OR MIST
DPTR FM NORMAL: 2.7 DPTR FM NORMAL: -0.44 2 = FOG REDUCING VISIBILITY
HIGHEST: 95 ON 23,22 GRTST 24HR 0.01 ON 24-24 TO 1/4 MILE OR LESS
LOWEST: 26 ON 9 3 = THUNDER
SNOW, ICE PELLETS, HAIL 4 = ICE PELLETS
TOTAL MONTH: 0.0 INCH 5 = HAIL
GRTST 24HR 0.0 6 = FREEZING RAIN OR DRIZZLE
GRTST DEPTH: M ON M 7 = DUSTSTORM OR SANDSTORM:
VSBY 1/2 MILE OR LESS
8 = SMOKE OR HAZE
[NO. OF DAYS WITH] [WEATHER - DAYS WITH] 9 = BLOWING SNOW
X = TORNADO
MAX 32 OR BELOW: 0 0.01 INCH OR MORE: 2
MAX 90 OR ABOVE: 11 0.10 INCH OR MORE: 0
MIN 32 OR BELOW: 2 0.50 INCH OR MORE: 0
MIN 0 OR BELOW: 0 1.00 INCH OR MORE: 0
[HDD (BASE 65) ]
TOTAL THIS MO. 41 CLEAR (SCALE 0-3) 29
DPTR FM NORMAL -41 PTCLDY (SCALE 4-7) 1
TOTAL FM JUL 1 5808 CLOUDY (SCALE 8-10) 0
DPTR FM NORMAL -598
[CDD (BASE 65) ]
TOTAL THIS MO. 94
DPTR FM NORMAL 53 [PRESSURE DATA]
TOTAL FM JAN 1 107 HIGHEST SLP M ON M
DPTR FM NORMAL 66 LOWEST SLP 29.58 ON M
[REMARKS]
#FINAL-06-20#