000
CXUS53 KARX 020845
CF6RST
PRELIMINARY LOCAL CLIMATOLOGICAL DATA (WS FORM: F-6)
STATION: ROCHESTER MN
MONTH: MAY
YEAR: 2022
LATITUDE: 43 55 N
LONGITUDE: 92 30 W
TEMPERATURE IN F: :PCPN: SNOW: WIND :SUNSHINE: SKY :PK WND
================================================================================
1 2 3 4 5 6A 6B 7 8 9 10 11 12 13 14 15 16 17 18
12Z AVG MX 2MIN
DY MAX MIN AVG DEP HDD CDD WTR SNW DPTH SPD SPD DIR MIN PSBL S-S WX SPD DR
================================================================================
1 48 41 45 -7 20 0 0.06 0.0 0 17.4 26 280 M M 10 1 33 290
2 45 39 42 -10 23 0 0.00 0.0 0 8.8 18 310 M M 10 23 310
3 58 41 50 -2 15 0 0.05 0.0 0 10.3 22 30 M M 7 28 40
4 61 37 49 -4 16 0 0.00 0.0 0 4.4 10 110 M M 1 15 140
5 60 42 51 -2 14 0 T 0.0 0 5.8 12 60 M M 6 15 100
6 67 46 57 3 8 0 0.00 0.0 0 7.6 16 100 M M 0 22 120
7 71 43 57 3 8 0 0.00 0.0 0 14.0 25 160 M M 0 36 160
8 61 50 56 2 9 0 0.21 0.0 0 18.5 36 150 M M 7 3 45 150
9 86 54 70 15 0 5 0.39 0.0 0 22.8 47 220 M M 7 138 76 230
10 74 56 65 10 0 0 0.00 0.0 0 9.2 15 10 M M 4 20 20
11 89 62 76 20 0 11 0.00 0.0 0 12.3 24 140 M M 4 13 34 140
12 94 65 80 24 0 15 0.00 0.0 0 16.2 28 160 M M 0 39 150
13 80 56 68 12 0 3 0.00 0.0 0 10.1 25 250 M M 1 36 260
14 86 51 69 12 0 4 0.00 0.0 0 13.0 28 260 M M 0 49 240
15 75 47 61 4 4 0 0.00 0.0 0 11.4 22 320 M M 1 33 310
16 74 49 62 4 3 0 0.00 0.0 0 14.1 33 320 M M 0 43 300
17 63 50 57 -1 8 0 0.54 0.0 0 6.9 15 140 M M 6 1 19 150
18 73 50 62 4 3 0 0.01 0.0 0 8.4 15 280 M M 4 19 250
19 80 50 65 6 0 0 0.95 0.0 0 11.9 41 200 M M 3 13 61 200
20 69 49 59 0 6 0 0.14 0.0 0 14.3 47 280 M M 6 13 63 270
21 57 43 50 -10 15 0 0.00 0.0 0 12.4 23 310 M M 8 29 300
22 57 38 48 -12 17 0 T 0.0 0 10.2 24 300 M M 7 8 31 280
23 61 34 48 -12 17 0 0.00 0.0 0 6.2 14 110 M M 0 19 120
24 64 45 55 -6 10 0 0.13 0.0 0 10.6 20 90 M M 3 1 27 90
25 53 46 50 -11 15 0 1.53 0.0 0 13.0 22 50 M M 10 1 32 50
26 54 47 51 -10 14 0 0.06 0.0 0 11.1 18 10 M M 10 1 23 360
27 73 45 59 -3 6 0 0.00 0.0 0 6.4 14 350 M M 1 1 18 360
28 82 57 70 8 0 5 0.03 0.0 0 18.9 36 190 M M 2 3 47 160
29 80 62 71 9 0 6 0.10 0.0 0 18.0 35 150 M M 2 13 46 160
30 88 64 76 13 0 11 T 0.0 0 23.6 49 210 M M 2 38 67 210
31 79 55 67 4 0 2 T 0.0 0 19.7 31 240 M M 2 41 260
================================================================================
SM 2162 1514 231 62 4.20 0.0 387.5 M 124
================================================================================
AV 69.7 48.8 12.5 FASTST M M 4 MAX(MPH)
MISC ----> 49 210 76 230
================================================================================
NOTES:
# LAST OF SEVERAL OCCURRENCES
COLUMN 17 PEAK WIND IN M.P.H.
PRELIMINARY LOCAL CLIMATOLOGICAL DATA (WS FORM: F-6) , PAGE 2
STATION: ROCHESTER MN
MONTH: MAY
YEAR: 2022
LATITUDE: 43 55 N
LONGITUDE: 92 30 W
[TEMPERATURE DATA] [PRECIPITATION DATA] SYMBOLS USED IN COLUMN 16
AVERAGE MONTHLY: 59.3 TOTAL FOR MONTH: 4.20 1 = FOG OR MIST
DPTR FM NORMAL: 1.7 DPTR FM NORMAL: -0.15 2 = FOG REDUCING VISIBILITY
HIGHEST: 94 ON 12 GRTST 24HR 1.57 ON 24-25 TO 1/4 MILE OR LESS
LOWEST: 34 ON 23 3 = THUNDER
SNOW, ICE PELLETS, HAIL 4 = ICE PELLETS
TOTAL MONTH: 0.0 INCH 5 = HAIL
GRTST 24HR 0.0 6 = FREEZING RAIN OR DRIZZLE
GRTST DEPTH: 0 7 = DUSTSTORM OR SANDSTORM:
VSBY 1/2 MILE OR LESS
8 = SMOKE OR HAZE
[NO. OF DAYS WITH] [WEATHER - DAYS WITH] 9 = BLOWING SNOW
X = TORNADO
MAX 32 OR BELOW: 0 0.01 INCH OR MORE: 13
MAX 90 OR ABOVE: 1 0.10 INCH OR MORE: 8
MIN 32 OR BELOW: 0 0.50 INCH OR MORE: 3
MIN 0 OR BELOW: 0 1.00 INCH OR MORE: 1
[HDD (BASE 65) ]
TOTAL THIS MO. 231 CLEAR (SCALE 0-3) 15
DPTR FM NORMAL -32 PTCLDY (SCALE 4-7) 12
TOTAL FM JUL 1 7688 CLOUDY (SCALE 8-10) 4
DPTR FM NORMAL -116
[CDD (BASE 65) ]
TOTAL THIS MO. 62
DPTR FM NORMAL 30 [PRESSURE DATA]
TOTAL FM JAN 1 62 HIGHEST SLP 30.41 ON 23
DPTR FM NORMAL 28 LOWEST SLP 29.17 ON 19
[REMARKS]
#FINAL-05-22#