000
CDUS43 KARX 170638
CLIRST


CLIMATE REPORT
NATIONAL WEATHER SERVICE LA CROSSE WI
1238 AM CST WED JAN 17 2018


...................................

...THE ROCHESTER MN CLIMATE SUMMARY FOR JANUARY 16 2018...

CLIMATE NORMAL PERIOD 1981 TO 2010
CLIMATE RECORD PERIOD 1886 TO 2018


WEATHER ITEM   OBSERVED TIME   RECORD YEAR NORMAL DEPARTURE LAST
                VALUE   (LST)  VALUE       VALUE  FROM      YEAR
                                                  NORMAL
..................................................................
TEMPERATURE (F)
 YESTERDAY
  MAXIMUM          5    344 PM  48    1914  23    -18       32
  MINIMUM         -4   1134 PM -29    1977   7    -11       16
  AVERAGE          1                        15    -14       24

PRECIPITATION (IN)
  YESTERDAY        0.01          0.83 1980   0.03  -0.02     0.47
  MONTH TO DATE    0.49                      0.44   0.05     1.00
  SINCE DEC 1      1.00                      1.67  -0.67     3.07
  SINCE JAN 1      0.49                      0.44   0.05     1.00

SNOWFALL (IN)
  YESTERDAY        0.2           4.7  1994   0.4   -0.2      0.0
  MONTH TO DATE    7.7                       5.8    1.9      3.7
  SINCE JUL 1     18.2                      25.2   -7.0     24.4
  SNOW DEPTH       5

DEGREE DAYS
 HEATING
  YESTERDAY       64                        50     14       41
  MONTH TO DATE  928                       791    137      873
  SINCE JUL 1   3958                      3869     89     3444

 COOLING
  YESTERDAY        0                         0      0        0
  MONTH TO DATE    0                         0      0        0
  SINCE JAN 1      0                         0      0        0
..................................................................


WIND (MPH)
  HIGHEST WIND SPEED    22   HIGHEST WIND DIRECTION    NW (330)
  HIGHEST GUST SPEED    26   HIGHEST GUST DIRECTION     N (340)
  AVERAGE WIND SPEED    13.0


SKY COVER
  POSSIBLE SUNSHINE  MM
  AVERAGE SKY COVER 0.5


WEATHER CONDITIONS
 THE FOLLOWING WEATHER WAS RECORDED YESTERDAY.
  LIGHT SNOW
  FOG
  BLOWING SNOW


RELATIVE HUMIDITY (PERCENT)
 HIGHEST    95           400 AM
 LOWEST     83           200 PM
 AVERAGE    89

..........................................................


THE ROCHESTER MN CLIMATE NORMALS FOR TODAY
                         NORMAL    RECORD    YEAR
 MAXIMUM TEMPERATURE (F)   23        49      1894
 MINIMUM TEMPERATURE (F)    7       -25      1954


SUNRISE AND SUNSET
JANUARY 17 2018.......SUNRISE   740 AM CST   SUNSET   501 PM CST
JANUARY 18 2018.......SUNRISE   739 AM CST   SUNSET   502 PM CST


-  INDICATES NEGATIVE NUMBERS.
R  INDICATES RECORD WAS SET OR TIED.
MM INDICATES DATA IS MISSING.
T  INDICATES TRACE AMOUNT.




$$
