000
CDUS43 KARX 232128
CLIRST


CLIMATE REPORT
NATIONAL WEATHER SERVICE LA CROSSE WI
426 PM CDT MON OCT 23 2017


...................................

...THE ROCHESTER MN CLIMATE SUMMARY FOR OCTOBER 23 2017...
VALID TODAY AS OF 0400 PM LOCAL TIME.

CLIMATE NORMAL PERIOD 1981 TO 2010
CLIMATE RECORD PERIOD 1886 TO 2017


WEATHER ITEM   OBSERVED TIME   RECORD YEAR NORMAL DEPARTURE LAST
                VALUE   (LST)  VALUE       VALUE  FROM      YEAR
                                                  NORMAL
..................................................................
TEMPERATURE (F)
 TODAY
  MAXIMUM         59    148 PM  77    1963  55      4       60
  MINIMUM         44    722 AM  10    1936  36      8       41
  AVERAGE         52                        46      6       51

PRECIPITATION (IN)
  TODAY            T             1.21 1980   0.07  -0.07     0.00
  MONTH TO DATE    4.81                      1.75   3.06     0.72
  SINCE SEP 1      6.98                      5.20   1.78     9.82
  SINCE JAN 1     31.48                     29.39   2.09    38.09

SNOWFALL (IN)
  TODAY            0.0           4.2  2009   0.1   -0.1      0.0
  MONTH TO DATE    0.0                       0.4   -0.4      0.0
  SINCE JUL 1      0.0                       0.4   -0.4      0.0
  SNOW DEPTH       0

DEGREE DAYS
 HEATING
  TODAY           13                        19     -6       14
  MONTH TO DATE  235                       351   -116      254
  SINCE JUL 1    387                       566   -179      331

 COOLING
  TODAY            0                         0      0        0
  MONTH TO DATE    1                         4     -3        1
  SINCE JAN 1    494                       583    -89      629
..................................................................


WIND (MPH)
  HIGHEST WIND SPEED    31   HIGHEST WIND DIRECTION    NW (300)
  HIGHEST GUST SPEED    39   HIGHEST GUST DIRECTION    NW (300)
  AVERAGE WIND SPEED    13.7


SKY COVER
  POSSIBLE SUNSHINE  MM
  AVERAGE SKY COVER 0.4


WEATHER CONDITIONS
 THE FOLLOWING WEATHER WAS RECORDED TODAY.
  NO SIGNIFICANT WEATHER WAS OBSERVED.


RELATIVE HUMIDITY (PERCENT)
 HIGHEST    83           500 AM
 LOWEST     51           200 PM
 AVERAGE    67

..........................................................


THE ROCHESTER MN CLIMATE NORMALS FOR TOMORROW
                         NORMAL    RECORD    YEAR
 MAXIMUM TEMPERATURE (F)   55        76      1973
                                             1963
 MINIMUM TEMPERATURE (F)   36        12      1936


SUNRISE AND SUNSET
OCTOBER 23 2017.......SUNRISE   735 AM CDT   SUNSET   613 PM CDT
OCTOBER 24 2017.......SUNRISE   736 AM CDT   SUNSET   611 PM CDT


-  INDICATES NEGATIVE NUMBERS.
R  INDICATES RECORD WAS SET OR TIED.
MM INDICATES DATA IS MISSING.
T  INDICATES TRACE AMOUNT.




$$
