000
CDUS43 KARX 290640
CLIRST


CLIMATE REPORT
NATIONAL WEATHER SERVICE LA CROSSE WI
140 AM CDT WED JUL 29 2015


...................................

...THE ROCHESTER MN CLIMATE SUMMARY FOR JULY 28 2015...

CLIMATE NORMAL PERIOD 1981 TO 2010
CLIMATE RECORD PERIOD 1886 TO 2015


WEATHER ITEM   OBSERVED TIME   RECORD YEAR NORMAL DEPARTURE LAST
                VALUE   (LST)  VALUE       VALUE  FROM      YEAR
                                                  NORMAL
..................................................................
TEMPERATURE (F)
 YESTERDAY
  MAXIMUM         82    258 PM 100    1955  81      1       74
  MINIMUM         67   1159 PM  46    2013  61      6       57
  AVERAGE         75                        71      4       66

PRECIPITATION (IN)
  YESTERDAY        1.67R         1.21 1942   0.14   1.53     0.00
  MONTH TO DATE    4.94                      4.13   0.81     2.07
  SINCE JUN 1      9.40                      8.81   0.59     9.34
  SINCE JAN 1     22.01                     19.25   2.76    20.67

SNOWFALL (IN)
  YESTERDAY        0.0           0.0  2012   0.0    0.0      0.0
  MONTH TO DATE    0.0                       0.0    0.0      0.0
  SINCE JUL 1      0.0                       0.0    0.0      0.0
  SNOW DEPTH       0

DEGREE DAYS
 HEATING
  YESTERDAY        0                         0      0        0
  MONTH TO DATE   17                         0     17       22
  SINCE JUL 1     17                         0     17       22

 COOLING
  YESTERDAY       10                         6      4        1
  MONTH TO DATE  150                       191    -41      102
  SINCE JAN 1    263                       355    -92      272
..................................................................


WIND (MPH)
  HIGHEST WIND SPEED    26   HIGHEST WIND DIRECTION     E (110)
  HIGHEST GUST SPEED    35   HIGHEST GUST DIRECTION     E (110)
  AVERAGE WIND SPEED    13.0


SKY COVER
  POSSIBLE SUNSHINE  MM
  AVERAGE SKY COVER 0.5


WEATHER CONDITIONS
 THE FOLLOWING WEATHER WAS RECORDED YESTERDAY.
  THUNDERSTORM
  HEAVY RAIN
  RAIN
  LIGHT RAIN
  FOG


RELATIVE HUMIDITY (PERCENT)
 HIGHEST   100           200 AM
 LOWEST     74           300 PM
 AVERAGE    87

..........................................................


THE ROCHESTER MN CLIMATE NORMALS FOR TODAY
                         NORMAL    RECORD    YEAR
 MAXIMUM TEMPERATURE (F)   81        98      1955
                                             1917
                                             1916
 MINIMUM TEMPERATURE (F)   61        45      1952
                                             1932


SUNRISE AND SUNSET
JULY 29 2015..........SUNRISE   555 AM CDT   SUNSET   837 PM CDT
JULY 30 2015..........SUNRISE   556 AM CDT   SUNSET   836 PM CDT


-  INDICATES NEGATIVE NUMBERS.
R  INDICATES RECORD WAS SET OR TIED.
MM INDICATES DATA IS MISSING.
T  INDICATES TRACE AMOUNT.




$$
