000
CDUS43 KARX 100649
CLIRST


CLIMATE REPORT
NATIONAL WEATHER SERVICE LA CROSSE WI
1248 AM CST SAT DEC 10 2016

...THE ROCHESTER MN CLIMATE SUMMARY FOR DECEMBER 9 2016...

CLIMATE NORMAL PERIOD 1981 TO 2010
CLIMATE RECORD PERIOD 1886 TO 2016

WEATHER ITEM   OBSERVED TIME   RECORD YEAR NORMAL DEPARTURE LAST
                VALUE   (LST)  VALUE       VALUE  FROM      YEAR
                                                  NORMAL
..................................................................
TEMPERATURE (F)
 YESTERDAY
  MAXIMUM         16    309 PM  52    1918  29    -13       46
  MINIMUM          6    816 AM -22    1947  14     -8       30
  AVERAGE         11                        21    -10       38

PRECIPITATION (IN)
  YESTERDAY        T             0.35 2012   0.04  -0.04     0.00
  MONTH TO DATE    0.40                      0.43  -0.03     0.05
  SINCE DEC 1      0.40                      0.43  -0.03     0.05
  SINCE JAN 1     41.88                     32.22   9.66    32.44

SNOWFALL (IN)
  YESTERDAY        T             4.5  2009   0.4   -0.4      0.0
  MONTH TO DATE    3.3                       3.7   -0.4       T
  SINCE JUL 1      4.3                      10.6   -6.3      2.5
  SNOW DEPTH       1

DEGREE DAYS
 HEATING
  YESTERDAY       54                        44     10       27
  MONTH TO DATE  358                       376    -18      276
  SINCE JUL 1   1493                      2048   -555     1626

 COOLING
  YESTERDAY        0                         0      0        0
  MONTH TO DATE    0                         0      0        0
  SINCE JAN 1    629                       585     44      507
..................................................................

WIND (MPH)
  HIGHEST WIND SPEED    17   HIGHEST WIND DIRECTION    NW (300)
  HIGHEST GUST SPEED    20   HIGHEST GUST DIRECTION    NW (310)
  AVERAGE WIND SPEED     9.0

SKY COVER
  POSSIBLE SUNSHINE  MM
  AVERAGE SKY COVER 0.6

WEATHER CONDITIONS
 THE FOLLOWING WEATHER WAS RECORDED YESTERDAY.
  LIGHT SNOW
  FOG

RELATIVE HUMIDITY (PERCENT)
 HIGHEST    92           300 AM
 LOWEST     80           100 AM
 AVERAGE    86
..........................................................

THE ROCHESTER MN CLIMATE NORMALS FOR TODAY
                         NORMAL    RECORD    YEAR
 MAXIMUM TEMPERATURE (F)   28        58      1939
 MINIMUM TEMPERATURE (F)   14       -21      1919

SUNRISE AND SUNSET
DECEMBER 10 2016......SUNRISE   734 AM CST   SUNSET   432 PM CST
DECEMBER 11 2016......SUNRISE   735 AM CST   SUNSET   432 PM CST

-  INDICATES NEGATIVE NUMBERS.
R  INDICATES RECORD WAS SET OR TIED.
MM INDICATES DATA IS MISSING.
T  INDICATES TRACE AMOUNT.

$$

BOYNE
