570
CDUS43 KARX 220635
CLIRST


CLIMATE REPORT
NATIONAL WEATHER SERVICE LA CROSSE WI
134 AM CDT TUE AUG 22 2017


...................................

...THE ROCHESTER MN CLIMATE SUMMARY FOR AUGUST 21 2017...

CLIMATE NORMAL PERIOD 1981 TO 2010
CLIMATE RECORD PERIOD 1886 TO 2017


WEATHER ITEM   OBSERVED TIME   RECORD YEAR NORMAL DEPARTURE LAST
                VALUE   (LST)  VALUE       VALUE  FROM      YEAR
                                                  NORMAL
..................................................................
TEMPERATURE (F)
 YESTERDAY
  MAXIMUM         79   1117 AM  97    1947  79      0       72
  MINIMUM         63   1121 PM  39    2004  59      4       53
  AVERAGE         71                        69      2       63

PRECIPITATION (IN)
  YESTERDAY        0.52          2.09 1979   0.15   0.37     0.00
  MONTH TO DATE    4.12                      3.10   1.02     4.87
  SINCE JUN 1     10.18                     12.33  -2.15    15.71
  SINCE JAN 1     24.45                     22.77   1.68    27.40

SNOWFALL (IN)
  YESTERDAY        0.0           0.0  2012   0.0    0.0      0.0
  MONTH TO DATE    0.0                       0.0    0.0      0.0
  SINCE JUL 1      0.0                       0.0    0.0      0.0
  SNOW DEPTH       0

DEGREE DAYS
 HEATING
  YESTERDAY        0                         1     -1        2
  MONTH TO DATE   20                        18      2        4
  SINCE JUL 1     21                        29     -8        8

 COOLING
  YESTERDAY        6                         5      1        0
  MONTH TO DATE   36                       115    -79      134
  SINCE JAN 1    397                       486    -89      534
..................................................................


WIND (MPH)
  HIGHEST WIND SPEED    20   HIGHEST WIND DIRECTION    SE (140)
  HIGHEST GUST SPEED    25   HIGHEST GUST DIRECTION    SE (140)
  AVERAGE WIND SPEED     6.9


SKY COVER
  POSSIBLE SUNSHINE  MM
  AVERAGE SKY COVER 0.5


WEATHER CONDITIONS
 THE FOLLOWING WEATHER WAS RECORDED YESTERDAY.
  THUNDERSTORM
  RAIN
  LIGHT RAIN
  FOG


RELATIVE HUMIDITY (PERCENT)
 HIGHEST   100          1200 AM
 LOWEST     71          1100 AM
 AVERAGE    86

..........................................................


THE ROCHESTER MN CLIMATE NORMALS FOR TODAY
                         NORMAL    RECORD    YEAR
 MAXIMUM TEMPERATURE (F)   78        96      1916
 MINIMUM TEMPERATURE (F)   59        38      1920


SUNRISE AND SUNSET
AUGUST 22 2017........SUNRISE   622 AM CDT   SUNSET   802 PM CDT
AUGUST 23 2017........SUNRISE   623 AM CDT   SUNSET   801 PM CDT


-  INDICATES NEGATIVE NUMBERS.
R  INDICATES RECORD WAS SET OR TIED.
MM INDICATES DATA IS MISSING.
T  INDICATES TRACE AMOUNT.




$$
