000
CDUS43 KARX 142239
CLIRST


CLIMATE REPORT
NATIONAL WEATHER SERVICE LA CROSSE WI
438 PM CST THU DEC 14 2017


...................................

...THE ROCHESTER MN CLIMATE SUMMARY FOR DECEMBER 14 2017...
VALID TODAY AS OF 0430 PM LOCAL TIME.

CLIMATE NORMAL PERIOD 1981 TO 2010
CLIMATE RECORD PERIOD 1886 TO 2017


WEATHER ITEM   OBSERVED TIME   RECORD YEAR NORMAL DEPARTURE LAST
                VALUE   (LST)  VALUE       VALUE  FROM      YEAR
                                                  NORMAL
..................................................................
TEMPERATURE (F)
 TODAY
  MAXIMUM         25   1104 AM  52    1998  27     -2       10
  MINIMUM          6    824 AM -21    1917  12     -6       -4
  AVERAGE         16                        20     -4        3

PRECIPITATION (IN)
  TODAY            0.00          1.15 2015   0.04  -0.04     0.00
  MONTH TO DATE    0.25                      0.65  -0.40     0.91
  SINCE DEC 1      0.25                      0.65  -0.40     0.91
  SINCE JAN 1     32.43                     32.44  -0.01    42.39

SNOWFALL (IN)
  TODAY            0.0           7.1  2005   0.4   -0.4      0.0
  MONTH TO DATE    2.0                       5.9   -3.9     11.6
  SINCE JUL 1      5.3                      12.8   -7.5     12.6
  SNOW DEPTH       T

DEGREE DAYS
 HEATING
  TODAY           49                        45      4       62
  MONTH TO DATE  546                       599    -53      648
  SINCE JUL 1   2124                      2271   -147     1783

 COOLING
  TODAY            0                         0      0        0
  MONTH TO DATE    0                         0      0        0
  SINCE JAN 1    494                       585    -91      629
..................................................................


WIND (MPH)
  HIGHEST WIND SPEED    14   HIGHEST WIND DIRECTION     W (260)
  HIGHEST GUST SPEED    17   HIGHEST GUST DIRECTION     W (260)
  AVERAGE WIND SPEED     6.7


SKY COVER
  POSSIBLE SUNSHINE  MM
  AVERAGE SKY COVER 0.3


WEATHER CONDITIONS
 THE FOLLOWING WEATHER WAS RECORDED TODAY.
  FOG
  FOG W/VISIBILITY <= 1/4 MILE
  HAZE


RELATIVE HUMIDITY (PERCENT)
 HIGHEST   100           300 AM
 LOWEST     74          1100 AM
 AVERAGE    87

..........................................................


THE ROCHESTER MN CLIMATE NORMALS FOR TOMORROW
                         NORMAL    RECORD    YEAR
 MAXIMUM TEMPERATURE (F)   27        52      1910
 MINIMUM TEMPERATURE (F)   12       -30      1919


SUNRISE AND SUNSET
DECEMBER 14 2017......SUNRISE   737 AM CST   SUNSET   433 PM CST
DECEMBER 15 2017......SUNRISE   738 AM CST   SUNSET   433 PM CST


-  INDICATES NEGATIVE NUMBERS.
R  INDICATES RECORD WAS SET OR TIED.
MM INDICATES DATA IS MISSING.
T  INDICATES TRACE AMOUNT.




$$
