000
CDUS43 KARX 240657
CLIRST


CLIMATE REPORT
NATIONAL WEATHER SERVICE LA CROSSE WI
1255 AM CST FRI FEB 24 2017


...................................

...THE ROCHESTER MN CLIMATE SUMMARY FOR FEBRUARY 23 2017...

CLIMATE NORMAL PERIOD 1981 TO 2010
CLIMATE RECORD PERIOD 1886 TO 2017


WEATHER ITEM   OBSERVED TIME   RECORD YEAR NORMAL DEPARTURE LAST
                VALUE   (LST)  VALUE       VALUE  FROM      YEAR
                                                  NORMAL
..................................................................
TEMPERATURE (F)
 YESTERDAY
  MAXIMUM         41   1204 AM  56    1930  31     10       35
  MINIMUM         29   1159 PM -19    1910  15     14       31
  AVERAGE         35                        23     12       33

PRECIPITATION (IN)
  YESTERDAY        0.33          0.72 1977   0.04   0.29     0.01
  MONTH TO DATE    1.19                      0.65   0.54     0.65
  SINCE DEC 1      5.38                      2.74   2.64     4.61
  SINCE JAN 1      3.31                      1.51   1.80     1.40

SNOWFALL (IN)
  YESTERDAY        3.8           4.0  1909   0.3    3.5       T
  MONTH TO DATE    4.0                       7.0   -3.0     11.1
  SINCE JUL 1     37.9                      38.4   -0.5     32.5
  SNOW DEPTH       0

DEGREE DAYS
 HEATING
  YESTERDAY       30                        42    -12       32
  MONTH TO DATE  838                      1048   -210     1033
  SINCE JUL 1   4841                      5656   -815     5010

 COOLING
  YESTERDAY        0                         0      0        0
  MONTH TO DATE    0                         0      0        0
  SINCE JAN 1      0                         0      0        0
..................................................................


WIND (MPH)
  HIGHEST WIND SPEED    28   HIGHEST WIND DIRECTION    NE (30)
  HIGHEST GUST SPEED    33   HIGHEST GUST DIRECTION    NE (40)
  AVERAGE WIND SPEED    17.2


SKY COVER
  POSSIBLE SUNSHINE  MM
  AVERAGE SKY COVER 1.0


WEATHER CONDITIONS
 THE FOLLOWING WEATHER WAS RECORDED YESTERDAY.
  THUNDERSTORM
  LIGHT RAIN
  HEAVY SNOW
  SNOW
  LIGHT SNOW
  FOG
  FOG W/VISIBILITY <= 1/4 MILE


RELATIVE HUMIDITY (PERCENT)
 HIGHEST   100          1000 PM
 LOWEST     70           300 PM
 AVERAGE    85

..........................................................


THE ROCHESTER MN CLIMATE NORMALS FOR TODAY
                         NORMAL    RECORD    YEAR
 MAXIMUM TEMPERATURE (F)   31        60      1931
 MINIMUM TEMPERATURE (F)   16       -24      1913


SUNRISE AND SUNSET
FEBRUARY 24 2017......SUNRISE   655 AM CST   SUNSET   552 PM CST
FEBRUARY 25 2017......SUNRISE   653 AM CST   SUNSET   554 PM CST


-  INDICATES NEGATIVE NUMBERS.
R  INDICATES RECORD WAS SET OR TIED.
MM INDICATES DATA IS MISSING.
T  INDICATES TRACE AMOUNT.




$$
