000
CDUS43 KARX 270704
CLIRST


CLIMATE REPORT
NATIONAL WEATHER SERVICE LA CROSSE WI
200 AM CDT SUN JUL 27 2014

...THE ROCHESTER MN CLIMATE SUMMARY FOR JULY 26 2014...

CLIMATE NORMAL PERIOD 1981 TO 2010
CLIMATE RECORD PERIOD 1886 TO 2014

WEATHER ITEM   OBSERVED TIME   RECORD YEAR NORMAL DEPARTURE LAST
                VALUE   (LST)  VALUE       VALUE  FROM      YEAR
                                                  NORMAL
..................................................................
TEMPERATURE (F)
 YESTERDAY
  MAXIMUM         80    423 PM  99    1955  81     -1       71
  MINIMUM         69   1159 PM  43    1911  61      8       52
  AVERAGE         75                        71      4       62

PRECIPITATION (IN)
  YESTERDAY        0.01          5.24 1949   0.14  -0.13     0.00
  MONTH TO DATE    2.03                      3.85  -1.82     2.08
  SINCE JUN 1      8.53                      8.53   0.00     8.94
  SINCE JAN 1     19.86                     18.97   0.89    32.84

SNOWFALL (IN)
  YESTERDAY        0.0           0.0  2012   0.0    0.0      0.0
  MONTH TO DATE    0.0                       0.0    0.0      0.0
  SINCE JUL 1      0.0                       0.0    0.0      0.0
  SNOW DEPTH       0

DEGREE DAYS
 HEATING
  YESTERDAY        0                         0      0        3
  MONTH TO DATE   22                         0     22        3
  SINCE JUL 1     22                         0     22        3

 COOLING
  YESTERDAY       10                         6      4        0
  MONTH TO DATE  100                       179    -79      223
  SINCE JAN 1    270                       343    -73      379
..................................................................

WIND (MPH)
  HIGHEST WIND SPEED    14   HIGHEST WIND DIRECTION     W (280)
  HIGHEST GUST SPEED    19   HIGHEST GUST DIRECTION     W (280)
  AVERAGE WIND SPEED     6.9

SKY COVER
  POSSIBLE SUNSHINE  MM
  AVERAGE SKY COVER 0.6

WEATHER CONDITIONS
 THE FOLLOWING WEATHER WAS RECORDED YESTERDAY.
  LIGHT RAIN
  FOG
  FOG W/VISIBILITY <= 1/4 MILE
  HAZE

RELATIVE HUMIDITY (PERCENT)
 HIGHEST    97           600 AM
 LOWEST     62           400 PM
 AVERAGE    80
..........................................................

THE ROCHESTER MN CLIMATE NORMALS FOR TODAY
                         NORMAL    RECORD    YEAR
 MAXIMUM TEMPERATURE (F)   81       100      1931
 MINIMUM TEMPERATURE (F)   61        47      1920

SUNRISE AND SUNSET
JULY 27 2014..........SUNRISE   553 AM CDT   SUNSET   839 PM CDT
JULY 28 2014..........SUNRISE   554 AM CDT   SUNSET   838 PM CDT

-  INDICATES NEGATIVE NUMBERS.
R  INDICATES RECORD WAS SET OR TIED.
MM INDICATES DATA IS MISSING.
T  INDICATES TRACE AMOUNT.

$$

BOYNE
