000
CDUS43 KARX 190754
CLIRST


CLIMATE REPORT
NATIONAL WEATHER SERVICE LA CROSSE WI
251 AM CDT SUN OCT 19 2014

...THE ROCHESTER MN CLIMATE SUMMARY FOR OCTOBER 18 2014...

CLIMATE NORMAL PERIOD 1981 TO 2010
CLIMATE RECORD PERIOD 1886 TO 2014

WEATHER ITEM   OBSERVED TIME   RECORD YEAR NORMAL DEPARTURE LAST
                VALUE   (LST)  VALUE       VALUE  FROM      YEAR
                                                  NORMAL
..................................................................
TEMPERATURE (F)
 YESTERDAY
  MAXIMUM         54    328 PM  84    1950  58     -4       50
  MINIMUM         33   1041 PM  17    1992  38     -5       35
                                      1972
  AVERAGE         44                        48     -4       43

PRECIPITATION (IN)
  YESTERDAY        0.00          0.67 1928   0.07  -0.07      T
  MONTH TO DATE    2.09                      1.42   0.67     2.93
  SINCE SEP 1      5.63                      4.87   0.76     4.15
  SINCE JAN 1     31.05                     29.06   1.99    38.85

SNOWFALL (IN)
  YESTERDAY        0.0           3.9  1991   0.0    0.0      0.0
  MONTH TO DATE    T                         0.2   -0.2      0.0
  SINCE JUL 1      T                         0.2   -0.2      0.0
  SNOW DEPTH       0

DEGREE DAYS
 HEATING
  YESTERDAY       21                        17      4       22
  MONTH TO DATE  307                       259     48      196
  SINCE JUL 1    512                       474     38      350

 COOLING
  YESTERDAY        0                         0      0        0
  MONTH TO DATE    0                         4     -4        0
  SINCE JAN 1    491                       583    -92      656
..................................................................

WIND (MPH)
  HIGHEST WIND SPEED    18   HIGHEST WIND DIRECTION     N (10)
  HIGHEST GUST SPEED    23   HIGHEST GUST DIRECTION     N (360)
  AVERAGE WIND SPEED     7.9

SKY COVER
  POSSIBLE SUNSHINE  MM
  AVERAGE SKY COVER 0.5

WEATHER CONDITIONS
 THE FOLLOWING WEATHER WAS RECORDED YESTERDAY.
  NO SIGNIFICANT WEATHER WAS OBSERVED.

RELATIVE HUMIDITY (PERCENT)
 HIGHEST    89          1200 AM
 LOWEST     46           300 PM
 AVERAGE    68
..........................................................

THE ROCHESTER MN CLIMATE NORMALS FOR TODAY
                         NORMAL    RECORD    YEAR
 MAXIMUM TEMPERATURE (F)   57        79      2003
                                             2000
                                             1953
 MINIMUM TEMPERATURE (F)   38        13      1972

SUNRISE AND SUNSET
OCTOBER 19 2014.......SUNRISE   730 AM CDT   SUNSET   620 PM CDT
OCTOBER 20 2014.......SUNRISE   731 AM CDT   SUNSET   618 PM CDT

-  INDICATES NEGATIVE NUMBERS.
R  INDICATES RECORD WAS SET OR TIED.
MM INDICATES DATA IS MISSING.
T  INDICATES TRACE AMOUNT.

$$

BOYNE
