000
CDUS43 KARX 182130
CLIRST


CLIMATE REPORT
NATIONAL WEATHER SERVICE LA CROSSE WI
430 PM CDT THU SEP 18 2014


...................................

...THE ROCHESTER MN CLIMATE SUMMARY FOR SEPTEMBER 18 2014...
VALID TODAY AS OF 0400 PM LOCAL TIME.

CLIMATE NORMAL PERIOD 1981 TO 2010
CLIMATE RECORD PERIOD 1886 TO 2014


WEATHER ITEM   OBSERVED TIME   RECORD YEAR NORMAL DEPARTURE LAST
                VALUE   (LST)  VALUE       VALUE  FROM      YEAR
                                                  NORMAL
..................................................................
TEMPERATURE (F)
 TODAY
  MAXIMUM         72    259 PM  93    1955  71      1       78
  MINIMUM         48    635 AM  26    1929  49     -1       61
  AVERAGE         60                        60      0       70

PRECIPITATION (IN)
  TODAY            0.00          1.26 2003   0.12  -0.12     0.00
  MONTH TO DATE    3.01                      2.14   0.87     0.84
  SINCE SEP 1      3.01                      2.14   0.87     0.84
  SINCE JAN 1     28.43                     26.33   2.10    35.54

SNOWFALL (IN)
  TODAY            0.0           0.0  2012   0.0    0.0      0.0
  MONTH TO DATE    0.0                       0.0    0.0      0.0
  SINCE JUL 1      0.0                       0.0    0.0      0.0
  SNOW DEPTH       0

DEGREE DAYS
 HEATING
  TODAY            5                         6     -1        0
  MONTH TO DATE  122                        71     51       61
  SINCE JUL 1    147                       109     38       95

 COOLING
  TODAY            0                         1     -1        5
  MONTH TO DATE   23                        43    -20       83
  SINCE JAN 1    483                       568    -85      639
..................................................................


WIND (MPH)
  HIGHEST WIND SPEED    14   HIGHEST WIND DIRECTION     S (200)
  HIGHEST GUST SPEED    19   HIGHEST GUST DIRECTION    SE (150)
  AVERAGE WIND SPEED     6.8


SKY COVER
  POSSIBLE SUNSHINE  MM
  AVERAGE SKY COVER 0.1


WEATHER CONDITIONS
 THE FOLLOWING WEATHER WAS RECORDED TODAY.
  FOG


RELATIVE HUMIDITY (PERCENT)
 HIGHEST    93           100 AM
 LOWEST     53           100 PM
 AVERAGE    73

..........................................................


THE ROCHESTER MN CLIMATE NORMALS FOR TOMORROW
                         NORMAL    RECORD    YEAR
 MAXIMUM TEMPERATURE (F)   70        92      1908
 MINIMUM TEMPERATURE (F)   49        30      1991
                                             1929


SUNRISE AND SUNSET
SEPTEMBER 18 2014.....SUNRISE   653 AM CDT   SUNSET   715 PM CDT
SEPTEMBER 19 2014.....SUNRISE   654 AM CDT   SUNSET   713 PM CDT


-  INDICATES NEGATIVE NUMBERS.
R  INDICATES RECORD WAS SET OR TIED.
MM INDICATES DATA IS MISSING.
T  INDICATES TRACE AMOUNT.




$$
