000
CDUS43 KARX 160717
CLIRST


CLIMATE REPORT
NATIONAL WEATHER SERVICE LA CROSSE WI
115 AM CST FRI FEB 16 2018


...................................

...THE ROCHESTER MN CLIMATE SUMMARY FOR FEBRUARY 15 2018...

CLIMATE NORMAL PERIOD 1981 TO 2010
CLIMATE RECORD PERIOD 1886 TO 2018


WEATHER ITEM   OBSERVED TIME   RECORD YEAR NORMAL DEPARTURE LAST
                VALUE   (LST)  VALUE       VALUE  FROM      YEAR
                                                  NORMAL
..................................................................
TEMPERATURE (F)
 YESTERDAY
  MAXIMUM         37   1209 AM  49    1931  28      9       32
  MINIMUM         23   1159 PM -19    1939  12     11       19
                                      1920
  AVERAGE         30                        20     10       26

PRECIPITATION (IN)
  YESTERDAY        T             0.36 1962   0.03  -0.03     0.00
  MONTH TO DATE    0.26                      0.40  -0.14     0.05
  SINCE DEC 1      2.19                      2.49  -0.30     4.24
  SINCE JAN 1      1.68                      1.26   0.42     2.17

SNOWFALL (IN)
  YESTERDAY        0.2           3.7  2014   0.3   -0.1      0.0
  MONTH TO DATE    4.8                       4.7    0.1      0.2
  SINCE JUL 1     31.5                      36.1   -4.6     34.1
  SNOW DEPTH       3

DEGREE DAYS
 HEATING
  YESTERDAY       35                        45    -10       39
  MONTH TO DATE  836                       702    134      645
  SINCE JUL 1   5421                      5310    111     4648

 COOLING
  YESTERDAY        0                         0      0        0
  MONTH TO DATE    0                         0      0        0
  SINCE JAN 1      0                         0      0        0
..................................................................


WIND (MPH)
  HIGHEST WIND SPEED    25   HIGHEST WIND DIRECTION    NW (330)
  HIGHEST GUST SPEED    34   HIGHEST GUST DIRECTION    NW (330)
  AVERAGE WIND SPEED    14.4


SKY COVER
  POSSIBLE SUNSHINE  MM
  AVERAGE SKY COVER 0.4


WEATHER CONDITIONS
 THE FOLLOWING WEATHER WAS RECORDED YESTERDAY.
  LIGHT SNOW
  FOG


RELATIVE HUMIDITY (PERCENT)
 HIGHEST    92           400 AM
 LOWEST     75          1000 AM
 AVERAGE    84

..........................................................


THE ROCHESTER MN CLIMATE NORMALS FOR TODAY
                         NORMAL    RECORD    YEAR
 MAXIMUM TEMPERATURE (F)   28        59      1931
 MINIMUM TEMPERATURE (F)   13       -34      1936


SUNRISE AND SUNSET
FEBRUARY 16 2018......SUNRISE   707 AM CST   SUNSET   541 PM CST
FEBRUARY 17 2018......SUNRISE   706 AM CST   SUNSET   543 PM CST


-  INDICATES NEGATIVE NUMBERS.
R  INDICATES RECORD WAS SET OR TIED.
MM INDICATES DATA IS MISSING.
T  INDICATES TRACE AMOUNT.




$$
