000
CDUS43 KARX 140715
CLIRST


CLIMATE REPORT
NATIONAL WEATHER SERVICE LA CROSSE WI
113 AM CST TUE FEB 14 2017


...................................

...THE ROCHESTER MN CLIMATE SUMMARY FOR FEBRUARY 13 2017...

CLIMATE NORMAL PERIOD 1981 TO 2010
CLIMATE RECORD PERIOD 1886 TO 2017


WEATHER ITEM   OBSERVED TIME   RECORD YEAR NORMAL DEPARTURE LAST
                VALUE   (LST)  VALUE       VALUE  FROM      YEAR
                                                  NORMAL
..................................................................
TEMPERATURE (F)
 YESTERDAY
  MAXIMUM         39    408 PM  47    1919  27     12        6
  MINIMUM         21    527 AM -16    1971  12      9      -11
                                      1887
  AVERAGE         30                        19     11       -2

PRECIPITATION (IN)
  YESTERDAY        0.00          0.40 2005   0.03  -0.03     0.00
  MONTH TO DATE    0.05                      0.35  -0.30     0.57
  SINCE DEC 1      4.24                      2.44   1.80     4.53
  SINCE JAN 1      2.17                      1.21   0.96     1.32

SNOWFALL (IN)
  YESTERDAY        0.0           4.8  1950   0.3   -0.3      0.0
  MONTH TO DATE    0.2                       4.1   -3.9      9.7
  SINCE JUL 1     34.1                      35.5   -1.4     31.1
  SNOW DEPTH       3

DEGREE DAYS
 HEATING
  YESTERDAY       35                        46    -11       67
  MONTH TO DATE  574                       612    -38      661
  SINCE JUL 1   4577                      5220   -643     4638

 COOLING
  YESTERDAY        0                         0      0        0
  MONTH TO DATE    0                         0      0        0
  SINCE JAN 1      0                         0      0        0
..................................................................


WIND (MPH)
  HIGHEST WIND SPEED    28   HIGHEST WIND DIRECTION    SW (210)
  HIGHEST GUST SPEED    33   HIGHEST GUST DIRECTION    SW (210)
  AVERAGE WIND SPEED    14.2


SKY COVER
  POSSIBLE SUNSHINE  MM
  AVERAGE SKY COVER 0.0


WEATHER CONDITIONS
 THE FOLLOWING WEATHER WAS RECORDED YESTERDAY.
  NO SIGNIFICANT WEATHER WAS OBSERVED.


RELATIVE HUMIDITY (PERCENT)
 HIGHEST    92           300 AM
 LOWEST     70          1100 AM
 AVERAGE    81

..........................................................


THE ROCHESTER MN CLIMATE NORMALS FOR TODAY
                         NORMAL    RECORD    YEAR
 MAXIMUM TEMPERATURE (F)   28        58      1954
 MINIMUM TEMPERATURE (F)   12       -23      1951


SUNRISE AND SUNSET
FEBRUARY 14 2017......SUNRISE   710 AM CST   SUNSET   539 PM CST
FEBRUARY 15 2017......SUNRISE   709 AM CST   SUNSET   540 PM CST


-  INDICATES NEGATIVE NUMBERS.
R  INDICATES RECORD WAS SET OR TIED.
MM INDICATES DATA IS MISSING.
T  INDICATES TRACE AMOUNT.




$$
