000
CDUS43 KARX 150642
CLIRST


CLIMATE REPORT
NATIONAL WEATHER SERVICE LA CROSSE WI
1241 AM CST MON DEC 15 2014


...................................

...THE ROCHESTER MN CLIMATE SUMMARY FOR DECEMBER 14 2014...

CLIMATE NORMAL PERIOD 1981 TO 2010
CLIMATE RECORD PERIOD 1886 TO 2014


WEATHER ITEM   OBSERVED TIME   RECORD YEAR NORMAL DEPARTURE LAST
                VALUE   (LST)  VALUE       VALUE  FROM      YEAR
                                                  NORMAL
..................................................................
TEMPERATURE (F)
 YESTERDAY
  MAXIMUM         47   1159 PM  52    1998  27     20       15
  MINIMUM         42    611 AM -21    1917  12     30        2
  AVERAGE         45                        20     25        9

PRECIPITATION (IN)
  YESTERDAY        0.00          0.57 1975   0.04  -0.04     0.06
  MONTH TO DATE    0.01                      0.65  -0.64     0.57
  SINCE DEC 1      0.01                      0.65  -0.64     0.57
  SINCE JAN 1     33.02                     32.44   0.58    41.23

SNOWFALL (IN)
  YESTERDAY        0.0           7.1  2005   0.4   -0.4      0.6
  MONTH TO DATE    1.0                       5.9   -4.9      3.0
  SINCE JUL 1     10.2                      12.8   -2.6      4.3
  SNOW DEPTH       0

DEGREE DAYS
 HEATING
  YESTERDAY       20                        45    -25       56
  MONTH TO DATE  542                       599    -57      713
  SINCE JUL 1   2489                      2271    218     2406

 COOLING
  YESTERDAY        0                         0      0        0
  MONTH TO DATE    0                         0      0        0
  SINCE JAN 1    491                       585    -94      656
..................................................................


WIND (MPH)
  HIGHEST WIND SPEED    14   HIGHEST WIND DIRECTION     S (170)
  HIGHEST GUST SPEED    17   HIGHEST GUST DIRECTION     S (160)
  AVERAGE WIND SPEED    10.3


SKY COVER
  POSSIBLE SUNSHINE  MM
  AVERAGE SKY COVER 1.0


WEATHER CONDITIONS
 THE FOLLOWING WEATHER WAS RECORDED YESTERDAY.
  FOG
  FOG W/VISIBILITY <= 1/4 MILE


RELATIVE HUMIDITY (PERCENT)
 HIGHEST   100           100 AM
 LOWEST     92          1200 AM
 AVERAGE    96

..........................................................


THE ROCHESTER MN CLIMATE NORMALS FOR TODAY
                         NORMAL    RECORD    YEAR
 MAXIMUM TEMPERATURE (F)   27        52      1910
 MINIMUM TEMPERATURE (F)   12       -30      1919


SUNRISE AND SUNSET
DECEMBER 15 2014......SUNRISE   737 AM CST   SUNSET   433 PM CST
DECEMBER 16 2014......SUNRISE   738 AM CST   SUNSET   433 PM CST


-  INDICATES NEGATIVE NUMBERS.
R  INDICATES RECORD WAS SET OR TIED.
MM INDICATES DATA IS MISSING.
T  INDICATES TRACE AMOUNT.




$$
