000
CDUS43 KARX 150640
CLIRST


CLIMATE REPORT
NATIONAL WEATHER SERVICE LA CROSSE WI
140 AM CDT TUE AUG 15 2017


...................................

...THE ROCHESTER MN CLIMATE SUMMARY FOR AUGUST 14 2017...

CLIMATE NORMAL PERIOD 1981 TO 2010
CLIMATE RECORD PERIOD 1886 TO 2017


WEATHER ITEM   OBSERVED TIME   RECORD YEAR NORMAL DEPARTURE LAST
                VALUE   (LST)  VALUE       VALUE  FROM      YEAR
                                                  NORMAL
..................................................................
TEMPERATURE (F)
 YESTERDAY
  MAXIMUM         75    406 PM  91    1955  79     -4       79
  MINIMUM         58   1159 PM  37    1964  60     -2       60
  AVERAGE         67                        70     -3       70

PRECIPITATION (IN)
  YESTERDAY        0.10          1.50 1887   0.15  -0.05     0.00
  MONTH TO DATE    2.45                      2.03   0.42     2.66
  SINCE JUN 1      8.51                     11.26  -2.75    13.50
  SINCE JAN 1     22.78                     21.70   1.08    25.19

SNOWFALL (IN)
  YESTERDAY        0.0           0.0  2012   0.0    0.0      0.0
  MONTH TO DATE    0.0                       0.0    0.0      0.0
  SINCE JUL 1      0.0                       0.0    0.0      0.0
  SNOW DEPTH       0

DEGREE DAYS
 HEATING
  YESTERDAY        0                         1     -1        0
  MONTH TO DATE   16                        11      5        0
  SINCE JUL 1     17                        22     -5        4

 COOLING
  YESTERDAY        2                         5     -3        5
  MONTH TO DATE   15                        80    -65      103
  SINCE JAN 1    376                       451    -75      503
..................................................................


WIND (MPH)
  HIGHEST WIND SPEED    15   HIGHEST WIND DIRECTION     S (180)
  HIGHEST GUST SPEED    23   HIGHEST GUST DIRECTION     S (180)
  AVERAGE WIND SPEED     8.0


SKY COVER
  POSSIBLE SUNSHINE  MM
  AVERAGE SKY COVER 0.7


WEATHER CONDITIONS
 THE FOLLOWING WEATHER WAS RECORDED YESTERDAY.
  LIGHT RAIN
  FOG


RELATIVE HUMIDITY (PERCENT)
 HIGHEST   100           700 AM
 LOWEST     69           400 PM
 AVERAGE    85

..........................................................


THE ROCHESTER MN CLIMATE NORMALS FOR TODAY
                         NORMAL    RECORD    YEAR
 MAXIMUM TEMPERATURE (F)   79       100      1936
 MINIMUM TEMPERATURE (F)   60        39      1933
                                             1929


SUNRISE AND SUNSET
AUGUST 15 2017........SUNRISE   614 AM CDT   SUNSET   814 PM CDT
AUGUST 16 2017........SUNRISE   615 AM CDT   SUNSET   812 PM CDT


-  INDICATES NEGATIVE NUMBERS.
R  INDICATES RECORD WAS SET OR TIED.
MM INDICATES DATA IS MISSING.
T  INDICATES TRACE AMOUNT.




$$
