000
CDUS43 KARX 262236
CLIRST


CLIMATE REPORT
NATIONAL WEATHER SERVICE LA CROSSE WI
435 PM CST SAT NOV 26 2016


...................................

...THE ROCHESTER MN CLIMATE SUMMARY FOR NOVEMBER 26 2016...
VALID TODAY AS OF 0430 PM LOCAL TIME.

CLIMATE NORMAL PERIOD 1981 TO 2010
CLIMATE RECORD PERIOD 1886 TO 2016


WEATHER ITEM   OBSERVED TIME   RECORD YEAR NORMAL DEPARTURE LAST
                VALUE   (LST)  VALUE       VALUE  FROM      YEAR
                                                  NORMAL
..................................................................
TEMPERATURE (F)
 TODAY
  MAXIMUM         45    342 PM  61    1914  35     10       39
  MINIMUM         29    449 AM -20    1977  20      9       27
  AVERAGE         37                        28      9       33

PRECIPITATION (IN)
  TODAY            0.00          0.53 1971   0.06  -0.06     0.40
  MONTH TO DATE    0.83                      1.68  -0.85     2.66
  SINCE SEP 1     12.67                      7.37   5.30     6.80
  SINCE JAN 1     40.94                     31.56   9.38    31.97

SNOWFALL (IN)
  TODAY           MM             3.6  1971   0.3   MM        0.2
  MONTH TO DATE    0.7                       4.8   -4.1      1.5
  SINCE JUL 1      0.7                       5.6   -4.9      1.7
  SNOW DEPTH       0

DEGREE DAYS
 HEATING
  TODAY           28                        37     -9       32
  MONTH TO DATE  551                       782   -231      604
  SINCE JUL 1   1026                      1518   -492     1192

 COOLING
  TODAY            0                         0      0        0
  MONTH TO DATE    0                         0      0        0
  SINCE JAN 1    629                       585     44      507
..................................................................


WIND (MPH)
  HIGHEST WIND SPEED    17   HIGHEST WIND DIRECTION     S (190)
  HIGHEST GUST SPEED    21   HIGHEST GUST DIRECTION     S (190)
  AVERAGE WIND SPEED    10.6


SKY COVER
  POSSIBLE SUNSHINE  MM
  AVERAGE SKY COVER 0.1


WEATHER CONDITIONS
 THE FOLLOWING WEATHER WAS RECORDED TODAY.
  FOG


RELATIVE HUMIDITY (PERCENT)
 HIGHEST   100           100 AM
 LOWEST     76          1200 PM
 AVERAGE    88

..........................................................


THE ROCHESTER MN CLIMATE NORMALS FOR TOMORROW
                         NORMAL    RECORD    YEAR
 MAXIMUM TEMPERATURE (F)   35        64      1914
 MINIMUM TEMPERATURE (F)   20       -12      1887


SUNRISE AND SUNSET
NOVEMBER 26 2016......SUNRISE   719 AM CST   SUNSET   435 PM CST
NOVEMBER 27 2016......SUNRISE   720 AM CST   SUNSET   435 PM CST


-  INDICATES NEGATIVE NUMBERS.
R  INDICATES RECORD WAS SET OR TIED.
MM INDICATES DATA IS MISSING.
T  INDICATES TRACE AMOUNT.




$$
