000
CDUS43 KARX 220648
CLIRST


CLIMATE REPORT
NATIONAL WEATHER SERVICE LA CROSSE WI
148 AM CDT THU JUN 22 2017


...................................

...THE ROCHESTER MN CLIMATE SUMMARY FOR JUNE 21 2017...

CLIMATE NORMAL PERIOD 1981 TO 2010
CLIMATE RECORD PERIOD 1886 TO 2017


WEATHER ITEM   OBSERVED TIME   RECORD YEAR NORMAL DEPARTURE LAST
                VALUE   (LST)  VALUE       VALUE  FROM      YEAR
                                                  NORMAL
..................................................................
TEMPERATURE (F)
 YESTERDAY
  MAXIMUM         75    238 PM  99    1988  80     -5       81
  MINIMUM         53    437 AM  37    1992  59     -6       53
  AVERAGE         64                        69     -5       67

PRECIPITATION (IN)
  YESTERDAY        0.00          2.02 2002   0.16  -0.16     0.00
  MONTH TO DATE    2.03                      3.28  -1.25     3.87
  SINCE JUN 1      2.03                      3.28  -1.25     3.87
  SINCE JAN 1     16.30                     13.72   2.58    15.56

SNOWFALL (IN)
  YESTERDAY        0.0           0.0  2012   0.0    0.0      0.0
  MONTH TO DATE    0.0                       0.0    0.0      0.0
  SINCE JUL 1     52.7                      51.9    0.8     47.9
  SNOW DEPTH       0

DEGREE DAYS
 HEATING
  YESTERDAY        1                         1      0        0
  MONTH TO DATE    5                        47    -42       15
  SINCE JUL 1   6873                      7717   -844     6790

 COOLING
  YESTERDAY        0                         5     -5        2
  MONTH TO DATE  134                        75     59      103
  SINCE JAN 1    154                       109     45      151
..................................................................


WIND (MPH)
  HIGHEST WIND SPEED    22   HIGHEST WIND DIRECTION    SE (150)
  HIGHEST GUST SPEED    26   HIGHEST GUST DIRECTION     S (180)
  AVERAGE WIND SPEED    10.6


SKY COVER
  POSSIBLE SUNSHINE  MM
  AVERAGE SKY COVER 0.1


WEATHER CONDITIONS
 THE FOLLOWING WEATHER WAS RECORDED YESTERDAY.
  NO SIGNIFICANT WEATHER WAS OBSERVED.


RELATIVE HUMIDITY (PERCENT)
 HIGHEST    93           300 AM
 LOWEST     53           100 PM
 AVERAGE    73

..........................................................


THE ROCHESTER MN CLIMATE NORMALS FOR TODAY
                         NORMAL    RECORD    YEAR
 MAXIMUM TEMPERATURE (F)   80        94      1911
                                             1910
 MINIMUM TEMPERATURE (F)   59        41      1918


SUNRISE AND SUNSET
JUNE 22 2017..........SUNRISE   528 AM CDT   SUNSET   856 PM CDT
JUNE 23 2017..........SUNRISE   528 AM CDT   SUNSET   856 PM CDT


-  INDICATES NEGATIVE NUMBERS.
R  INDICATES RECORD WAS SET OR TIED.
MM INDICATES DATA IS MISSING.
T  INDICATES TRACE AMOUNT.




$$
