000
CDUS43 KARX 270636
CLIRST


CLIMATE REPORT
NATIONAL WEATHER SERVICE LA CROSSE WI
135 AM CDT SAT SEP 27 2014


...................................

...THE ROCHESTER MN CLIMATE SUMMARY FOR SEPTEMBER 26 2014...

CLIMATE NORMAL PERIOD 1981 TO 2010
CLIMATE RECORD PERIOD 1886 TO 2014


WEATHER ITEM   OBSERVED TIME   RECORD YEAR NORMAL DEPARTURE LAST
                VALUE   (LST)  VALUE       VALUE  FROM      YEAR
                                                  NORMAL
..................................................................
TEMPERATURE (F)
 YESTERDAY
  MAXIMUM         79    325 PM  86    1908  67     12       81
  MINIMUM         54    445 AM  26    1893  46      8       52
  AVERAGE         67                        56     11       67

PRECIPITATION (IN)
  YESTERDAY        0.00          1.47 1973   0.11  -0.11     0.00
  MONTH TO DATE    3.54                      3.04   0.50     0.84
  SINCE SEP 1      3.54                      3.04   0.50     0.84
  SINCE JAN 1     28.96                     27.23   1.73    35.54

SNOWFALL (IN)
  YESTERDAY        0.0           0.3  1942   0.0    0.0      0.0
  MONTH TO DATE    0.0                       0.0    0.0      0.0
  SINCE JUL 1      0.0                       0.0    0.0      0.0
  SNOW DEPTH       0

DEGREE DAYS
 HEATING
  YESTERDAY        0                         9     -9        0
  MONTH TO DATE  152                       135     17      105
  SINCE JUL 1    177                       173      4      139

 COOLING
  YESTERDAY        2                         1      1        2
  MONTH TO DATE   25                        51    -26       93
  SINCE JAN 1    485                       576    -91      649
..................................................................


WIND (MPH)
  HIGHEST WIND SPEED    17   HIGHEST WIND DIRECTION    SE (150)
  HIGHEST GUST SPEED    22   HIGHEST GUST DIRECTION    SE (140)
  AVERAGE WIND SPEED     8.3


SKY COVER
  POSSIBLE SUNSHINE  MM
  AVERAGE SKY COVER 0.3


WEATHER CONDITIONS
 THE FOLLOWING WEATHER WAS RECORDED YESTERDAY.
  NO SIGNIFICANT WEATHER WAS OBSERVED.


RELATIVE HUMIDITY (PERCENT)
 HIGHEST    90          1100 PM
 LOWEST     47          1200 PM
 AVERAGE    69

..........................................................


THE ROCHESTER MN CLIMATE NORMALS FOR TODAY
                         NORMAL    RECORD    YEAR
 MAXIMUM TEMPERATURE (F)   67        86      1943
 MINIMUM TEMPERATURE (F)   45        28      1942


SUNRISE AND SUNSET
SEPTEMBER 27 2014.....SUNRISE   703 AM CDT   SUNSET   658 PM CDT
SEPTEMBER 28 2014.....SUNRISE   704 AM CDT   SUNSET   656 PM CDT


-  INDICATES NEGATIVE NUMBERS.
R  INDICATES RECORD WAS SET OR TIED.
MM INDICATES DATA IS MISSING.
T  INDICATES TRACE AMOUNT.




$$
