000
CDUS43 KARX 150649
CLIRST


CLIMATE REPORT
NATIONAL WEATHER SERVICE LA CROSSE WI
145 AM CDT SUN OCT 15 2017

...THE ROCHESTER MN CLIMATE SUMMARY FOR OCTOBER 14 2017...

CLIMATE NORMAL PERIOD 1981 TO 2010
CLIMATE RECORD PERIOD 1886 TO 2017

WEATHER ITEM   OBSERVED TIME   RECORD YEAR NORMAL DEPARTURE LAST
                VALUE   (LST)  VALUE       VALUE  FROM      YEAR
                                                  NORMAL
..................................................................
TEMPERATURE (F)
 YESTERDAY
  MAXIMUM         52    255 PM  87    1947  60     -8       62
  MINIMUM         42    436 AM  15    1917  39      3       37
  AVERAGE         47                        49     -2       50

PRECIPITATION (IN)
  YESTERDAY        0.19          2.81 1966   0.07   0.12     0.00
  MONTH TO DATE    4.38                      1.15   3.23     0.66
  SINCE SEP 1      6.55                      4.60   1.95     9.76
  SINCE JAN 1     31.05                     28.79   2.26    38.03

SNOWFALL (IN)
  YESTERDAY        0.0           0.6  2009   0.0    0.0      0.0
  MONTH TO DATE    0.0                       0.1   -0.1      0.0
  SINCE JUL 1      0.0                       0.1   -0.1      0.0
  SNOW DEPTH       0

DEGREE DAYS
 HEATING
  YESTERDAY       18                        16      2       15
  MONTH TO DATE  145                       192    -47      152
  SINCE JUL 1    297                       407   -110      229

 COOLING
  YESTERDAY        0                         0      0        0
  MONTH TO DATE    1                         4     -3        1
  SINCE JAN 1    494                       583    -89      629
..................................................................

WIND (MPH)
  HIGHEST WIND SPEED    21   HIGHEST WIND DIRECTION    NW (320)
  HIGHEST GUST SPEED    27   HIGHEST GUST DIRECTION    NW (300)
  AVERAGE WIND SPEED    11.2

SKY COVER
  POSSIBLE SUNSHINE  MM
  AVERAGE SKY COVER 0.7

WEATHER CONDITIONS
 THE FOLLOWING WEATHER WAS RECORDED YESTERDAY.
  RAIN
  LIGHT RAIN
  FOG

RELATIVE HUMIDITY (PERCENT)
 HIGHEST   100           300 PM
 LOWEST     82           400 AM
 AVERAGE    91
..........................................................

THE ROCHESTER MN CLIMATE NORMALS FOR TODAY
                         NORMAL    RECORD    YEAR
 MAXIMUM TEMPERATURE (F)   59        84      1958
                                             1953
                                             1947
 MINIMUM TEMPERATURE (F)   39        16      1937

SUNRISE AND SUNSET
OCTOBER 15 2017.......SUNRISE   725 AM CDT   SUNSET   626 PM CDT
OCTOBER 16 2017.......SUNRISE   726 AM CDT   SUNSET   624 PM CDT

-  INDICATES NEGATIVE NUMBERS.
R  INDICATES RECORD WAS SET OR TIED.
MM INDICATES DATA IS MISSING.
T  INDICATES TRACE AMOUNT.

$$

Boyne
