000
CDUS43 KARX 200701
CLIRST


CLIMATE REPORT
NATIONAL WEATHER SERVICE LA CROSSE WI
157 AM CDT SAT SEP 20 2014

...THE ROCHESTER MN CLIMATE SUMMARY FOR SEPTEMBER 19 2014...

CLIMATE NORMAL PERIOD 1981 TO 2010
CLIMATE RECORD PERIOD 1886 TO 2014

WEATHER ITEM   OBSERVED TIME   RECORD YEAR NORMAL DEPARTURE LAST
                VALUE   (LST)  VALUE       VALUE  FROM      YEAR
                                                  NORMAL
..................................................................
TEMPERATURE (F)
 YESTERDAY
  MAXIMUM         76    400 PM  92    1908  70      6       82
  MINIMUM         53    632 AM  30    1991  49      4       64
                                      1929
  AVERAGE         65                        60      5       73

PRECIPITATION (IN)
  YESTERDAY        0.10          2.51 1983   0.11  -0.01      T
  MONTH TO DATE    3.11                      2.25   0.86     0.84
  SINCE SEP 1      3.11                      2.25   0.86     0.84
  SINCE JAN 1     28.53                     26.44   2.09    35.54

SNOWFALL (IN)
  YESTERDAY        0.0           0.0  2012   0.0    0.0      0.0
  MONTH TO DATE    0.0                       0.0    0.0      0.0
  SINCE JUL 1      0.0                       0.0    0.0      0.0
  SNOW DEPTH       0

DEGREE DAYS
 HEATING
  YESTERDAY        0                         7     -7        0
  MONTH TO DATE  122                        78     44       61
  SINCE JUL 1    147                       116     31       95

 COOLING
  YESTERDAY        0                         1     -1        8
  MONTH TO DATE   23                        44    -21       91
  SINCE JAN 1    483                       569    -86      647
..................................................................

WIND (MPH)
  HIGHEST WIND SPEED    31   HIGHEST WIND DIRECTION     S (180)
  HIGHEST GUST SPEED    43   HIGHEST GUST DIRECTION     S (180)
  AVERAGE WIND SPEED    18.3

SKY COVER
  POSSIBLE SUNSHINE  MM
  AVERAGE SKY COVER 0.1

WEATHER CONDITIONS
 THE FOLLOWING WEATHER WAS RECORDED YESTERDAY.
  THUNDERSTORM
  LIGHT RAIN
  FOG

RELATIVE HUMIDITY (PERCENT)
 HIGHEST    89           300 AM
 LOWEST     57           100 PM
 AVERAGE    73
..........................................................

THE ROCHESTER MN CLIMATE NORMALS FOR TODAY
                         NORMAL    RECORD    YEAR
 MAXIMUM TEMPERATURE (F)   70        92      1908
 MINIMUM TEMPERATURE (F)   48        28      1991

SUNRISE AND SUNSET
SEPTEMBER 20 2014.....SUNRISE   655 AM CDT   SUNSET   711 PM CDT
SEPTEMBER 21 2014.....SUNRISE   656 AM CDT   SUNSET   709 PM CDT

-  INDICATES NEGATIVE NUMBERS.
R  INDICATES RECORD WAS SET OR TIED.
MM INDICATES DATA IS MISSING.
T  INDICATES TRACE AMOUNT.

$$

BOYNE
