000
CDUS43 KARX 140641
CLIRST


CLIMATE REPORT
NATIONAL WEATHER SERVICE LA CROSSE WI
1240 AM CST THU DEC 14 2017


...................................

...THE ROCHESTER MN CLIMATE SUMMARY FOR DECEMBER 13 2017...

CLIMATE NORMAL PERIOD 1981 TO 2010
CLIMATE RECORD PERIOD 1886 TO 2017


WEATHER ITEM   OBSERVED TIME   RECORD YEAR NORMAL DEPARTURE LAST
                VALUE   (LST)  VALUE       VALUE  FROM      YEAR
                                                  NORMAL
..................................................................
TEMPERATURE (F)
 YESTERDAY
  MAXIMUM         33    820 AM  62    1908  27      6       10
  MINIMUM         15   1159 PM -21    1958  13      2      -11
                                      1942
  AVERAGE         24                        20      4        0

PRECIPITATION (IN)
  YESTERDAY        T             0.58 1975   0.04  -0.04     0.00
  MONTH TO DATE    0.25                      0.61  -0.36     0.91
  SINCE DEC 1      0.25                      0.61  -0.36     0.91
  SINCE JAN 1     32.43                     32.40   0.03    42.39

SNOWFALL (IN)
  YESTERDAY        0.1           3.0  1983   0.4   -0.3      0.0
  MONTH TO DATE    2.0                       5.5   -3.5     11.6
  SINCE JUL 1      5.3                      12.4   -7.1     12.6
  SNOW DEPTH       T

DEGREE DAYS
 HEATING
  YESTERDAY       41                        45     -4       65
  MONTH TO DATE  497                       554    -57      586
  SINCE JUL 1   2075                      2226   -151     1721

 COOLING
  YESTERDAY        0                         0      0        0
  MONTH TO DATE    0                         0      0        0
  SINCE JAN 1    494                       585    -91      629
..................................................................


WIND (MPH)
  HIGHEST WIND SPEED    36   HIGHEST WIND DIRECTION    NW (330)
  HIGHEST GUST SPEED    43   HIGHEST GUST DIRECTION    NW (330)
  AVERAGE WIND SPEED    19.7


SKY COVER
  POSSIBLE SUNSHINE  MM
  AVERAGE SKY COVER 0.6


WEATHER CONDITIONS
 THE FOLLOWING WEATHER WAS RECORDED YESTERDAY.
  LIGHT SNOW
  FOG


RELATIVE HUMIDITY (PERCENT)
 HIGHEST    88          1200 AM
 LOWEST     74           300 PM
 AVERAGE    81

..........................................................


THE ROCHESTER MN CLIMATE NORMALS FOR TODAY
                         NORMAL    RECORD    YEAR
 MAXIMUM TEMPERATURE (F)   27        52      1998
 MINIMUM TEMPERATURE (F)   12       -21      1917


SUNRISE AND SUNSET
DECEMBER 14 2017......SUNRISE   737 AM CST   SUNSET   433 PM CST
DECEMBER 15 2017......SUNRISE   738 AM CST   SUNSET   433 PM CST


-  INDICATES NEGATIVE NUMBERS.
R  INDICATES RECORD WAS SET OR TIED.
MM INDICATES DATA IS MISSING.
T  INDICATES TRACE AMOUNT.




$$
