000
CDUS43 KARX 250656
CLIRST


CLIMATE REPORT
NATIONAL WEATHER SERVICE LA CROSSE WI
1254 AM CST TUE NOV 25 2014


...................................

...THE ROCHESTER MN CLIMATE SUMMARY FOR NOVEMBER 24 2014...

CLIMATE NORMAL PERIOD 1981 TO 2010
CLIMATE RECORD PERIOD 1886 TO 2014


WEATHER ITEM   OBSERVED TIME   RECORD YEAR NORMAL DEPARTURE LAST
                VALUE   (LST)  VALUE       VALUE  FROM      YEAR
                                                  NORMAL
..................................................................
TEMPERATURE (F)
 YESTERDAY
  MAXIMUM         33   1225 AM  60    2011  36     -3       24
  MINIMUM         15   1034 PM -11    1893  21     -6        2
  AVERAGE         24                        29     -5       13

PRECIPITATION (IN)
  YESTERDAY        0.09          0.74 2001   0.06   0.03     0.00
  MONTH TO DATE    0.70                      1.56  -0.86     1.76
  SINCE SEP 1      6.61                      7.25  -0.64     5.96
  SINCE JAN 1     32.80                     31.44   1.36    40.66

SNOWFALL (IN)
  YESTERDAY        0.9           2.2  1996   0.3    0.6      0.0
                                      1997
  MONTH TO DATE    5.7                       4.2    1.5      1.3
  SINCE JUL 1      5.7                       5.0    0.7      1.3
  SNOW DEPTH       1

DEGREE DAYS
 HEATING
  YESTERDAY       41                        36      5       52
  MONTH TO DATE  918                       708    210      769
  SINCE JUL 1   1663                      1444    219     1452

 COOLING
  YESTERDAY        0                         0      0        0
  MONTH TO DATE    0                         0      0        0
  SINCE JAN 1    491                       585    -94      656
..................................................................


WIND (MPH)
  HIGHEST WIND SPEED    32   HIGHEST WIND DIRECTION    NW (300)
  HIGHEST GUST SPEED    37   HIGHEST GUST DIRECTION    NW (320)
  AVERAGE WIND SPEED    22.8


SKY COVER
  POSSIBLE SUNSHINE  MM
  AVERAGE SKY COVER 0.9


WEATHER CONDITIONS
 THE FOLLOWING WEATHER WAS RECORDED YESTERDAY.
  LIGHT RAIN
  LIGHT SNOW
  FOG
  HAZE
  BLOWING SNOW


RELATIVE HUMIDITY (PERCENT)
 HIGHEST    96           900 AM
 LOWEST     77           100 PM
 AVERAGE    87

..........................................................


THE ROCHESTER MN CLIMATE NORMALS FOR TODAY
                         NORMAL    RECORD    YEAR
 MAXIMUM TEMPERATURE (F)   36        61      1960
 MINIMUM TEMPERATURE (F)   21       -12      1977


SUNRISE AND SUNSET
NOVEMBER 25 2014......SUNRISE   717 AM CST   SUNSET   436 PM CST
NOVEMBER 26 2014......SUNRISE   719 AM CST   SUNSET   436 PM CST


-  INDICATES NEGATIVE NUMBERS.
R  INDICATES RECORD WAS SET OR TIED.
MM INDICATES DATA IS MISSING.
T  INDICATES TRACE AMOUNT.




$$
