000
CDUS43 KARX 230652
CLIRST


CLIMATE REPORT
NATIONAL WEATHER SERVICE LA CROSSE WI
150 AM CDT SAT AUG 23 2014

...THE ROCHESTER MN CLIMATE SUMMARY FOR AUGUST 22 2014...

CLIMATE NORMAL PERIOD 1981 TO 2010
CLIMATE RECORD PERIOD 1886 TO 2014

WEATHER ITEM   OBSERVED TIME   RECORD YEAR NORMAL DEPARTURE LAST
                VALUE   (LST)  VALUE       VALUE  FROM      YEAR
                                                  NORMAL
..................................................................
TEMPERATURE (F)
 YESTERDAY
  MAXIMUM         84    411 PM  96    1916  78      6       81
  MINIMUM         70   1159 PM  38    1920  59     11       66
  AVERAGE         77                        69      8       74

PRECIPITATION (IN)
  YESTERDAY        0.00          2.43 1973   0.15  -0.15     0.37
  MONTH TO DATE    2.20                      3.25  -1.05     1.79
  SINCE JUN 1     10.93                     12.48  -1.55    10.79
  SINCE JAN 1     22.26                     22.92  -0.66    34.69

SNOWFALL (IN)
  YESTERDAY        0.0           0.0  2012   0.0    0.0      0.0
  MONTH TO DATE    0.0                       0.0    0.0      0.0
  SINCE JUL 1      0.0                       0.0    0.0      0.0
  SNOW DEPTH       0

DEGREE DAYS
 HEATING
  YESTERDAY        0                         1     -1        0
  MONTH TO DATE    0                        19    -19       11
  SINCE JUL 1     22                        30     -8       34

 COOLING
  YESTERDAY       12                         5      7        9
  MONTH TO DATE  125                       120      5       57
  SINCE JAN 1    405                       491    -86      442
..................................................................

WIND (MPH)
  HIGHEST WIND SPEED    13   HIGHEST WIND DIRECTION     N (10)
  HIGHEST GUST SPEED    15   HIGHEST GUST DIRECTION     N (360)
  AVERAGE WIND SPEED     5.8

SKY COVER
  POSSIBLE SUNSHINE  MM
  AVERAGE SKY COVER 0.4

WEATHER CONDITIONS
 THE FOLLOWING WEATHER WAS RECORDED YESTERDAY.
  FOG
  FOG W/VISIBILITY <= 1/4 MILE
  HAZE

RELATIVE HUMIDITY (PERCENT)
 HIGHEST   100           600 AM
 LOWEST     65          1200 PM
 AVERAGE    83
..........................................................

THE ROCHESTER MN CLIMATE NORMALS FOR TODAY
                         NORMAL    RECORD    YEAR
 MAXIMUM TEMPERATURE (F)   78       100      1948
 MINIMUM TEMPERATURE (F)   59        37      1920

SUNRISE AND SUNSET
AUGUST 23 2014........SUNRISE   623 AM CDT   SUNSET   801 PM CDT
AUGUST 24 2014........SUNRISE   624 AM CDT   SUNSET   800 PM CDT

-  INDICATES NEGATIVE NUMBERS.
R  INDICATES RECORD WAS SET OR TIED.
MM INDICATES DATA IS MISSING.
T  INDICATES TRACE AMOUNT.

$$

BOYNE
