000
CDUS43 KARX 222133
CLIRST


CLIMATE REPORT
NATIONAL WEATHER SERVICE LA CROSSE WI
432 PM CDT SUN MAR 22 2015


...................................

...THE ROCHESTER MN CLIMATE SUMMARY FOR MARCH 22 2015...
VALID TODAY AS OF 0400 PM LOCAL TIME.

CLIMATE NORMAL PERIOD 1981 TO 2010
CLIMATE RECORD PERIOD 1886 TO 2015


WEATHER ITEM   OBSERVED TIME   RECORD YEAR NORMAL DEPARTURE LAST
                VALUE   (LST)  VALUE       VALUE  FROM      YEAR
                                                  NORMAL
..................................................................
TEMPERATURE (F)
 TODAY
  MAXIMUM         33    958 AM  77    1938  44    -11       27
  MINIMUM         27   1242 PM -12    1888  27      0       13
  AVERAGE         30                        35     -5       20

PRECIPITATION (IN)
  TODAY            0.20          2.20 2011   0.07   0.13      T
  MONTH TO DATE    0.24                      1.21  -0.97     0.66
  SINCE MAR 1      0.24                      1.21  -0.97     0.66
  SINCE JAN 1      1.60                      2.90  -1.30     3.42

SNOWFALL (IN)
  TODAY            T            10.2  1952   0.2   -0.2       T
  MONTH TO DATE    0.3                       6.8   -6.5      5.8
  SINCE JUL 1     38.3                      46.7   -8.4     53.6
  SNOW DEPTH       T

DEGREE DAYS
 HEATING
  TODAY           35                        30      5       45
  MONTH TO DATE  710                       764    -54      946
  SINCE JUL 1   7005                      6625    380     7671

 COOLING
  TODAY            0                         0      0        0
  MONTH TO DATE    0                         0      0        0
  SINCE JAN 1      0                         0      0        0
..................................................................


WIND (MPH)
  HIGHEST WIND SPEED    21   HIGHEST WIND DIRECTION     E (70)
  HIGHEST GUST SPEED    25   HIGHEST GUST DIRECTION     E (70)
  AVERAGE WIND SPEED    11.7


SKY COVER
  POSSIBLE SUNSHINE  MM
  AVERAGE SKY COVER 0.8


WEATHER CONDITIONS
 THE FOLLOWING WEATHER WAS RECORDED TODAY.
  HEAVY SNOW
  SNOW
  LIGHT SNOW
  SLEET
  FOG
  FOG W/VISIBILITY <= 1/4 MILE


RELATIVE HUMIDITY (PERCENT)
 HIGHEST    85          1100 AM
 LOWEST     43           400 AM
 AVERAGE    64

..........................................................


THE ROCHESTER MN CLIMATE NORMALS FOR TOMORROW
                         NORMAL    RECORD    YEAR
 MAXIMUM TEMPERATURE (F)   44        72      1945
 MINIMUM TEMPERATURE (F)   27        -8      1888


SUNRISE AND SUNSET
MARCH 22 2015.........SUNRISE   710 AM CDT   SUNSET   725 PM CDT
MARCH 23 2015.........SUNRISE   708 AM CDT   SUNSET   726 PM CDT


-  INDICATES NEGATIVE NUMBERS.
R  INDICATES RECORD WAS SET OR TIED.
MM INDICATES DATA IS MISSING.
T  INDICATES TRACE AMOUNT.




$$
