000
CDUS43 KARX 160646
CLIRST


CLIMATE REPORT
NATIONAL WEATHER SERVICE LA CROSSE WI
145 AM CDT SAT SEP 16 2017

...THE ROCHESTER MN CLIMATE SUMMARY FOR SEPTEMBER 15 2017...

CLIMATE NORMAL PERIOD 1981 TO 2010
CLIMATE RECORD PERIOD 1886 TO 2017

WEATHER ITEM   OBSERVED TIME   RECORD YEAR NORMAL DEPARTURE LAST
                VALUE   (LST)  VALUE       VALUE  FROM      YEAR
                                                  NORMAL
..................................................................
TEMPERATURE (F)
 YESTERDAY
  MAXIMUM         86    335 PM  96    1939  72     14       77
  MINIMUM         64    613 AM  31    2011  51     13       53
  AVERAGE         75                        61     14       65

PRECIPITATION (IN)
  YESTERDAY        T             3.17 1941   0.11  -0.11     1.19
  MONTH TO DATE    0.28                      1.80  -1.52     4.56
  SINCE SEP 1      0.28                      1.80  -1.52     4.56
  SINCE JAN 1     24.78                     25.99  -1.21    32.83

SNOWFALL (IN)
  YESTERDAY        0.0           0.0  2012   0.0    0.0      0.0
  MONTH TO DATE    0.0                       0.0    0.0      0.0
  SINCE JUL 1      0.0                       0.0    0.0      0.0
  SNOW DEPTH       0

DEGREE DAYS
 HEATING
  YESTERDAY        0                         5     -5        0
  MONTH TO DATE   51                        53     -2       18
  SINCE JUL 1     92                        91      1       29

 COOLING
  YESTERDAY       10                         2      8        0
  MONTH TO DATE   31                        38     -7       34
  SINCE JAN 1    433                       563   -130      607
..................................................................

WIND (MPH)
  HIGHEST WIND SPEED    20   HIGHEST WIND DIRECTION     S (160)
  HIGHEST GUST SPEED    28   HIGHEST GUST DIRECTION     S (160)
  AVERAGE WIND SPEED    12.6

SKY COVER
  POSSIBLE SUNSHINE  MM
  AVERAGE SKY COVER 0.0

WEATHER CONDITIONS
 THE FOLLOWING WEATHER WAS RECORDED YESTERDAY.
  LIGHT RAIN

RELATIVE HUMIDITY (PERCENT)
 HIGHEST    84           400 AM
 LOWEST     47           400 PM
 AVERAGE    66
..........................................................

THE ROCHESTER MN CLIMATE NORMALS FOR TODAY
                         NORMAL    RECORD    YEAR
 MAXIMUM TEMPERATURE (F)   71        96      1939
 MINIMUM TEMPERATURE (F)   50        28      1937

SUNRISE AND SUNSET
SEPTEMBER 16 2017.....SUNRISE   651 AM CDT   SUNSET   718 PM CDT
SEPTEMBER 17 2017.....SUNRISE   652 AM CDT   SUNSET   716 PM CDT

-  INDICATES NEGATIVE NUMBERS.
R  INDICATES RECORD WAS SET OR TIED.
MM INDICATES DATA IS MISSING.
T  INDICATES TRACE AMOUNT.

$$

Boyne
