000
CDUS43 KARX 272129
CLIRST


CLIMATE REPORT
NATIONAL WEATHER SERVICE LA CROSSE WI
427 PM CDT SAT SEP 27 2014


...................................

...THE ROCHESTER MN CLIMATE SUMMARY FOR SEPTEMBER 27 2014...
VALID TODAY AS OF 0400 PM LOCAL TIME.

CLIMATE NORMAL PERIOD 1981 TO 2010
CLIMATE RECORD PERIOD 1886 TO 2014


WEATHER ITEM   OBSERVED TIME   RECORD YEAR NORMAL DEPARTURE LAST
                VALUE   (LST)  VALUE       VALUE  FROM      YEAR
                                                  NORMAL
..................................................................
TEMPERATURE (F)
 TODAY
  MAXIMUM         80    244 PM  86    1943  67     13       83
  MINIMUM         57    642 AM  28    1942  45     12       60
  AVERAGE         69                        56     13       72

PRECIPITATION (IN)
  TODAY            0.00          1.34 1965   0.10  -0.10     0.00
  MONTH TO DATE    3.54                      3.14   0.40     0.84
  SINCE SEP 1      3.54                      3.14   0.40     0.84
  SINCE JAN 1     28.96                     27.33   1.63    35.54

SNOWFALL (IN)
  TODAY            0.0           0.0  2012   0.0    0.0      0.0
  MONTH TO DATE    0.0                       0.0    0.0      0.0
  SINCE JUL 1      0.0                       0.0    0.0      0.0
  SNOW DEPTH       0

DEGREE DAYS
 HEATING
  TODAY            0                        10    -10        0
  MONTH TO DATE  152                       145      7      105
  SINCE JUL 1    177                       183     -6      139

 COOLING
  TODAY            4                         1      3        7
  MONTH TO DATE   29                        52    -23      100
  SINCE JAN 1    489                       577    -88      656
..................................................................


WIND (MPH)
  HIGHEST WIND SPEED    16   HIGHEST WIND DIRECTION     S (200)
  HIGHEST GUST SPEED    20   HIGHEST GUST DIRECTION     S (200)
  AVERAGE WIND SPEED     8.1


SKY COVER
  POSSIBLE SUNSHINE  MM
  AVERAGE SKY COVER 0.1


WEATHER CONDITIONS
 THE FOLLOWING WEATHER WAS RECORDED TODAY.
  FOG
  HAZE


RELATIVE HUMIDITY (PERCENT)
 HIGHEST    93           400 AM
 LOWEST     45           100 PM
 AVERAGE    69

..........................................................


THE ROCHESTER MN CLIMATE NORMALS FOR TOMORROW
                         NORMAL    RECORD    YEAR
 MAXIMUM TEMPERATURE (F)   66        83      1971
                                             1956
                                             1952
 MINIMUM TEMPERATURE (F)   45        22      1942
                                             1893


SUNRISE AND SUNSET
SEPTEMBER 27 2014.....SUNRISE   703 AM CDT   SUNSET   658 PM CDT
SEPTEMBER 28 2014.....SUNRISE   704 AM CDT   SUNSET   656 PM CDT


-  INDICATES NEGATIVE NUMBERS.
R  INDICATES RECORD WAS SET OR TIED.
MM INDICATES DATA IS MISSING.
T  INDICATES TRACE AMOUNT.




$$
