000
CDUS43 KARX 090715
CLIRST


CLIMATE REPORT
NATIONAL WEATHER SERVICE LA CROSSE WI
111 AM CST SAT DEC 9 2017


...................................

...THE ROCHESTER MN CLIMATE SUMMARY FOR DECEMBER 8 2017...

CLIMATE NORMAL PERIOD 1981 TO 2010
CLIMATE RECORD PERIOD 1886 TO 2017


WEATHER ITEM   OBSERVED TIME   RECORD YEAR NORMAL DEPARTURE LAST
                VALUE   (LST)  VALUE       VALUE  FROM      YEAR
                                                  NORMAL
..................................................................
TEMPERATURE (F)
 YESTERDAY
  MAXIMUM         31    208 PM  58    1946  29      2       21
  MINIMUM         16    731 AM -18    1947  15      1       12
  AVERAGE         24                        22      2       17

PRECIPITATION (IN)
  YESTERDAY        0.01          0.51 1987   0.05  -0.04      T
  MONTH TO DATE    0.08                      0.39  -0.31     0.40
  SINCE DEC 1      0.08                      0.39  -0.31     0.40
  SINCE JAN 1     32.26                     32.18   0.08    41.88

SNOWFALL (IN)
  YESTERDAY        0.2           8.3  2009   0.4   -0.2       T
  MONTH TO DATE    0.7                       3.3   -2.6      3.3
  SINCE JUL 1      4.0                      10.2   -6.2      4.3
  SNOW DEPTH       T

DEGREE DAYS
 HEATING
  YESTERDAY       41                        43     -2       48
  MONTH TO DATE  284                       332    -48      304
  SINCE JUL 1   1862                      2004   -142     1439

 COOLING
  YESTERDAY        0                         0      0        0
  MONTH TO DATE    0                         0      0        0
  SINCE JAN 1    494                       585    -91      629
..................................................................


WIND (MPH)
  HIGHEST WIND SPEED    24   HIGHEST WIND DIRECTION    NW (330)
  HIGHEST GUST SPEED    30   HIGHEST GUST DIRECTION     N (340)
  AVERAGE WIND SPEED    13.3


SKY COVER
  POSSIBLE SUNSHINE  MM
  AVERAGE SKY COVER 0.5


WEATHER CONDITIONS
 THE FOLLOWING WEATHER WAS RECORDED YESTERDAY.
  LIGHT SNOW
  FOG


RELATIVE HUMIDITY (PERCENT)
 HIGHEST    92           700 PM
 LOWEST     69           100 PM
 AVERAGE    81

..........................................................


THE ROCHESTER MN CLIMATE NORMALS FOR TODAY
                         NORMAL    RECORD    YEAR
 MAXIMUM TEMPERATURE (F)   29        52      1918
 MINIMUM TEMPERATURE (F)   14       -22      1947


SUNRISE AND SUNSET
DECEMBER  9 2017......SUNRISE   733 AM CST   SUNSET   432 PM CST
DECEMBER 10 2017......SUNRISE   734 AM CST   SUNSET   432 PM CST


-  INDICATES NEGATIVE NUMBERS.
R  INDICATES RECORD WAS SET OR TIED.
MM INDICATES DATA IS MISSING.
T  INDICATES TRACE AMOUNT.




$$
