000
CDUS43 KARX 240657
CLIRST


CLIMATE REPORT
NATIONAL WEATHER SERVICE LA CROSSE WI
152 AM CDT SUN JUL 24 2016

...THE ROCHESTER MN CLIMATE SUMMARY FOR JULY 23 2016...

CLIMATE NORMAL PERIOD 1981 TO 2010
CLIMATE RECORD PERIOD 1886 TO 2016

WEATHER ITEM   OBSERVED TIME   RECORD YEAR NORMAL DEPARTURE LAST
                VALUE   (LST)  VALUE       VALUE  FROM      YEAR
                                                  NORMAL
..................................................................
TEMPERATURE (F)
 YESTERDAY
  MAXIMUM         78    817 AM 101    1934  81     -3       79
  MINIMUM         71    959 PM  44    1887  61     10       57
  AVERAGE         75                        71      4       68

PRECIPITATION (IN)
  YESTERDAY        1.11          1.73 1968   0.14   0.97     0.00
  MONTH TO DATE    5.41                      3.41   2.00     2.77
  SINCE JUN 1     10.65                      8.09   2.56     7.23
  SINCE JAN 1     22.34                     18.53   3.81    19.84

SNOWFALL (IN)
  YESTERDAY        0.0           0.0  2012   0.0    0.0      0.0
  MONTH TO DATE    0.0                       0.0    0.0      0.0
  SINCE JUL 1      0.0                       0.0    0.0      0.0
  SNOW DEPTH       0

DEGREE DAYS
 HEATING
  YESTERDAY        0                         0      0        0
  MONTH TO DATE    4                         0      4       17
  SINCE JUL 1      4                         0      4       17

 COOLING
  YESTERDAY       10                         7      3        3
  MONTH TO DATE  155                       161     -6      103
  SINCE JAN 1    344                       325     19      216
..................................................................

WIND (MPH)
  HIGHEST WIND SPEED    22   HIGHEST WIND DIRECTION     S (160)
  HIGHEST GUST SPEED    32   HIGHEST GUST DIRECTION    SE (130)
  AVERAGE WIND SPEED    10.3

SKY COVER
  POSSIBLE SUNSHINE  MM
  AVERAGE SKY COVER 0.7

WEATHER CONDITIONS
 THE FOLLOWING WEATHER WAS RECORDED YESTERDAY.
  THUNDERSTORM
  HEAVY RAIN
  RAIN
  LIGHT RAIN
  FOG

RELATIVE HUMIDITY (PERCENT)
 HIGHEST   100           100 AM
 LOWEST     82           500 PM
 AVERAGE    91
..........................................................

THE ROCHESTER MN CLIMATE NORMALS FOR TODAY
                         NORMAL    RECORD    YEAR
 MAXIMUM TEMPERATURE (F)   81        99      1941
                                             1934
 MINIMUM TEMPERATURE (F)   61        45      1887

SUNRISE AND SUNSET
JULY 24 2016..........SUNRISE   551 AM CDT   SUNSET   842 PM CDT
JULY 25 2016..........SUNRISE   552 AM CDT   SUNSET   841 PM CDT

-  INDICATES NEGATIVE NUMBERS.
R  INDICATES RECORD WAS SET OR TIED.
MM INDICATES DATA IS MISSING.
T  INDICATES TRACE AMOUNT.

$$

BOYNE
