000
CDUS43 KARX 170709
CLIRST


CLIMATE REPORT
NATIONAL WEATHER SERVICE LA CROSSE WI
208 AM CDT WED MAY 17 2017


...................................

...THE ROCHESTER MN CLIMATE SUMMARY FOR MAY 16 2017...

CLIMATE NORMAL PERIOD 1981 TO 2010
CLIMATE RECORD PERIOD 1886 TO 2017


WEATHER ITEM   OBSERVED TIME   RECORD YEAR NORMAL DEPARTURE LAST
                VALUE   (LST)  VALUE       VALUE  FROM      YEAR
                                                  NORMAL
..................................................................
TEMPERATURE (F)
 YESTERDAY
  MAXIMUM         87    150 PM  92    1936  69     18       68
  MINIMUM         61    547 AM  29    1956  47     14       46
                                      1929
  AVERAGE         74                        58     16       57

PRECIPITATION (IN)
  YESTERDAY        0.09          1.55 1999   0.12  -0.03     0.02
  MONTH TO DATE    0.44                      1.84  -1.40     1.54
  SINCE MAR 1      7.86                      6.96   0.90     7.24
  SINCE JAN 1     11.64                      8.65   2.99     8.64

SNOWFALL (IN)
  YESTERDAY        0.0           0.0  2012   0.0    0.0      0.0
  MONTH TO DATE    0.0                       0.2   -0.2      0.0
  SINCE JUL 1     52.7                      52.1    0.6     47.9
  SNOW DEPTH       0

DEGREE DAYS
 HEATING
  YESTERDAY        0                         8     -8        8
  MONTH TO DATE  139                       157    -18      193
  SINCE JUL 1   6723                      7582   -859     6739

 COOLING
  YESTERDAY        9                         1      8        0
  MONTH TO DATE   20                         9     11        9
  SINCE JAN 1     20                        13      7       10
..................................................................


WIND (MPH)
  HIGHEST WIND SPEED    44   HIGHEST WIND DIRECTION    SW (230)
  HIGHEST GUST SPEED    57   HIGHEST GUST DIRECTION    SW (240)
  AVERAGE WIND SPEED    20.1


SKY COVER
  POSSIBLE SUNSHINE  MM
  AVERAGE SKY COVER 0.6


WEATHER CONDITIONS
 THE FOLLOWING WEATHER WAS RECORDED YESTERDAY.
  THUNDERSTORM
  RAIN
  LIGHT RAIN
  FOG


RELATIVE HUMIDITY (PERCENT)
 HIGHEST    90           600 AM
 LOWEST     42           200 PM
 AVERAGE    66

..........................................................


THE ROCHESTER MN CLIMATE NORMALS FOR TODAY
                         NORMAL    RECORD    YEAR
 MAXIMUM TEMPERATURE (F)   69        91      1934
 MINIMUM TEMPERATURE (F)   48        29      1930


SUNRISE AND SUNSET
MAY 17 2017...........SUNRISE   542 AM CDT   SUNSET   832 PM CDT
MAY 18 2017...........SUNRISE   541 AM CDT   SUNSET   833 PM CDT


-  INDICATES NEGATIVE NUMBERS.
R  INDICATES RECORD WAS SET OR TIED.
MM INDICATES DATA IS MISSING.
T  INDICATES TRACE AMOUNT.




$$
