000
CDUS43 KARX 130641
CLIRST


CLIMATE REPORT
NATIONAL WEATHER SERVICE LA CROSSE WI
1241 AM CST WED DEC 13 2017


...................................

...THE ROCHESTER MN CLIMATE SUMMARY FOR DECEMBER 12 2017...

CLIMATE NORMAL PERIOD 1981 TO 2010
CLIMATE RECORD PERIOD 1886 TO 2017


WEATHER ITEM   OBSERVED TIME   RECORD YEAR NORMAL DEPARTURE LAST
                VALUE   (LST)  VALUE       VALUE  FROM      YEAR
                                                  NORMAL
..................................................................
TEMPERATURE (F)
 YESTERDAY
  MAXIMUM         27   1008 PM  58    1968  28     -1       13
  MINIMUM          4    808 AM -20    1958  13     -9       -1
  AVERAGE         16                        20     -4        6

PRECIPITATION (IN)
  YESTERDAY        0.00          1.00 1991   0.04  -0.04      T
  MONTH TO DATE    0.25                      0.57  -0.32     0.91
  SINCE DEC 1      0.25                      0.57  -0.32     0.91
  SINCE JAN 1     32.43                     32.36   0.07    42.39

SNOWFALL (IN)
  YESTERDAY        0.0           6.0  1972   0.5   -0.5       T
  MONTH TO DATE    1.9                       5.1   -3.2     11.6
  SINCE JUL 1      5.2                      12.0   -6.8     12.6
  SNOW DEPTH       T

DEGREE DAYS
 HEATING
  YESTERDAY       49                        45      4       59
  MONTH TO DATE  456                       509    -53      521
  SINCE JUL 1   2034                      2181   -147     1656

 COOLING
  YESTERDAY        0                         0      0        0
  MONTH TO DATE    0                         0      0        0
  SINCE JAN 1    494                       585    -91      629
..................................................................


WIND (MPH)
  HIGHEST WIND SPEED    22   HIGHEST WIND DIRECTION    NW (330)
  HIGHEST GUST SPEED    26   HIGHEST GUST DIRECTION    NW (330)
  AVERAGE WIND SPEED    11.6


SKY COVER
  POSSIBLE SUNSHINE  MM
  AVERAGE SKY COVER 0.5


WEATHER CONDITIONS
 THE FOLLOWING WEATHER WAS RECORDED YESTERDAY.
  NO SIGNIFICANT WEATHER WAS OBSERVED.


RELATIVE HUMIDITY (PERCENT)
 HIGHEST    96           700 AM
 LOWEST     67           300 PM
 AVERAGE    82

..........................................................


THE ROCHESTER MN CLIMATE NORMALS FOR TODAY
                         NORMAL    RECORD    YEAR
 MAXIMUM TEMPERATURE (F)   27        62      1908
 MINIMUM TEMPERATURE (F)   13       -21      1958
                                             1942


SUNRISE AND SUNSET
DECEMBER 13 2017......SUNRISE   736 AM CST   SUNSET   432 PM CST
DECEMBER 14 2017......SUNRISE   737 AM CST   SUNSET   433 PM CST


-  INDICATES NEGATIVE NUMBERS.
R  INDICATES RECORD WAS SET OR TIED.
MM INDICATES DATA IS MISSING.
T  INDICATES TRACE AMOUNT.




$$
