000
CDUS43 KARX 170639
CLIRST


CLIMATE REPORT
NATIONAL WEATHER SERVICE LA CROSSE WI
139 AM CDT FRI MAR 17 2017


...................................

...THE ROCHESTER MN CLIMATE SUMMARY FOR MARCH 16 2017...

CLIMATE NORMAL PERIOD 1981 TO 2010
CLIMATE RECORD PERIOD 1886 TO 2017


WEATHER ITEM   OBSERVED TIME   RECORD YEAR NORMAL DEPARTURE LAST
                VALUE   (LST)  VALUE       VALUE  FROM      YEAR
                                                  NORMAL
..................................................................
TEMPERATURE (F)
 YESTERDAY
  MAXIMUM         35    510 PM  78    2012  40     -5       48
  MINIMUM         14    630 AM  -9    1956  24    -10       37
  AVERAGE         25                        32     -7       43

PRECIPITATION (IN)
  YESTERDAY        T             0.82 1942   0.06  -0.06     0.10
  MONTH TO DATE    1.44                      0.81   0.63     1.45
  SINCE MAR 1      1.44                      0.81   0.63     1.45
  SINCE JAN 1      5.22                      2.50   2.72     2.85

SNOWFALL (IN)
  YESTERDAY        0.0           8.2  1942   0.3   -0.3      0.0
  MONTH TO DATE    8.4                       5.3    3.1      2.9
  SINCE JUL 1     52.7                      45.2    7.5     35.4
  SNOW DEPTH       3

DEGREE DAYS
 HEATING
  YESTERDAY       40                        33      7       22
  MONTH TO DATE  636                       578     58      413
  SINCE JUL 1   5680                      6439   -759     5613

 COOLING
  YESTERDAY        0                         0      0        0
  MONTH TO DATE    0                         0      0        0
  SINCE JAN 1      0                         0      0        0
..................................................................


WIND (MPH)
  HIGHEST WIND SPEED    24   HIGHEST WIND DIRECTION    SE (150)
  HIGHEST GUST SPEED    31   HIGHEST GUST DIRECTION    SE (150)
  AVERAGE WIND SPEED    15.8


SKY COVER
  POSSIBLE SUNSHINE  MM
  AVERAGE SKY COVER 0.6


WEATHER CONDITIONS
 THE FOLLOWING WEATHER WAS RECORDED YESTERDAY.
  LIGHT RAIN


RELATIVE HUMIDITY (PERCENT)
 HIGHEST    80          1200 AM
 LOWEST     56           100 PM
 AVERAGE    68

..........................................................


THE ROCHESTER MN CLIMATE NORMALS FOR TODAY
                         NORMAL    RECORD    YEAR
 MAXIMUM TEMPERATURE (F)   41        81      2012
 MINIMUM TEMPERATURE (F)   25       -10      1909


SUNRISE AND SUNSET
MARCH 17 2017.........SUNRISE   718 AM CDT   SUNSET   719 PM CDT
MARCH 18 2017.........SUNRISE   716 AM CDT   SUNSET   720 PM CDT


-  INDICATES NEGATIVE NUMBERS.
R  INDICATES RECORD WAS SET OR TIED.
MM INDICATES DATA IS MISSING.
T  INDICATES TRACE AMOUNT.




$$
