000
CDUS43 KARX 160756
CLIRST


CLIMATE REPORT
NATIONAL WEATHER SERVICE LA CROSSE WI
155 AM CST THU FEB 16 2017


...................................

...THE ROCHESTER MN CLIMATE SUMMARY FOR FEBRUARY 15 2017...

CLIMATE NORMAL PERIOD 1981 TO 2010
CLIMATE RECORD PERIOD 1886 TO 2017


WEATHER ITEM   OBSERVED TIME   RECORD YEAR NORMAL DEPARTURE LAST
                VALUE   (LST)  VALUE       VALUE  FROM      YEAR
                                                  NORMAL
..................................................................
TEMPERATURE (F)
 YESTERDAY
  MAXIMUM         32    440 PM  49    1931  28      4       29
  MINIMUM         19    718 AM -19    1939  12      7       15
                                      1920
  AVERAGE         26                        20      6       22

PRECIPITATION (IN)
  YESTERDAY        0.00          0.36 1962   0.03  -0.03     0.01
  MONTH TO DATE    0.05                      0.40  -0.35     0.63
  SINCE DEC 1      4.24                      2.49   1.75     4.59
  SINCE JAN 1      2.17                      1.26   0.91     1.38

SNOWFALL (IN)
  YESTERDAY        0.0           3.7  2014   0.3   -0.3      0.2
  MONTH TO DATE    0.2                       4.7   -4.5     11.1
  SINCE JUL 1     34.1                      36.1   -2.0     32.5
  SNOW DEPTH       T

DEGREE DAYS
 HEATING
  YESTERDAY       39                        45     -6       43
  MONTH TO DATE  645                       702    -57      758
  SINCE JUL 1   4648                      5310   -662     4735

 COOLING
  YESTERDAY        0                         0      0        0
  MONTH TO DATE    0                         0      0        0
  SINCE JAN 1      0                         0      0        0
..................................................................


WIND (MPH)
  HIGHEST WIND SPEED    20   HIGHEST WIND DIRECTION     N (350)
  HIGHEST GUST SPEED    24   HIGHEST GUST DIRECTION     N (360)
  AVERAGE WIND SPEED     9.6


SKY COVER
  POSSIBLE SUNSHINE  MM
  AVERAGE SKY COVER 0.0


WEATHER CONDITIONS
 THE FOLLOWING WEATHER WAS RECORDED YESTERDAY.
  NO SIGNIFICANT WEATHER WAS OBSERVED.


RELATIVE HUMIDITY (PERCENT)
 HIGHEST    85           700 PM
 LOWEST     62          1200 AM
 AVERAGE    74

..........................................................


THE ROCHESTER MN CLIMATE NORMALS FOR TODAY
                         NORMAL    RECORD    YEAR
 MAXIMUM TEMPERATURE (F)   28        59      1931
 MINIMUM TEMPERATURE (F)   13       -34      1936


SUNRISE AND SUNSET
FEBRUARY 16 2017......SUNRISE   707 AM CST   SUNSET   542 PM CST
FEBRUARY 17 2017......SUNRISE   706 AM CST   SUNSET   543 PM CST


-  INDICATES NEGATIVE NUMBERS.
R  INDICATES RECORD WAS SET OR TIED.
MM INDICATES DATA IS MISSING.
T  INDICATES TRACE AMOUNT.




$$
