000
CDUS43 KARX 280643
CLIRST


CLIMATE REPORT
NATIONAL WEATHER SERVICE LA CROSSE WI
1242 AM CST MON NOV 28 2016


...................................

...THE ROCHESTER MN CLIMATE SUMMARY FOR NOVEMBER 27 2016...

CLIMATE NORMAL PERIOD 1981 TO 2010
CLIMATE RECORD PERIOD 1886 TO 2016


WEATHER ITEM   OBSERVED TIME   RECORD YEAR NORMAL DEPARTURE LAST
                VALUE   (LST)  VALUE       VALUE  FROM      YEAR
                                                  NORMAL
..................................................................
TEMPERATURE (F)
 YESTERDAY
  MAXIMUM         44   1159 PM  64    1914  35      9       27
  MINIMUM         27    310 AM -12    1887  20      7       16
  AVERAGE         36                        27      9       22

PRECIPITATION (IN)
  YESTERDAY        0.39          1.03 1935   0.06   0.33     0.00
  MONTH TO DATE    1.22                      1.74  -0.52     2.66
  SINCE SEP 1     13.06                      7.43   5.63     6.80
  SINCE JAN 1     41.33                     31.62   9.71    31.97

SNOWFALL (IN)
  YESTERDAY        0.0           4.5  1994   0.3   -0.3      0.0
  MONTH TO DATE    0.7                       5.1   -4.4      1.5
  SINCE JUL 1      0.7                       5.9   -5.2      1.7
  SNOW DEPTH       0

DEGREE DAYS
 HEATING
  YESTERDAY       29                        38     -9       43
  MONTH TO DATE  580                       820   -240      647
  SINCE JUL 1   1055                      1556   -501     1235

 COOLING
  YESTERDAY        0                         0      0        0
  MONTH TO DATE    0                         0      0        0
  SINCE JAN 1    629                       585     44      507
..................................................................


WIND (MPH)
  HIGHEST WIND SPEED    30   HIGHEST WIND DIRECTION    SE (150)
  HIGHEST GUST SPEED    39   HIGHEST GUST DIRECTION    SE (140)
  AVERAGE WIND SPEED    14.2


SKY COVER
  POSSIBLE SUNSHINE  MM
  AVERAGE SKY COVER 0.8


WEATHER CONDITIONS
 THE FOLLOWING WEATHER WAS RECORDED YESTERDAY.
  RAIN
  LIGHT RAIN
  LT FREEZING RAIN
  FOG
  FOG W/VISIBILITY <= 1/4 MILE


RELATIVE HUMIDITY (PERCENT)
 HIGHEST   100          1200 AM
 LOWEST     82           300 PM
 AVERAGE    91

..........................................................


THE ROCHESTER MN CLIMATE NORMALS FOR TODAY
                         NORMAL    RECORD    YEAR
 MAXIMUM TEMPERATURE (F)   34        62      1909
 MINIMUM TEMPERATURE (F)   19       -24      1887


SUNRISE AND SUNSET
NOVEMBER 28 2016......SUNRISE   722 AM CST   SUNSET   434 PM CST
NOVEMBER 29 2016......SUNRISE   723 AM CST   SUNSET   434 PM CST


-  INDICATES NEGATIVE NUMBERS.
R  INDICATES RECORD WAS SET OR TIED.
MM INDICATES DATA IS MISSING.
T  INDICATES TRACE AMOUNT.




$$
