000
CDUS43 KARX 250717
CLIRST


CLIMATE REPORT
NATIONAL WEATHER SERVICE LA CROSSE WI
217 AM CDT THU SEP 25 2014


...................................

...THE ROCHESTER MN CLIMATE SUMMARY FOR SEPTEMBER 24 2014...

CLIMATE NORMAL PERIOD 1981 TO 2010
CLIMATE RECORD PERIOD 1886 TO 2014


WEATHER ITEM   OBSERVED TIME   RECORD YEAR NORMAL DEPARTURE LAST
                VALUE   (LST)  VALUE       VALUE  FROM      YEAR
                                                  NORMAL
..................................................................
TEMPERATURE (F)
 YESTERDAY
  MAXIMUM         64    129 PM  88    1937  68     -4       72
                                      1886
  MINIMUM         55    859 AM  27    1942  47      8       46
  AVERAGE         60                        57      3       59

PRECIPITATION (IN)
  YESTERDAY        0.08          2.49 2007   0.12  -0.04     0.00
  MONTH TO DATE    3.54                      2.82   0.72     0.84
  SINCE SEP 1      3.54                      2.82   0.72     0.84
  SINCE JAN 1     28.96                     27.01   1.95    35.54

SNOWFALL (IN)
  YESTERDAY        0.0           0.0  2012   0.0    0.0      0.0
  MONTH TO DATE    0.0                       0.0    0.0      0.0
  SINCE JUL 1      0.0                       0.0    0.0      0.0
  SNOW DEPTH       0

DEGREE DAYS
 HEATING
  YESTERDAY        5                         9     -4        6
  MONTH TO DATE  150                       117     33       99
  SINCE JUL 1    175                       155     20      133

 COOLING
  YESTERDAY        0                         1     -1        0
  MONTH TO DATE   23                        49    -26       91
  SINCE JAN 1    483                       574    -91      647
..................................................................


WIND (MPH)
  HIGHEST WIND SPEED    18   HIGHEST WIND DIRECTION     S (180)
  HIGHEST GUST SPEED    26   HIGHEST GUST DIRECTION     S (170)
  AVERAGE WIND SPEED     9.5


SKY COVER
  POSSIBLE SUNSHINE  MM
  AVERAGE SKY COVER 1.0


WEATHER CONDITIONS
 THE FOLLOWING WEATHER WAS RECORDED YESTERDAY.
  LIGHT RAIN
  FOG


RELATIVE HUMIDITY (PERCENT)
 HIGHEST    93           900 AM
 LOWEST     67           300 PM
 AVERAGE    80

..........................................................


THE ROCHESTER MN CLIMATE NORMALS FOR TODAY
                         NORMAL    RECORD    YEAR
 MAXIMUM TEMPERATURE (F)   68        89      1956
 MINIMUM TEMPERATURE (F)   46        26      1893


SUNRISE AND SUNSET
SEPTEMBER 25 2014.....SUNRISE   701 AM CDT   SUNSET   702 PM CDT
SEPTEMBER 26 2014.....SUNRISE   702 AM CDT   SUNSET   700 PM CDT


-  INDICATES NEGATIVE NUMBERS.
R  INDICATES RECORD WAS SET OR TIED.
MM INDICATES DATA IS MISSING.
T  INDICATES TRACE AMOUNT.




$$
