000
CDUS43 KARX 220711
CLIRST


CLIMATE REPORT
NATIONAL WEATHER SERVICE LA CROSSE WI
111 AM CST MON DEC 22 2014


...................................

...THE ROCHESTER MN CLIMATE SUMMARY FOR DECEMBER 21 2014...

CLIMATE NORMAL PERIOD 1981 TO 2010
CLIMATE RECORD PERIOD 1886 TO 2014


WEATHER ITEM   OBSERVED TIME   RECORD YEAR NORMAL DEPARTURE LAST
                VALUE   (LST)  VALUE       VALUE  FROM      YEAR
                                                  NORMAL
..................................................................
TEMPERATURE (F)
 YESTERDAY
  MAXIMUM         37    951 PM  52    1941  25     12       24
  MINIMUM         30    158 AM -28    1916  10     20       18
  AVERAGE         34                        18     16       21

PRECIPITATION (IN)
  YESTERDAY        0.04          0.82 1887   0.04   0.00      T
  MONTH TO DATE    0.24                      0.91  -0.67     0.75
  SINCE DEC 1      0.24                      0.91  -0.67     0.75
  SINCE JAN 1     33.25                     32.70   0.55    41.41

SNOWFALL (IN)
  YESTERDAY        0.0           5.8  1942   0.4   -0.4       T
  MONTH TO DATE    0.1                       8.8   -8.7      5.3
  SINCE JUL 1      9.3                      15.7   -6.4      6.6
  SNOW DEPTH       0

DEGREE DAYS
 HEATING
  YESTERDAY       31                        47    -16       44
  MONTH TO DATE  809                       924   -115     1047
  SINCE JUL 1   2756                      2596    160     2740

 COOLING
  YESTERDAY        0                         0      0        0
  MONTH TO DATE    0                         0      0        0
  SINCE JAN 1    491                       585    -94      656
..................................................................


WIND (MPH)
  HIGHEST WIND SPEED    28   HIGHEST WIND DIRECTION     S (180)
  HIGHEST GUST SPEED    36   HIGHEST GUST DIRECTION     S (190)
  AVERAGE WIND SPEED    17.9


SKY COVER
  POSSIBLE SUNSHINE  MM
  AVERAGE SKY COVER 1.0


WEATHER CONDITIONS
 THE FOLLOWING WEATHER WAS RECORDED YESTERDAY.
  LIGHT RAIN
  FOG
  FOG W/VISIBILITY <= 1/4 MILE


RELATIVE HUMIDITY (PERCENT)
 HIGHEST   100           200 AM
 LOWEST     92          1200 AM
 AVERAGE    96

..........................................................


THE ROCHESTER MN CLIMATE NORMALS FOR TODAY
                         NORMAL    RECORD    YEAR
 MAXIMUM TEMPERATURE (F)   25        52      1941
 MINIMUM TEMPERATURE (F)   10       -22      1983


SUNRISE AND SUNSET
DECEMBER 22 2014......SUNRISE   742 AM CST   SUNSET   436 PM CST
DECEMBER 23 2014......SUNRISE   742 AM CST   SUNSET   436 PM CST


-  INDICATES NEGATIVE NUMBERS.
R  INDICATES RECORD WAS SET OR TIED.
MM INDICATES DATA IS MISSING.
T  INDICATES TRACE AMOUNT.




$$
