519
CDUS43 KARX 120655
CLIRST


CLIMATE REPORT
NATIONAL WEATHER SERVICE LA CROSSE WI
1254 AM CST THU JAN 12 2017


...................................

...THE ROCHESTER MN CLIMATE SUMMARY FOR JANUARY 11 2017...

CLIMATE NORMAL PERIOD 1981 TO 2010
CLIMATE RECORD PERIOD 1886 TO 2017


WEATHER ITEM   OBSERVED TIME   RECORD YEAR NORMAL DEPARTURE LAST
                VALUE   (LST)  VALUE       VALUE  FROM      YEAR
                                                  NORMAL
..................................................................
TEMPERATURE (F)
 YESTERDAY
  MAXIMUM         11    659 AM  44    1915  23    -12       10
  MINIMUM          5   1138 PM -29    1977   8     -3      -20
  AVERAGE          8                        15     -7       -5

PRECIPITATION (IN)
  YESTERDAY        0.01          0.23 1975   0.02  -0.01     0.02
  MONTH TO DATE    0.53                      0.30   0.23     0.46
  SINCE DEC 1      2.60                      1.53   1.07     3.67
  SINCE JAN 1      0.53                      0.30   0.23     0.46

SNOWFALL (IN)
  YESTERDAY        0.1           3.0  1963   0.4   -0.3      0.4
  MONTH TO DATE    3.7                       3.8   -0.1      3.4
  SINCE JUL 1     24.4                      23.2    1.2     19.1
  SNOW DEPTH       5

DEGREE DAYS
 HEATING
  YESTERDAY       57                        50      7       70
  MONTH TO DATE  605                       541     64      539
  SINCE JUL 1   3176                      3619   -443     2970

 COOLING
  YESTERDAY        0                         0      0        0
  MONTH TO DATE    0                         0      0        0
  SINCE JAN 1      0                         0      0        0
..................................................................


WIND (MPH)
  HIGHEST WIND SPEED    21   HIGHEST WIND DIRECTION     N (350)
  HIGHEST GUST SPEED    24   HIGHEST GUST DIRECTION     N (350)
  AVERAGE WIND SPEED    11.6


SKY COVER
  POSSIBLE SUNSHINE  MM
  AVERAGE SKY COVER 0.8


WEATHER CONDITIONS
 THE FOLLOWING WEATHER WAS RECORDED YESTERDAY.
  LIGHT SNOW
  FOG
  HAZE


RELATIVE HUMIDITY (PERCENT)
 HIGHEST    92           600 AM
 LOWEST     73           300 PM
 AVERAGE    83

..........................................................


THE ROCHESTER MN CLIMATE NORMALS FOR TODAY
                         NORMAL    RECORD    YEAR
 MAXIMUM TEMPERATURE (F)   23        44      1961
 MINIMUM TEMPERATURE (F)    8       -39      1912


SUNRISE AND SUNSET
JANUARY 12 2017.......SUNRISE   742 AM CST   SUNSET   455 PM CST
JANUARY 13 2017.......SUNRISE   742 AM CST   SUNSET   456 PM CST


-  INDICATES NEGATIVE NUMBERS.
R  INDICATES RECORD WAS SET OR TIED.
MM INDICATES DATA IS MISSING.
T  INDICATES TRACE AMOUNT.




$$
