000
CDUS43 KARX 180806
CLIRST


CLIMATE REPORT
NATIONAL WEATHER SERVICE LA CROSSE WI
306 AM CDT SUN JUN 18 2017


...................................

...THE ROCHESTER MN CLIMATE SUMMARY FOR JUNE 17 2017...

CLIMATE NORMAL PERIOD 1981 TO 2010
CLIMATE RECORD PERIOD 1886 TO 2017


WEATHER ITEM   OBSERVED TIME   RECORD YEAR NORMAL DEPARTURE LAST
                VALUE   (LST)  VALUE       VALUE  FROM      YEAR
                                                  NORMAL
..................................................................
TEMPERATURE (F)
 YESTERDAY
  MAXIMUM         81    236 PM  94    1933  79      2       83
  MINIMUM         60    451 AM  35    1915  58      2       60
  AVERAGE         71                        68      3       72

PRECIPITATION (IN)
  YESTERDAY        0.32          2.06 1993   0.16   0.16     0.00
  MONTH TO DATE    1.88                      2.64  -0.76     3.66
  SINCE JUN 1      1.88                      2.64  -0.76     3.66
  SINCE JAN 1     16.15                     13.08   3.07    15.35

SNOWFALL (IN)
  YESTERDAY        0.0           0.0  2012   0.0    0.0      0.0
  MONTH TO DATE    0.0                       0.0    0.0      0.0
  SINCE JUL 1     52.7                      51.9    0.8     47.9
  SNOW DEPTH       0

DEGREE DAYS
 HEATING
  YESTERDAY        0                         1     -1        0
  MONTH TO DATE    2                        43    -41       15
  SINCE JUL 1   6870                      7713   -843     6790

 COOLING
  YESTERDAY        6                         5      1        7
  MONTH TO DATE  134                        55     79       76
  SINCE JAN 1    154                        89     65      124
..................................................................


WIND (MPH)
  HIGHEST WIND SPEED    32   HIGHEST WIND DIRECTION    SW (240)
  HIGHEST GUST SPEED    38   HIGHEST GUST DIRECTION    SW (230)
  AVERAGE WIND SPEED     8.9


SKY COVER
  POSSIBLE SUNSHINE  MM
  AVERAGE SKY COVER 0.4


WEATHER CONDITIONS
 THE FOLLOWING WEATHER WAS RECORDED YESTERDAY.
  THUNDERSTORM
  HEAVY RAIN
  RAIN
  LIGHT RAIN
  FOG


RELATIVE HUMIDITY (PERCENT)
 HIGHEST   100           100 AM
 LOWEST     42          1200 PM
 AVERAGE    71

..........................................................


THE ROCHESTER MN CLIMATE NORMALS FOR TODAY
                         NORMAL    RECORD    YEAR
 MAXIMUM TEMPERATURE (F)   79        94      1953
 MINIMUM TEMPERATURE (F)   58        41      1892


SUNRISE AND SUNSET
JUNE 18 2017..........SUNRISE   527 AM CDT   SUNSET   855 PM CDT
JUNE 19 2017..........SUNRISE   527 AM CDT   SUNSET   856 PM CDT


-  INDICATES NEGATIVE NUMBERS.
R  INDICATES RECORD WAS SET OR TIED.
MM INDICATES DATA IS MISSING.
T  INDICATES TRACE AMOUNT.




$$
