000
CDUS43 KARX 230658
CLIRST


CLIMATE REPORT
NATIONAL WEATHER SERVICE LA CROSSE WI
1258 AM CST TUE DEC 23 2014


...................................

...THE ROCHESTER MN CLIMATE SUMMARY FOR DECEMBER 22 2014...

CLIMATE NORMAL PERIOD 1981 TO 2010
CLIMATE RECORD PERIOD 1886 TO 2014


WEATHER ITEM   OBSERVED TIME   RECORD YEAR NORMAL DEPARTURE LAST
                VALUE   (LST)  VALUE       VALUE  FROM      YEAR
                                                  NORMAL
..................................................................
TEMPERATURE (F)
 YESTERDAY
  MAXIMUM         36    344 PM  52    1941  25     11       21
  MINIMUM         33   1159 PM -22    1983  10     23       -1
  AVERAGE         35                        18     17       10

PRECIPITATION (IN)
  YESTERDAY        0.08          0.46 1968   0.04   0.04     0.01
  MONTH TO DATE    0.32                      0.95  -0.63     0.76
  SINCE DEC 1      0.32                      0.95  -0.63     0.76
  SINCE JAN 1     33.33                     32.74   0.59    41.42

SNOWFALL (IN)
  YESTERDAY        T             6.7  1969   0.4   -0.4      0.1
  MONTH TO DATE    0.1                       9.2   -9.1      5.4
  SINCE JUL 1      9.3                      16.1   -6.8      6.7
  SNOW DEPTH       0

DEGREE DAYS
 HEATING
  YESTERDAY       30                        47    -17       55
  MONTH TO DATE  839                       971   -132     1102
  SINCE JUL 1   2786                      2643    143     2795

 COOLING
  YESTERDAY        0                         0      0        0
  MONTH TO DATE    0                         0      0        0
  SINCE JAN 1    491                       585    -94      656
..................................................................


WIND (MPH)
  HIGHEST WIND SPEED    20   HIGHEST WIND DIRECTION    SE (140)
  HIGHEST GUST SPEED    26   HIGHEST GUST DIRECTION     S (160)
  AVERAGE WIND SPEED    14.6


SKY COVER
  POSSIBLE SUNSHINE  MM
  AVERAGE SKY COVER 1.0


WEATHER CONDITIONS
 THE FOLLOWING WEATHER WAS RECORDED YESTERDAY.
  LIGHT RAIN
  LIGHT SNOW
  FOG


RELATIVE HUMIDITY (PERCENT)
 HIGHEST   100           800 AM
 LOWEST     92          1200 AM
 AVERAGE    96

..........................................................


THE ROCHESTER MN CLIMATE NORMALS FOR TODAY
                         NORMAL    RECORD    YEAR
 MAXIMUM TEMPERATURE (F)   25        43      1936
 MINIMUM TEMPERATURE (F)   10       -29      1983


SUNRISE AND SUNSET
DECEMBER 23 2014......SUNRISE   742 AM CST   SUNSET   436 PM CST
DECEMBER 24 2014......SUNRISE   743 AM CST   SUNSET   437 PM CST


-  INDICATES NEGATIVE NUMBERS.
R  INDICATES RECORD WAS SET OR TIED.
MM INDICATES DATA IS MISSING.
T  INDICATES TRACE AMOUNT.




$$
