000
CDUS43 KARX 162135
CLIRST


CLIMATE REPORT
NATIONAL WEATHER SERVICE LA CROSSE WI
428 PM CDT WED JUL 16 2014


...................................

...THE ROCHESTER MN CLIMATE SUMMARY FOR JULY 16 2014...
VALID TODAY AS OF 0400 PM LOCAL TIME.

CLIMATE NORMAL PERIOD 1981 TO 2010
CLIMATE RECORD PERIOD 1886 TO 2014


WEATHER ITEM   OBSERVED TIME   RECORD YEAR NORMAL DEPARTURE LAST
                VALUE   (LST)  VALUE       VALUE  FROM      YEAR
                                                  NORMAL
..................................................................
TEMPERATURE (F)
 TODAY
  MAXIMUM         74    311 PM 101    1936  82     -8       89
  MINIMUM         50    505 AM  44    1933  62    -12       72
  AVERAGE         62                        72    -10       81

PRECIPITATION (IN)
  TODAY            0.00          2.00 1957   0.15  -0.15     0.00
  MONTH TO DATE    1.58                      2.37  -0.79     1.42
  SINCE JUN 1      8.08                      7.05   1.03     8.28
  SINCE JAN 1     19.41                     17.49   1.92    32.18

SNOWFALL (IN)
  TODAY            0.0           0.0  2012   0.0    0.0      0.0
  MONTH TO DATE    0.0                       0.0    0.0      0.0
  SINCE JUL 1      0.0                       0.0    0.0      0.0
  SNOW DEPTH       0

DEGREE DAYS
 HEATING
  TODAY            3                         0      3        0
  MONTH TO DATE   21                         0     21        0
  SINCE JUL 1     21                         0     21        0

 COOLING
  TODAY            0                         7     -7       16
  MONTH TO DATE   39                       112    -73      150
  SINCE JAN 1    209                       276    -67      306
..................................................................


WIND (MPH)
  HIGHEST WIND SPEED    14   HIGHEST WIND DIRECTION     N (340)
  HIGHEST GUST SPEED    18   HIGHEST GUST DIRECTION    NE (30)
  AVERAGE WIND SPEED     7.7


SKY COVER
  POSSIBLE SUNSHINE  MM
  AVERAGE SKY COVER 0.2


WEATHER CONDITIONS
 THE FOLLOWING WEATHER WAS RECORDED TODAY.
  NO SIGNIFICANT WEATHER WAS OBSERVED.


RELATIVE HUMIDITY (PERCENT)
 HIGHEST    89           100 AM
 LOWEST     44           200 PM
 AVERAGE    67

..........................................................


THE ROCHESTER MN CLIMATE NORMALS FOR TOMORROW
                         NORMAL    RECORD    YEAR
 MAXIMUM TEMPERATURE (F)   82       102      1936
 MINIMUM TEMPERATURE (F)   62        40      1911


SUNRISE AND SUNSET
JULY 16 2014..........SUNRISE   542 AM CDT   SUNSET   849 PM CDT
JULY 17 2014..........SUNRISE   543 AM CDT   SUNSET   849 PM CDT


-  INDICATES NEGATIVE NUMBERS.
R  INDICATES RECORD WAS SET OR TIED.
MM INDICATES DATA IS MISSING.
T  INDICATES TRACE AMOUNT.




$$
