514
CDUS43 KARX 210631
CLIRST


CLIMATE REPORT
NATIONAL WEATHER SERVICE LA CROSSE WI
131 AM CDT SAT MAY 21 2016


...................................

...THE ROCHESTER MN CLIMATE SUMMARY FOR MAY 20 2016...

CLIMATE NORMAL PERIOD 1981 TO 2010
CLIMATE RECORD PERIOD 1886 TO 2016


WEATHER ITEM   OBSERVED TIME   RECORD YEAR NORMAL DEPARTURE LAST
                VALUE   (LST)  VALUE       VALUE  FROM      YEAR
                                                  NORMAL
..................................................................
TEMPERATURE (F)
 YESTERDAY
  MAXIMUM         72    401 PM  96    1934  70      2       56
  MINIMUM         51   1245 AM  30    1967  49      2       40
                                      1954
                                      1892
  AVERAGE         62                        59      3       48

PRECIPITATION (IN)
  YESTERDAY        0.00          2.97 1912   0.12  -0.12     0.00
  MONTH TO DATE    1.54                      2.30  -0.76     3.36
  SINCE MAR 1      7.24                      7.42  -0.18     9.36
  SINCE JAN 1      8.64                      9.11  -0.47    10.72

SNOWFALL (IN)
  YESTERDAY        0.0           0.0  2012   0.0    0.0      0.0
  MONTH TO DATE    0.0                       0.2   -0.2      0.0
  SINCE JUL 1     47.9                      52.1   -4.2     50.4
  SNOW DEPTH       0

DEGREE DAYS
 HEATING
  YESTERDAY        3                         7     -4       17
  MONTH TO DATE  228                       186     42      186
  SINCE JUL 1   6774                      7611   -837     7998

 COOLING
  YESTERDAY        0                         1     -1        0
  MONTH TO DATE    9                        13     -4        7
  SINCE JAN 1     10                        17     -7        7
..................................................................


WIND (MPH)
  HIGHEST WIND SPEED    17   HIGHEST WIND DIRECTION    SE (140)
  HIGHEST GUST SPEED    24   HIGHEST GUST DIRECTION    SE (150)
  AVERAGE WIND SPEED     8.0


SKY COVER
  POSSIBLE SUNSHINE  MM
  AVERAGE SKY COVER 0.4


WEATHER CONDITIONS
 THE FOLLOWING WEATHER WAS RECORDED YESTERDAY.
  NO SIGNIFICANT WEATHER WAS OBSERVED.


RELATIVE HUMIDITY (PERCENT)
 HIGHEST    71           400 AM
 LOWEST     31          1100 AM
 AVERAGE    51

..........................................................


THE ROCHESTER MN CLIMATE NORMALS FOR TODAY
                         NORMAL    RECORD    YEAR
 MAXIMUM TEMPERATURE (F)   70        88      1970
                                             1964
 MINIMUM TEMPERATURE (F)   49        31      1929


SUNRISE AND SUNSET
MAY 21 2016...........SUNRISE   538 AM CDT   SUNSET   836 PM CDT
MAY 22 2016...........SUNRISE   537 AM CDT   SUNSET   837 PM CDT


-  INDICATES NEGATIVE NUMBERS.
R  INDICATES RECORD WAS SET OR TIED.
MM INDICATES DATA IS MISSING.
T  INDICATES TRACE AMOUNT.




$$
