822
CDUS43 KARX 142229
CLIRST


CLIMATE REPORT
NATIONAL WEATHER SERVICE LA CROSSE WI
427 PM CST WED FEB 14 2018


...................................

...THE ROCHESTER MN CLIMATE SUMMARY FOR FEBRUARY 14 2018...
VALID TODAY AS OF 0400 PM LOCAL TIME.

CLIMATE NORMAL PERIOD 1981 TO 2010
CLIMATE RECORD PERIOD 1886 TO 2018


WEATHER ITEM   OBSERVED TIME   RECORD YEAR NORMAL DEPARTURE LAST
                VALUE   (LST)  VALUE       VALUE  FROM      YEAR
                                                  NORMAL
..................................................................
TEMPERATURE (F)
 TODAY
  MAXIMUM         38    359 PM  58    1954  28     10       40
  MINIMUM         17    625 AM -23    1951  12      5       25
  AVERAGE         28                        20      8       33

PRECIPITATION (IN)
  TODAY            0.00          0.80 1911   0.02  -0.02     0.00
  MONTH TO DATE    0.26                      0.37  -0.11     0.05
  SINCE DEC 1      2.19                      2.46  -0.27     4.24
  SINCE JAN 1      1.68                      1.23   0.45     2.17

SNOWFALL (IN)
  TODAY            0.0           5.5  1950   0.3   -0.3      0.0
  MONTH TO DATE    4.6                       4.4    0.2      0.2
  SINCE JUL 1     31.3                      35.8   -4.5     34.1
  SNOW DEPTH       4

DEGREE DAYS
 HEATING
  TODAY           37                        45     -8       32
  MONTH TO DATE  801                       657    144      606
  SINCE JUL 1   5386                      5265    121     4609

 COOLING
  TODAY            0                         0      0        0
  MONTH TO DATE    0                         0      0        0
  SINCE JAN 1      0                         0      0        0
..................................................................


WIND (MPH)
  HIGHEST WIND SPEED    24   HIGHEST WIND DIRECTION     S (190)
  HIGHEST GUST SPEED    31   HIGHEST GUST DIRECTION     S (190)
  AVERAGE WIND SPEED    14.8


SKY COVER
  POSSIBLE SUNSHINE  MM
  AVERAGE SKY COVER 0.0


WEATHER CONDITIONS
 THE FOLLOWING WEATHER WAS RECORDED TODAY.
  FOG


RELATIVE HUMIDITY (PERCENT)
 HIGHEST    92           200 AM
 LOWEST     76           200 PM
 AVERAGE    84

..........................................................


THE ROCHESTER MN CLIMATE NORMALS FOR TOMORROW
                         NORMAL    RECORD    YEAR
 MAXIMUM TEMPERATURE (F)   28        49      1931
 MINIMUM TEMPERATURE (F)   12       -19      1939
                                             1920


SUNRISE AND SUNSET
FEBRUARY 14 2018......SUNRISE   710 AM CST   SUNSET   539 PM CST
FEBRUARY 15 2018......SUNRISE   709 AM CST   SUNSET   540 PM CST


-  INDICATES NEGATIVE NUMBERS.
R  INDICATES RECORD WAS SET OR TIED.
MM INDICATES DATA IS MISSING.
T  INDICATES TRACE AMOUNT.




$$
