000
CDUS43 KARX 140647
CLIRST


CLIMATE REPORT
NATIONAL WEATHER SERVICE LA CROSSE WI
147 AM CDT THU SEP 14 2017


...................................

...THE ROCHESTER MN CLIMATE SUMMARY FOR SEPTEMBER 13 2017...

CLIMATE NORMAL PERIOD 1981 TO 2010
CLIMATE RECORD PERIOD 1886 TO 2017


WEATHER ITEM   OBSERVED TIME   RECORD YEAR NORMAL DEPARTURE LAST
                VALUE   (LST)  VALUE       VALUE  FROM      YEAR
                                                  NORMAL
..................................................................
TEMPERATURE (F)
 YESTERDAY
  MAXIMUM         84    244 PM  93    1908  73     11       67
  MINIMUM         55    611 AM  32    1963  52      3       54
                                      1953
                                      1888
  AVERAGE         70                        62      8       61

PRECIPITATION (IN)
  YESTERDAY        0.00          1.60 1993   0.12  -0.12     0.07
  MONTH TO DATE    0.28                      1.58  -1.30     3.37
  SINCE SEP 1      0.28                      1.58  -1.30     3.37
  SINCE JAN 1     24.78                     25.77  -0.99    31.64

SNOWFALL (IN)
  YESTERDAY        0.0           0.0  2012   0.0    0.0      0.0
  MONTH TO DATE    0.0                       0.0    0.0      0.0
  SINCE JUL 1      0.0                       0.0    0.0      0.0
  SNOW DEPTH       0

DEGREE DAYS
 HEATING
  YESTERDAY        0                         5     -5        4
  MONTH TO DATE   51                        43      8       14
  SINCE JUL 1     92                        81     11       25

 COOLING
  YESTERDAY        5                         2      3        0
  MONTH TO DATE   13                        34    -21       34
  SINCE JAN 1    415                       559   -144      607
..................................................................


WIND (MPH)
  HIGHEST WIND SPEED    12   HIGHEST WIND DIRECTION     S (170)
  HIGHEST GUST SPEED    15   HIGHEST GUST DIRECTION     S (160)
  AVERAGE WIND SPEED     7.4


SKY COVER
  POSSIBLE SUNSHINE  MM
  AVERAGE SKY COVER 0.0


WEATHER CONDITIONS
 THE FOLLOWING WEATHER WAS RECORDED YESTERDAY.
  FOG
  HAZE


RELATIVE HUMIDITY (PERCENT)
 HIGHEST   100           300 AM
 LOWEST     47           300 PM
 AVERAGE    74

..........................................................


THE ROCHESTER MN CLIMATE NORMALS FOR TODAY
                         NORMAL    RECORD    YEAR
 MAXIMUM TEMPERATURE (F)   72        95      1939
 MINIMUM TEMPERATURE (F)   51        33      1929


SUNRISE AND SUNSET
SEPTEMBER 14 2017.....SUNRISE   648 AM CDT   SUNSET   722 PM CDT
SEPTEMBER 15 2017.....SUNRISE   650 AM CDT   SUNSET   720 PM CDT


-  INDICATES NEGATIVE NUMBERS.
R  INDICATES RECORD WAS SET OR TIED.
MM INDICATES DATA IS MISSING.
T  INDICATES TRACE AMOUNT.




$$
