000
CDUS43 KARX 180659
CLIRST


CLIMATE REPORT
NATIONAL WEATHER SERVICE LA CROSSE WI
159 AM CDT THU AUG 18 2016


...................................

...THE ROCHESTER MN CLIMATE SUMMARY FOR AUGUST 17 2016...

CLIMATE NORMAL PERIOD 1981 TO 2010
CLIMATE RECORD PERIOD 1886 TO 2016


WEATHER ITEM   OBSERVED TIME   RECORD YEAR NORMAL DEPARTURE LAST
                VALUE   (LST)  VALUE       VALUE  FROM      YEAR
                                                  NORMAL
..................................................................
TEMPERATURE (F)
 YESTERDAY
  MAXIMUM         84    411 PM  99    1955  79      5       72
  MINIMUM         61    550 AM  45    1962  60      1       64
  AVERAGE         73                        69      4       68

PRECIPITATION (IN)
  YESTERDAY        T             0.87 1940   0.16  -0.16     0.18
  MONTH TO DATE    2.73                      2.50   0.23     0.57
  SINCE JUN 1     13.57                     11.73   1.84     9.97
  SINCE JAN 1     25.26                     22.17   3.09    22.58

SNOWFALL (IN)
  YESTERDAY        0.0           0.0  2012   0.0    0.0      0.0
  MONTH TO DATE    0.0                       0.0    0.0      0.0
  SINCE JUL 1      0.0                       0.0    0.0      0.0
  SNOW DEPTH       0

DEGREE DAYS
 HEATING
  YESTERDAY        0                         1     -1        0
  MONTH TO DATE    0                        14    -14        2
  SINCE JUL 1      4                        25    -21       19

 COOLING
  YESTERDAY        8                         5      3        3
  MONTH TO DATE  120                        95     25       84
  SINCE JAN 1    520                       466     54      361
..................................................................


WIND (MPH)
  HIGHEST WIND SPEED     9   HIGHEST WIND DIRECTION     E (80)
  HIGHEST GUST SPEED    10   HIGHEST GUST DIRECTION     E (80)
  AVERAGE WIND SPEED     3.3


SKY COVER
  POSSIBLE SUNSHINE  MM
  AVERAGE SKY COVER 0.2


WEATHER CONDITIONS
 THE FOLLOWING WEATHER WAS RECORDED YESTERDAY.
  LIGHT RAIN
  FOG


RELATIVE HUMIDITY (PERCENT)
 HIGHEST   100           400 AM
 LOWEST     65           200 PM
 AVERAGE    83

..........................................................


THE ROCHESTER MN CLIMATE NORMALS FOR TODAY
                         NORMAL    RECORD    YEAR
 MAXIMUM TEMPERATURE (F)   79        99      1936
 MINIMUM TEMPERATURE (F)   59        42      1915


SUNRISE AND SUNSET
AUGUST 18 2016........SUNRISE   618 AM CDT   SUNSET   809 PM CDT
AUGUST 19 2016........SUNRISE   619 AM CDT   SUNSET   807 PM CDT


-  INDICATES NEGATIVE NUMBERS.
R  INDICATES RECORD WAS SET OR TIED.
MM INDICATES DATA IS MISSING.
T  INDICATES TRACE AMOUNT.




$$
