000
CDUS43 KARX 130630
CLIRST


CLIMATE REPORT
NATIONAL WEATHER SERVICE LA CROSSE WI
130 AM CDT SUN AUG 13 2017


...................................

...THE ROCHESTER MN CLIMATE SUMMARY FOR AUGUST 12 2017...

CLIMATE NORMAL PERIOD 1981 TO 2010
CLIMATE RECORD PERIOD 1886 TO 2017


WEATHER ITEM   OBSERVED TIME   RECORD YEAR NORMAL DEPARTURE LAST
                VALUE   (LST)  VALUE       VALUE  FROM      YEAR
                                                  NORMAL
..................................................................
TEMPERATURE (F)
 YESTERDAY
  MAXIMUM         76    254 PM  95    1947  80     -4       79
  MINIMUM         54   1159 PM  43    1946  60     -6       67
  AVERAGE         65                        70     -5       73

PRECIPITATION (IN)
  YESTERDAY        0.00          2.04 1909   0.15  -0.15     0.56
  MONTH TO DATE    2.35                      1.73   0.62     2.66
  SINCE JUN 1      8.41                     10.96  -2.55    13.50
  SINCE JAN 1     22.68                     21.40   1.28    25.19

SNOWFALL (IN)
  YESTERDAY        0.0           0.0  2012   0.0    0.0      0.0
  MONTH TO DATE    0.0                       0.0    0.0      0.0
  SINCE JUL 1      0.0                       0.0    0.0      0.0
  SNOW DEPTH       0

DEGREE DAYS
 HEATING
  YESTERDAY        0                         1     -1        0
  MONTH TO DATE   14                         9      5        0
  SINCE JUL 1     15                        20     -5        4

 COOLING
  YESTERDAY        0                         5     -5        8
  MONTH TO DATE   13                        70    -57       91
  SINCE JAN 1    374                       441    -67      491
..................................................................


WIND (MPH)
  HIGHEST WIND SPEED     8   HIGHEST WIND DIRECTION     S (200)
  HIGHEST GUST SPEED    11   HIGHEST GUST DIRECTION     E (90)
  AVERAGE WIND SPEED     3.5


SKY COVER
  POSSIBLE SUNSHINE  MM
  AVERAGE SKY COVER 0.0


WEATHER CONDITIONS
 THE FOLLOWING WEATHER WAS RECORDED YESTERDAY.
  NO SIGNIFICANT WEATHER WAS OBSERVED.


RELATIVE HUMIDITY (PERCENT)
 HIGHEST    86           100 AM
 LOWEST     41          1200 PM
 AVERAGE    64

..........................................................


THE ROCHESTER MN CLIMATE NORMALS FOR TODAY
                         NORMAL    RECORD    YEAR
 MAXIMUM TEMPERATURE (F)   79        96      1918
 MINIMUM TEMPERATURE (F)   60        40      1933


SUNRISE AND SUNSET
AUGUST 13 2017........SUNRISE   612 AM CDT   SUNSET   817 PM CDT
AUGUST 14 2017........SUNRISE   613 AM CDT   SUNSET   815 PM CDT


-  INDICATES NEGATIVE NUMBERS.
R  INDICATES RECORD WAS SET OR TIED.
MM INDICATES DATA IS MISSING.
T  INDICATES TRACE AMOUNT.




$$
