000
CDUS43 KARX 050635
CLIRST


CLIMATE REPORT
NATIONAL WEATHER SERVICE LA CROSSE WI
1233 AM CST TUE DEC 5 2017


...................................

...THE ROCHESTER MN CLIMATE SUMMARY FOR DECEMBER 4 2017...

CLIMATE NORMAL PERIOD 1981 TO 2010
CLIMATE RECORD PERIOD 1886 TO 2017


WEATHER ITEM   OBSERVED TIME   RECORD YEAR NORMAL DEPARTURE LAST
                VALUE   (LST)  VALUE       VALUE  FROM      YEAR
                                                  NORMAL
..................................................................
TEMPERATURE (F)
 YESTERDAY
  MAXIMUM         64R   237 PM  57    1941  31     33       34
  MINIMUM         26   1159 PM -15    1886  16     10       31
  AVERAGE         45                        24     21       33

PRECIPITATION (IN)
  YESTERDAY        0.06          0.84 1960   0.05   0.01     0.25
  MONTH TO DATE    0.06                      0.20  -0.14     0.28
  SINCE DEC 1      0.06                      0.20  -0.14     0.28
  SINCE JAN 1     32.24                     31.99   0.25    41.76

SNOWFALL (IN)
  YESTERDAY        0.2           5.9  1973   0.4   -0.2      2.6
  MONTH TO DATE    0.2                       1.6   -1.4      2.6
  SINCE JUL 1      3.5                       8.5   -5.0      3.6
  SNOW DEPTH       0

DEGREE DAYS
 HEATING
  YESTERDAY       20                        41    -21       32
  MONTH TO DATE  100                       162    -62      132
  SINCE JUL 1   1678                      1834   -156     1267

 COOLING
  YESTERDAY        0                         0      0        0
  MONTH TO DATE    0                         0      0        0
  SINCE JAN 1    494                       585    -91      629
..................................................................


WIND (MPH)
  HIGHEST WIND SPEED    40   HIGHEST WIND DIRECTION     W (290)
  HIGHEST GUST SPEED    50   HIGHEST GUST DIRECTION     W (290)
  AVERAGE WIND SPEED    21.0


SKY COVER
  POSSIBLE SUNSHINE  MM
  AVERAGE SKY COVER 1.0


WEATHER CONDITIONS
 THE FOLLOWING WEATHER WAS RECORDED YESTERDAY.
  LIGHT RAIN
  LT FREEZING RAIN
  LIGHT SNOW
  FOG


RELATIVE HUMIDITY (PERCENT)
 HIGHEST   100           700 PM
 LOWEST     68          1200 AM
 AVERAGE    84

..........................................................


THE ROCHESTER MN CLIMATE NORMALS FOR TODAY
                         NORMAL    RECORD    YEAR
 MAXIMUM TEMPERATURE (F)   31        62      1916
 MINIMUM TEMPERATURE (F)   16       -10      1934


SUNRISE AND SUNSET
DECEMBER  5 2017......SUNRISE   729 AM CST   SUNSET   432 PM CST
DECEMBER  6 2017......SUNRISE   730 AM CST   SUNSET   432 PM CST


-  INDICATES NEGATIVE NUMBERS.
R  INDICATES RECORD WAS SET OR TIED.
MM INDICATES DATA IS MISSING.
T  INDICATES TRACE AMOUNT.




$$
