000
CDUS43 KARX 290644
CLIRST


CLIMATE REPORT
NATIONAL WEATHER SERVICE LA CROSSE WI
1241 AM CST FRI JAN 29 2016


...................................

...THE ROCHESTER MN CLIMATE SUMMARY FOR JANUARY 28 2016...

CLIMATE NORMAL PERIOD 1981 TO 2010
CLIMATE RECORD PERIOD 1886 TO 2016


WEATHER ITEM   OBSERVED TIME   RECORD YEAR NORMAL DEPARTURE LAST
                VALUE   (LST)  VALUE       VALUE  FROM      YEAR
                                                  NORMAL
..................................................................
TEMPERATURE (F)
 YESTERDAY
  MAXIMUM         34    914 AM  49    1931  24     10       33
  MINIMUM         18   1153 PM -33    1915   8     10       24
  AVERAGE         26                        16     10       29

PRECIPITATION (IN)
  YESTERDAY        0.00          0.38 1968   0.03  -0.03      T
  MONTH TO DATE    0.57                      0.78  -0.21     0.58
  SINCE DEC 1      3.78                      2.01   1.77     1.60
  SINCE JAN 1      0.57                      0.78  -0.21     0.58

SNOWFALL (IN)
  YESTERDAY        0.0           4.6  1947   0.4   -0.4      0.0
  MONTH TO DATE    5.7                      10.8   -5.1      8.5
  SINCE JUL 1     21.4                      30.2   -8.8     25.9
  SNOW DEPTH       6

DEGREE DAYS
 HEATING
  YESTERDAY       39                        49    -10       36
  MONTH TO DATE 1436                      1385     51     1349
  SINCE JUL 1   3867                      4463   -596     4569

 COOLING
  YESTERDAY        0                         0      0        0
  MONTH TO DATE    0                         0      0        0
  SINCE JAN 1      0                         0      0        0
..................................................................


WIND (MPH)
  HIGHEST WIND SPEED    29   HIGHEST WIND DIRECTION    NW (300)
  HIGHEST GUST SPEED    34   HIGHEST GUST DIRECTION    NW (300)
  AVERAGE WIND SPEED    15.9


SKY COVER
  POSSIBLE SUNSHINE  MM
  AVERAGE SKY COVER 0.8


WEATHER CONDITIONS
 THE FOLLOWING WEATHER WAS RECORDED YESTERDAY.
  NO SIGNIFICANT WEATHER WAS OBSERVED.


RELATIVE HUMIDITY (PERCENT)
 HIGHEST    89           700 AM
 LOWEST     63           200 PM
 AVERAGE    76

..........................................................


THE ROCHESTER MN CLIMATE NORMALS FOR TODAY
                         NORMAL    RECORD    YEAR
 MAXIMUM TEMPERATURE (F)   24        44      1944
 MINIMUM TEMPERATURE (F)    8       -33      1951


SUNRISE AND SUNSET
JANUARY 29 2016.......SUNRISE   731 AM CST   SUNSET   516 PM CST
JANUARY 30 2016.......SUNRISE   730 AM CST   SUNSET   517 PM CST


-  INDICATES NEGATIVE NUMBERS.
R  INDICATES RECORD WAS SET OR TIED.
MM INDICATES DATA IS MISSING.
T  INDICATES TRACE AMOUNT.




$$
