178
CDUS43 KARX 172132
CLIRST


CLIMATE REPORT
NATIONAL WEATHER SERVICE LA CROSSE WI
431 PM CDT SUN SEP 17 2017


...................................

...THE ROCHESTER MN CLIMATE SUMMARY FOR SEPTEMBER 17 2017...
VALID TODAY AS OF 0430 PM LOCAL TIME.

CLIMATE NORMAL PERIOD 1981 TO 2010
CLIMATE RECORD PERIOD 1886 TO 2017


WEATHER ITEM   OBSERVED TIME   RECORD YEAR NORMAL DEPARTURE LAST
                VALUE   (LST)  VALUE       VALUE  FROM      YEAR
                                                  NORMAL
..................................................................
TEMPERATURE (F)
 TODAY
  MAXIMUM         68    258 PM  94    1955  71     -3       67
  MINIMUM         50    645 AM  29    1916  50      0       53
  AVERAGE         59                        60     -1       60

PRECIPITATION (IN)
  TODAY            0.41          2.36 1942   0.11   0.30     0.00
  MONTH TO DATE    1.06                      2.02  -0.96     4.65
  SINCE SEP 1      1.06                      2.02  -0.96     4.65
  SINCE JAN 1     25.56                     26.21  -0.65    32.92

SNOWFALL (IN)
  TODAY            0.0           0.0  2012   0.0    0.0      0.0
  MONTH TO DATE    0.0                       0.0    0.0      0.0
  SINCE JUL 1      0.0                       0.0    0.0      0.0
  SNOW DEPTH       0

DEGREE DAYS
 HEATING
  TODAY            6                         6      0        5
  MONTH TO DATE   57                        65     -8       23
  SINCE JUL 1     98                       103     -5       34

 COOLING
  TODAY            0                         2     -2        0
  MONTH TO DATE   35                        42     -7       38
  SINCE JAN 1    437                       567   -130      611
..................................................................


WIND (MPH)
  HIGHEST WIND SPEED    18   HIGHEST WIND DIRECTION    NW (330)
  HIGHEST GUST SPEED    23   HIGHEST GUST DIRECTION    NW (320)
  AVERAGE WIND SPEED     9.2


SKY COVER
  POSSIBLE SUNSHINE  MM
  AVERAGE SKY COVER 0.3


WEATHER CONDITIONS
 THE FOLLOWING WEATHER WAS RECORDED TODAY.
  THUNDERSTORM
  HEAVY RAIN
  LIGHT RAIN
  FOG


RELATIVE HUMIDITY (PERCENT)
 HIGHEST    93           400 AM
 LOWEST     48           100 PM
 AVERAGE    71

..........................................................


THE ROCHESTER MN CLIMATE NORMALS FOR TOMORROW
                         NORMAL    RECORD    YEAR
 MAXIMUM TEMPERATURE (F)   71        93      1955
 MINIMUM TEMPERATURE (F)   49        26      1929


SUNRISE AND SUNSET
SEPTEMBER 17 2017.....SUNRISE   652 AM CDT   SUNSET   716 PM CDT
SEPTEMBER 18 2017.....SUNRISE   653 AM CDT   SUNSET   714 PM CDT


-  INDICATES NEGATIVE NUMBERS.
R  INDICATES RECORD WAS SET OR TIED.
MM INDICATES DATA IS MISSING.
T  INDICATES TRACE AMOUNT.




$$
