000
CDUS43 KARX 070645
CLIRST


CLIMATE REPORT
NATIONAL WEATHER SERVICE LA CROSSE WI
1244 AM CST TUE NOV 7 2017


...................................

...THE ROCHESTER MN CLIMATE SUMMARY FOR NOVEMBER 6 2017...

CLIMATE NORMAL PERIOD 1981 TO 2010
CLIMATE RECORD PERIOD 1886 TO 2017


WEATHER ITEM   OBSERVED TIME   RECORD YEAR NORMAL DEPARTURE LAST
                VALUE   (LST)  VALUE       VALUE  FROM      YEAR
                                                  NORMAL
..................................................................
TEMPERATURE (F)
 YESTERDAY
  MAXIMUM         33    343 PM  73    1893  48    -15       68
  MINIMUM         21    655 AM  -3    1991  31    -10       41
  AVERAGE         27                        39    -12       55

PRECIPITATION (IN)
  YESTERDAY        T             1.12 2000   0.07  -0.07     0.00
  MONTH TO DATE    0.30                      0.40  -0.10     0.00
  SINCE SEP 1      7.56                      6.09   1.47    11.84
  SINCE JAN 1     32.06                     30.28   1.78    40.11

SNOWFALL (IN)
  YESTERDAY        T             3.5  1911   0.1   -0.1      0.0
  MONTH TO DATE    0.7                       0.6    0.1      0.0
  SINCE JUL 1      3.3                       1.4    1.9      0.0
  SNOW DEPTH       0

DEGREE DAYS
 HEATING
  YESTERDAY       38                        26     12       10
  MONTH TO DATE  191                       147     44       65
  SINCE JUL 1    813                       883    -70      540

 COOLING
  YESTERDAY        0                         0      0        0
  MONTH TO DATE    0                         0      0        0
  SINCE JAN 1    494                       585    -91      629
..................................................................


WIND (MPH)
  HIGHEST WIND SPEED    13   HIGHEST WIND DIRECTION     N (340)
  HIGHEST GUST SPEED    15   HIGHEST GUST DIRECTION     N (340)
  AVERAGE WIND SPEED     5.2


SKY COVER
  POSSIBLE SUNSHINE  MM
  AVERAGE SKY COVER 0.4


WEATHER CONDITIONS
 THE FOLLOWING WEATHER WAS RECORDED YESTERDAY.
  LIGHT SNOW


RELATIVE HUMIDITY (PERCENT)
 HIGHEST    88           800 AM
 LOWEST     64           300 PM
 AVERAGE    76

..........................................................


THE ROCHESTER MN CLIMATE NORMALS FOR TODAY
                         NORMAL    RECORD    YEAR
 MAXIMUM TEMPERATURE (F)   47        73      2001
                                             1949
 MINIMUM TEMPERATURE (F)   31        -5      1991


SUNRISE AND SUNSET
NOVEMBER  7 2017......SUNRISE   655 AM CST   SUNSET   452 PM CST
NOVEMBER  8 2017......SUNRISE   656 AM CST   SUNSET   451 PM CST


-  INDICATES NEGATIVE NUMBERS.
R  INDICATES RECORD WAS SET OR TIED.
MM INDICATES DATA IS MISSING.
T  INDICATES TRACE AMOUNT.




$$
