000
CDUS43 KARX 180641
CLIRST


CLIMATE REPORT
NATIONAL WEATHER SERVICE LA CROSSE WI
140 AM CDT TUE APR 18 2017


...................................

...THE ROCHESTER MN CLIMATE SUMMARY FOR APRIL 17 2017...

CLIMATE NORMAL PERIOD 1981 TO 2010
CLIMATE RECORD PERIOD 1886 TO 2017


WEATHER ITEM   OBSERVED TIME   RECORD YEAR NORMAL DEPARTURE LAST
                VALUE   (LST)  VALUE       VALUE  FROM      YEAR
                                                  NORMAL
..................................................................
TEMPERATURE (F)
 YESTERDAY
  MAXIMUM         61    412 PM  84    1985  58      3       78
  MINIMUM         45   1152 PM  17    1983  37      8       51
  AVERAGE         53                        48      5       65

PRECIPITATION (IN)
  YESTERDAY        T             1.42 1959   0.11  -0.11     0.00
  MONTH TO DATE    1.95                      1.69   0.26     0.17
  SINCE MAR 1      4.82                      3.57   1.25     4.15
  SINCE JAN 1      8.60                      5.26   3.34     5.55

SNOWFALL (IN)
  YESTERDAY        0.0           3.0  1910   0.1   -0.1      0.0
  MONTH TO DATE    T                         2.3   -2.3      0.5
  SINCE JUL 1     52.7                      50.9    1.8     47.9
  SNOW DEPTH       0

DEGREE DAYS
 HEATING
  YESTERDAY       12                        18     -6        0
  MONTH TO DATE  274                       363    -89      365
  SINCE JUL 1   6355                      7235   -880     6380

 COOLING
  YESTERDAY        0                         0      0        0
  MONTH TO DATE    0                         0      0        1
  SINCE JAN 1      0                         0      0        1
..................................................................


WIND (MPH)
  HIGHEST WIND SPEED    14   HIGHEST WIND DIRECTION     N (340)
  HIGHEST GUST SPEED    19   HIGHEST GUST DIRECTION     N (340)
  AVERAGE WIND SPEED     7.0


SKY COVER
  POSSIBLE SUNSHINE  MM
  AVERAGE SKY COVER 0.4


WEATHER CONDITIONS
 THE FOLLOWING WEATHER WAS RECORDED YESTERDAY.
  LIGHT RAIN


RELATIVE HUMIDITY (PERCENT)
 HIGHEST    71           100 AM
 LOWEST     35           500 PM
 AVERAGE    53

..........................................................


THE ROCHESTER MN CLIMATE NORMALS FOR TODAY
                         NORMAL    RECORD    YEAR
 MAXIMUM TEMPERATURE (F)   59        89      1985
 MINIMUM TEMPERATURE (F)   37        16      1983


SUNRISE AND SUNSET
APRIL 18 2017.........SUNRISE   621 AM CDT   SUNSET   758 PM CDT
APRIL 19 2017.........SUNRISE   620 AM CDT   SUNSET   759 PM CDT


-  INDICATES NEGATIVE NUMBERS.
R  INDICATES RECORD WAS SET OR TIED.
MM INDICATES DATA IS MISSING.
T  INDICATES TRACE AMOUNT.




$$
