000
CDUS43 KARX 210651
CLIRST


CLIMATE REPORT
NATIONAL WEATHER SERVICE LA CROSSE WI
1251 AM CST TUE FEB 21 2017


...................................

...THE ROCHESTER MN CLIMATE SUMMARY FOR FEBRUARY 20 2017...

CLIMATE NORMAL PERIOD 1981 TO 2010
CLIMATE RECORD PERIOD 1886 TO 2017


WEATHER ITEM   OBSERVED TIME   RECORD YEAR NORMAL DEPARTURE LAST
                VALUE   (LST)  VALUE       VALUE  FROM      YEAR
                                                  NORMAL
..................................................................
TEMPERATURE (F)
 YESTERDAY
  MAXIMUM         52    908 PM  60    1930  30     22       43
  MINIMUM         41   1159 PM -21    1966  14     27       30
  AVERAGE         47                        22     25       37

PRECIPITATION (IN)
  YESTERDAY        0.81          1.12 2014   0.03   0.78     0.00
  MONTH TO DATE    0.86                      0.55   0.31     0.64
  SINCE DEC 1      5.05                      2.64   2.41     4.60
  SINCE JAN 1      2.98                      1.41   1.57     1.39

SNOWFALL (IN)
  YESTERDAY        0.0           8.8  2014   0.3   -0.3      0.0
  MONTH TO DATE    0.2                       6.1   -5.9     11.1
  SINCE JUL 1     34.1                      37.5   -3.4     32.5
  SNOW DEPTH       0

DEGREE DAYS
 HEATING
  YESTERDAY       18                        43    -25       28
  MONTH TO DATE  766                       921   -155      935
  SINCE JUL 1   4769                      5529   -760     4912

 COOLING
  YESTERDAY        0                         0      0        0
  MONTH TO DATE    0                         0      0        0
  SINCE JAN 1      0                         0      0        0
..................................................................


WIND (MPH)
  HIGHEST WIND SPEED    30   HIGHEST WIND DIRECTION     W (250)
  HIGHEST GUST SPEED    36   HIGHEST GUST DIRECTION    SW (240)
  AVERAGE WIND SPEED    16.0


SKY COVER
  POSSIBLE SUNSHINE  MM
  AVERAGE SKY COVER 0.5


WEATHER CONDITIONS
 THE FOLLOWING WEATHER WAS RECORDED YESTERDAY.
  HEAVY RAIN
  RAIN
  LIGHT RAIN
  FOG


RELATIVE HUMIDITY (PERCENT)
 HIGHEST   100           900 AM
 LOWEST     76          1200 AM
 AVERAGE    88

..........................................................


THE ROCHESTER MN CLIMATE NORMALS FOR TODAY
                         NORMAL    RECORD    YEAR
 MAXIMUM TEMPERATURE (F)   30        60      1930
 MINIMUM TEMPERATURE (F)   15       -32      1936


SUNRISE AND SUNSET
FEBRUARY 21 2017......SUNRISE   659 AM CST   SUNSET   548 PM CST
FEBRUARY 22 2017......SUNRISE   658 AM CST   SUNSET   550 PM CST


-  INDICATES NEGATIVE NUMBERS.
R  INDICATES RECORD WAS SET OR TIED.
MM INDICATES DATA IS MISSING.
T  INDICATES TRACE AMOUNT.




$$
