296
CDUS43 KARX 240651
CLIRST


CLIMATE REPORT
NATIONAL WEATHER SERVICE LA CROSSE WI
151 AM CDT SAT SEP 24 2016


...................................

...THE ROCHESTER MN CLIMATE SUMMARY FOR SEPTEMBER 23 2016...

CLIMATE NORMAL PERIOD 1981 TO 2010
CLIMATE RECORD PERIOD 1886 TO 2016


WEATHER ITEM   OBSERVED TIME   RECORD YEAR NORMAL DEPARTURE LAST
                VALUE   (LST)  VALUE       VALUE  FROM      YEAR
                                                  NORMAL
..................................................................
TEMPERATURE (F)
 YESTERDAY
  MAXIMUM         66    343 PM  92    1937  69     -3       78
  MINIMUM         61   1013 AM  28    1989  47     14       59
  AVERAGE         64                        58      6       69

PRECIPITATION (IN)
  YESTERDAY        T             4.34 2010   0.11  -0.11     0.05
  MONTH TO DATE    8.96                      2.70   6.26     2.87
  SINCE SEP 1      8.96                      2.70   6.26     2.87
  SINCE JAN 1     37.23                     26.89  10.34    28.04

SNOWFALL (IN)
  YESTERDAY        0.0           0.0  2012   0.0    0.0      0.0
  MONTH TO DATE    0.0                       0.0    0.0      0.0
  SINCE JUL 1      0.0                       0.0    0.0      0.0
  SNOW DEPTH       0

DEGREE DAYS
 HEATING
  YESTERDAY        1                         8     -7        0
  MONTH TO DATE   24                       108    -84       55
  SINCE JUL 1     35                       146   -111      114

 COOLING
  YESTERDAY        0                         1     -1        4
  MONTH TO DATE   53                        48      5      114
  SINCE JAN 1    626                       573     53      489
..................................................................


WIND (MPH)
  HIGHEST WIND SPEED    20   HIGHEST WIND DIRECTION    SE (120)
  HIGHEST GUST SPEED    24   HIGHEST GUST DIRECTION    SE (120)
  AVERAGE WIND SPEED    11.9


SKY COVER
  POSSIBLE SUNSHINE  MM
  AVERAGE SKY COVER 1.0


WEATHER CONDITIONS
 THE FOLLOWING WEATHER WAS RECORDED YESTERDAY.
  LIGHT RAIN
  FOG


RELATIVE HUMIDITY (PERCENT)
 HIGHEST   100          1200 AM
 LOWEST     81           300 PM
 AVERAGE    91

..........................................................


THE ROCHESTER MN CLIMATE NORMALS FOR TODAY
                         NORMAL    RECORD    YEAR
 MAXIMUM TEMPERATURE (F)   68        88      1937
                                             1886
 MINIMUM TEMPERATURE (F)   47        27      1942


SUNRISE AND SUNSET
SEPTEMBER 24 2016.....SUNRISE   700 AM CDT   SUNSET   703 PM CDT
SEPTEMBER 25 2016.....SUNRISE   701 AM CDT   SUNSET   701 PM CDT


-  INDICATES NEGATIVE NUMBERS.
R  INDICATES RECORD WAS SET OR TIED.
MM INDICATES DATA IS MISSING.
T  INDICATES TRACE AMOUNT.




$$
