475
CDUS43 KARX 200700
CLIRST


CLIMATE REPORT
NATIONAL WEATHER SERVICE LA CROSSE WI
200 AM CDT SAT MAY 20 2017


...................................

...THE ROCHESTER MN CLIMATE SUMMARY FOR MAY 19 2017...

CLIMATE NORMAL PERIOD 1981 TO 2010
CLIMATE RECORD PERIOD 1886 TO 2017


WEATHER ITEM   OBSERVED TIME   RECORD YEAR NORMAL DEPARTURE LAST
                VALUE   (LST)  VALUE       VALUE  FROM      YEAR
                                                  NORMAL
..................................................................
TEMPERATURE (F)
 YESTERDAY
  MAXIMUM         49    444 PM  98    1934  70    -21       73
  MINIMUM         40    606 AM  23    1929  48     -8       44
  AVERAGE         45                        59    -14       59

PRECIPITATION (IN)
  YESTERDAY        0.01          2.07 2013   0.11  -0.10     0.00
  MONTH TO DATE    1.54                      2.18  -0.64     1.54
  SINCE MAR 1      8.96                      7.30   1.66     7.24
  SINCE JAN 1     12.74                      8.99   3.75     8.64

SNOWFALL (IN)
  YESTERDAY        0.0           0.0  2012   0.0    0.0      0.0
  MONTH TO DATE    0.0                       0.2   -0.2      0.0
  SINCE JUL 1     52.7                      52.1    0.6     47.9
  SNOW DEPTH       0

DEGREE DAYS
 HEATING
  YESTERDAY       20                         7     13        6
  MONTH TO DATE  173                       179     -6      225
  SINCE JUL 1   6757                      7604   -847     6771

 COOLING
  YESTERDAY        0                         1     -1        0
  MONTH TO DATE   20                        12      8        9
  SINCE JAN 1     20                        16      4       10
..................................................................


WIND (MPH)
  HIGHEST WIND SPEED    23   HIGHEST WIND DIRECTION    NE (60)
  HIGHEST GUST SPEED    28   HIGHEST GUST DIRECTION    NE (60)
  AVERAGE WIND SPEED    14.6


SKY COVER
  POSSIBLE SUNSHINE  MM
  AVERAGE SKY COVER 0.6


WEATHER CONDITIONS
 THE FOLLOWING WEATHER WAS RECORDED YESTERDAY.
  LIGHT RAIN


RELATIVE HUMIDITY (PERCENT)
 HIGHEST    89          1200 AM
 LOWEST     56           500 PM
 AVERAGE    73

..........................................................


THE ROCHESTER MN CLIMATE NORMALS FOR TODAY
                         NORMAL    RECORD    YEAR
 MAXIMUM TEMPERATURE (F)   70        96      1934
 MINIMUM TEMPERATURE (F)   49        30      1967
                                             1954
                                             1892


SUNRISE AND SUNSET
MAY 20 2017...........SUNRISE   539 AM CDT   SUNSET   835 PM CDT
MAY 21 2017...........SUNRISE   538 AM CDT   SUNSET   836 PM CDT


-  INDICATES NEGATIVE NUMBERS.
R  INDICATES RECORD WAS SET OR TIED.
MM INDICATES DATA IS MISSING.
T  INDICATES TRACE AMOUNT.




$$
