000
CDUS43 KARX 300647
CLIRST


CLIMATE REPORT
NATIONAL WEATHER SERVICE LA CROSSE WI
146 AM CDT THU JUL 30 2015


...................................

...THE ROCHESTER MN CLIMATE SUMMARY FOR JULY 29 2015...

CLIMATE NORMAL PERIOD 1981 TO 2010
CLIMATE RECORD PERIOD 1886 TO 2015


WEATHER ITEM   OBSERVED TIME   RECORD YEAR NORMAL DEPARTURE LAST
                VALUE   (LST)  VALUE       VALUE  FROM      YEAR
                                                  NORMAL
..................................................................
TEMPERATURE (F)
 YESTERDAY
  MAXIMUM         78    454 PM  98    1955  81     -3       77
                                      1917
                                      1916
  MINIMUM         61    551 AM  45    1952  61      0       54
                                      1932
  AVERAGE         70                        71     -1       66

PRECIPITATION (IN)
  YESTERDAY        0.00          1.46 1990   0.14  -0.14     0.16
  MONTH TO DATE    4.94                      4.27   0.67     2.23
  SINCE JUN 1      9.40                      8.95   0.45     9.50
  SINCE JAN 1     22.01                     19.39   2.62    20.83

SNOWFALL (IN)
  YESTERDAY        0.0           0.0  2012   0.0    0.0      0.0
  MONTH TO DATE    0.0                       0.0    0.0      0.0
  SINCE JUL 1      0.0                       0.0    0.0      0.0
  SNOW DEPTH       0

DEGREE DAYS
 HEATING
  YESTERDAY        0                         0      0        0
  MONTH TO DATE   17                         0     17       22
  SINCE JUL 1     17                         0     17       22

 COOLING
  YESTERDAY        5                         6     -1        1
  MONTH TO DATE  155                       197    -42      103
  SINCE JAN 1    268                       361    -93      273
..................................................................


WIND (MPH)
  HIGHEST WIND SPEED    31   HIGHEST WIND DIRECTION     W (280)
  HIGHEST GUST SPEED    41   HIGHEST GUST DIRECTION     W (270)
  AVERAGE WIND SPEED    15.0


SKY COVER
  POSSIBLE SUNSHINE  MM
  AVERAGE SKY COVER 0.0


WEATHER CONDITIONS
 THE FOLLOWING WEATHER WAS RECORDED YESTERDAY.
  NO SIGNIFICANT WEATHER WAS OBSERVED.


RELATIVE HUMIDITY (PERCENT)
 HIGHEST    93           100 AM
 LOWEST     45           200 PM
 AVERAGE    69

..........................................................


THE ROCHESTER MN CLIMATE NORMALS FOR TODAY
                         NORMAL    RECORD    YEAR
 MAXIMUM TEMPERATURE (F)   81        99      1917
 MINIMUM TEMPERATURE (F)   61        43      1936


SUNRISE AND SUNSET
JULY 30 2015..........SUNRISE   556 AM CDT   SUNSET   836 PM CDT
JULY 31 2015..........SUNRISE   557 AM CDT   SUNSET   835 PM CDT


-  INDICATES NEGATIVE NUMBERS.
R  INDICATES RECORD WAS SET OR TIED.
MM INDICATES DATA IS MISSING.
T  INDICATES TRACE AMOUNT.




$$
