359
CDUS43 KARX 210700
CLIRST


CLIMATE REPORT
NATIONAL WEATHER SERVICE LA CROSSE WI
158 AM CDT SUN AUG 21 2016


...................................

...THE ROCHESTER MN CLIMATE SUMMARY FOR AUGUST 20 2016...

CLIMATE NORMAL PERIOD 1981 TO 2010
CLIMATE RECORD PERIOD 1886 TO 2016


WEATHER ITEM   OBSERVED TIME   RECORD YEAR NORMAL DEPARTURE LAST
                VALUE   (LST)  VALUE       VALUE  FROM      YEAR
                                                  NORMAL
..................................................................
TEMPERATURE (F)
 YESTERDAY
  MAXIMUM         69    321 PM  96    1955  79    -10       70
                                      1916
  MINIMUM         56   1159 PM  35    1950  59     -3       50
  AVERAGE         63                        69     -6       60

PRECIPITATION (IN)
  YESTERDAY        0.15          1.84 1947   0.15   0.00     0.00
  MONTH TO DATE    4.87                      2.95   1.92     2.09
  SINCE JUN 1     15.71                     12.18   3.53    11.49
  SINCE JAN 1     27.40                     22.62   4.78    24.10

SNOWFALL (IN)
  YESTERDAY        0.0           0.0  2012   0.0    0.0      0.0
  MONTH TO DATE    0.0                       0.0    0.0      0.0
  SINCE JUL 1      0.0                       0.0    0.0      0.0
  SNOW DEPTH       0

DEGREE DAYS
 HEATING
  YESTERDAY        2                         1      1        5
  MONTH TO DATE    2                        17    -15       12
  SINCE JUL 1      6                        28    -22       29

 COOLING
  YESTERDAY        0                         5     -5        0
  MONTH TO DATE  134                       110     24       85
  SINCE JAN 1    534                       481     53      362
..................................................................


WIND (MPH)
  HIGHEST WIND SPEED    21   HIGHEST WIND DIRECTION    NW (310)
  HIGHEST GUST SPEED    29   HIGHEST GUST DIRECTION    NW (310)
  AVERAGE WIND SPEED    10.2


SKY COVER
  POSSIBLE SUNSHINE  MM
  AVERAGE SKY COVER 0.8


WEATHER CONDITIONS
 THE FOLLOWING WEATHER WAS RECORDED YESTERDAY.
  RAIN
  LIGHT RAIN
  FOG


RELATIVE HUMIDITY (PERCENT)
 HIGHEST   100          1200 AM
 LOWEST     68           300 PM
 AVERAGE    84

..........................................................


THE ROCHESTER MN CLIMATE NORMALS FOR TODAY
                         NORMAL    RECORD    YEAR
 MAXIMUM TEMPERATURE (F)   79        97      1947
 MINIMUM TEMPERATURE (F)   59        39      2004


SUNRISE AND SUNSET
AUGUST 21 2016........SUNRISE   621 AM CDT   SUNSET   804 PM CDT
AUGUST 22 2016........SUNRISE   623 AM CDT   SUNSET   802 PM CDT


-  INDICATES NEGATIVE NUMBERS.
R  INDICATES RECORD WAS SET OR TIED.
MM INDICATES DATA IS MISSING.
T  INDICATES TRACE AMOUNT.




$$
