000
CDUS43 KARX 140710
CLIRST


CLIMATE REPORT
NATIONAL WEATHER SERVICE LA CROSSE WI
107 AM CST FRI NOV 14 2014

...THE ROCHESTER MN CLIMATE SUMMARY FOR NOVEMBER 13 2014...

CLIMATE NORMAL PERIOD 1981 TO 2010
CLIMATE RECORD PERIOD 1886 TO 2014

WEATHER ITEM   OBSERVED TIME   RECORD YEAR NORMAL DEPARTURE LAST
                VALUE   (LST)  VALUE       VALUE  FROM      YEAR
                                                  NORMAL
..................................................................
TEMPERATURE (F)
 YESTERDAY
  MAXIMUM         21    443 PM  71    1999  43    -22       45
  MINIMUM         10   1159 PM  -4    1986  28    -18       19
  AVERAGE         16                        35    -19       32

PRECIPITATION (IN)
  YESTERDAY        T             1.35 1912   0.07  -0.07     0.00
                                      1909
  MONTH TO DATE    0.28                      0.86  -0.58     1.34
  SINCE SEP 1      6.19                      6.55  -0.36     5.54
  SINCE JAN 1     31.61                     30.74   0.87    40.24

SNOWFALL (IN)
  YESTERDAY        0.1           1.2  1959   0.1    0.0      0.0
  MONTH TO DATE    1.7                       1.6    0.1      0.5
  SINCE JUL 1      1.7                       2.4   -0.7      0.5
  SNOW DEPTH       2

DEGREE DAYS
 HEATING
  YESTERDAY       49                        30     19       33
  MONTH TO DATE  403                       343     60      389
  SINCE JUL 1   1148                      1079     69     1072

 COOLING
  YESTERDAY        0                         0      0        0
  MONTH TO DATE    0                         0      0        0
  SINCE JAN 1    491                       585    -94      656
..................................................................

WIND (MPH)
  HIGHEST WIND SPEED    21   HIGHEST WIND DIRECTION    NW (310)
  HIGHEST GUST SPEED    24   HIGHEST GUST DIRECTION    NW (310)
  AVERAGE WIND SPEED    13.7

SKY COVER
  POSSIBLE SUNSHINE  MM
  AVERAGE SKY COVER 0.9

WEATHER CONDITIONS
 THE FOLLOWING WEATHER WAS RECORDED YESTERDAY.
  LIGHT SNOW
  FOG
  HAZE

RELATIVE HUMIDITY (PERCENT)
 HIGHEST    84          1200 AM
 LOWEST     68           400 PM
 AVERAGE    76
..........................................................

THE ROCHESTER MN CLIMATE NORMALS FOR TODAY
                         NORMAL    RECORD    YEAR
 MAXIMUM TEMPERATURE (F)   43        68      1990
 MINIMUM TEMPERATURE (F)   27        -5      1916

SUNRISE AND SUNSET
NOVEMBER 14 2014......SUNRISE   703 AM CST   SUNSET   445 PM CST
NOVEMBER 15 2014......SUNRISE   705 AM CST   SUNSET   444 PM CST

-  INDICATES NEGATIVE NUMBERS.
R  INDICATES RECORD WAS SET OR TIED.
MM INDICATES DATA IS MISSING.
T  INDICATES TRACE AMOUNT.

$$

BOYNE
