000
CDUS43 KARX 080637
CLIRST


CLIMATE REPORT
NATIONAL WEATHER SERVICE LA CROSSE WI
1237 AM CST WED NOV 8 2017


...................................

...THE ROCHESTER MN CLIMATE SUMMARY FOR NOVEMBER 7 2017...

CLIMATE NORMAL PERIOD 1981 TO 2010
CLIMATE RECORD PERIOD 1886 TO 2017


WEATHER ITEM   OBSERVED TIME   RECORD YEAR NORMAL DEPARTURE LAST
                VALUE   (LST)  VALUE       VALUE  FROM      YEAR
                                                  NORMAL
..................................................................
TEMPERATURE (F)
 YESTERDAY
  MAXIMUM         36    251 PM  73    2001  47    -11       61
                                      1949
  MINIMUM         24   1159 PM  -5    1991  31     -7       39
  AVERAGE         30                        39     -9       50

PRECIPITATION (IN)
  YESTERDAY        0.00          0.57 1943   0.06  -0.06     0.00
  MONTH TO DATE    0.30                      0.46  -0.16     0.00
  SINCE SEP 1      7.56                      6.15   1.41    11.84
  SINCE JAN 1     32.06                     30.34   1.72    40.11

SNOWFALL (IN)
  YESTERDAY        0.0           2.3  1911   0.1   -0.1      0.0
  MONTH TO DATE    0.7                       0.7    0.0      0.0
  SINCE JUL 1      3.3                       1.5    1.8      0.0
  SNOW DEPTH       0

DEGREE DAYS
 HEATING
  YESTERDAY       35                        26      9       15
  MONTH TO DATE  226                       173     53       80
  SINCE JUL 1    848                       909    -61      555

 COOLING
  YESTERDAY        0                         0      0        0
  MONTH TO DATE    0                         0      0        0
  SINCE JAN 1    494                       585    -91      629
..................................................................


WIND (MPH)
  HIGHEST WIND SPEED    16   HIGHEST WIND DIRECTION    NW (310)
  HIGHEST GUST SPEED    20   HIGHEST GUST DIRECTION    NW (310)
  AVERAGE WIND SPEED     7.8


SKY COVER
  POSSIBLE SUNSHINE  MM
  AVERAGE SKY COVER 0.7


WEATHER CONDITIONS
 THE FOLLOWING WEATHER WAS RECORDED YESTERDAY.
  NO SIGNIFICANT WEATHER WAS OBSERVED.


RELATIVE HUMIDITY (PERCENT)
 HIGHEST    88          1000 PM
 LOWEST     64          1200 PM
 AVERAGE    76

..........................................................


THE ROCHESTER MN CLIMATE NORMALS FOR TODAY
                         NORMAL    RECORD    YEAR
 MAXIMUM TEMPERATURE (F)   46        75      1999
 MINIMUM TEMPERATURE (F)   30         1      1991


SUNRISE AND SUNSET
NOVEMBER  8 2017......SUNRISE   656 AM CST   SUNSET   451 PM CST
NOVEMBER  9 2017......SUNRISE   657 AM CST   SUNSET   450 PM CST


-  INDICATES NEGATIVE NUMBERS.
R  INDICATES RECORD WAS SET OR TIED.
MM INDICATES DATA IS MISSING.
T  INDICATES TRACE AMOUNT.




$$
