842
CDUS43 KARX 140635
CLIRST


CLIMATE REPORT
NATIONAL WEATHER SERVICE LA CROSSE WI
1235 AM CST SAT JAN 14 2017


...................................

...THE ROCHESTER MN CLIMATE SUMMARY FOR JANUARY 13 2017...

CLIMATE NORMAL PERIOD 1981 TO 2010
CLIMATE RECORD PERIOD 1886 TO 2017


WEATHER ITEM   OBSERVED TIME   RECORD YEAR NORMAL DEPARTURE LAST
                VALUE   (LST)  VALUE       VALUE  FROM      YEAR
                                                  NORMAL
..................................................................
TEMPERATURE (F)
 YESTERDAY
  MAXIMUM         10   1159 PM  50    1894  23    -13       19
  MINIMUM         -6    455 AM -39    1912   8    -14      -14
  AVERAGE          2                        15    -13        3

PRECIPITATION (IN)
  YESTERDAY        0.00          0.70 1910   0.03  -0.03     0.00
  MONTH TO DATE    0.53                      0.36   0.17     0.46
  SINCE DEC 1      2.60                      1.59   1.01     3.67
  SINCE JAN 1      0.53                      0.36   0.17     0.46

SNOWFALL (IN)
  YESTERDAY        0.0           3.8  1979   0.4   -0.4      0.0
  MONTH TO DATE    3.7                       4.6   -0.9      3.4
  SINCE JUL 1     24.4                      24.0    0.4     19.1
  SNOW DEPTH      MM

DEGREE DAYS
 HEATING
  YESTERDAY       63                        50     13       62
  MONTH TO DATE  727                       641     86      670
  SINCE JUL 1   3298                      3719   -421     3101

 COOLING
  YESTERDAY        0                         0      0        0
  MONTH TO DATE    0                         0      0        0
  SINCE JAN 1      0                         0      0        0
..................................................................


WIND (MPH)
  HIGHEST WIND SPEED    13   HIGHEST WIND DIRECTION    NW (320)
  HIGHEST GUST SPEED    15   HIGHEST GUST DIRECTION    NW (320)
  AVERAGE WIND SPEED     6.1


SKY COVER
  POSSIBLE SUNSHINE  MM
  AVERAGE SKY COVER 0.7


WEATHER CONDITIONS
 THE FOLLOWING WEATHER WAS RECORDED YESTERDAY.
  NO SIGNIFICANT WEATHER WAS OBSERVED.


RELATIVE HUMIDITY (PERCENT)
 HIGHEST    82           600 AM
 LOWEST     66           200 PM
 AVERAGE    74

..........................................................


THE ROCHESTER MN CLIMATE NORMALS FOR TODAY
                         NORMAL    RECORD    YEAR
 MAXIMUM TEMPERATURE (F)   23        44      1915
 MINIMUM TEMPERATURE (F)    7       -26      1979
                                             1972
                                             1965


SUNRISE AND SUNSET
JANUARY 14 2017.......SUNRISE   742 AM CST   SUNSET   457 PM CST
JANUARY 15 2017.......SUNRISE   741 AM CST   SUNSET   458 PM CST


-  INDICATES NEGATIVE NUMBERS.
R  INDICATES RECORD WAS SET OR TIED.
MM INDICATES DATA IS MISSING.
T  INDICATES TRACE AMOUNT.




$$
