000
CDUS43 KARX 190644
CLIRST


CLIMATE REPORT
NATIONAL WEATHER SERVICE LA CROSSE WI
1243 AM CST WED NOV 19 2014


...................................

...THE ROCHESTER MN CLIMATE SUMMARY FOR NOVEMBER 18 2014...

CLIMATE NORMAL PERIOD 1981 TO 2010
CLIMATE RECORD PERIOD 1886 TO 2014


WEATHER ITEM   OBSERVED TIME   RECORD YEAR NORMAL DEPARTURE LAST
                VALUE   (LST)  VALUE       VALUE  FROM      YEAR
                                                  NORMAL
..................................................................
TEMPERATURE (F)
 YESTERDAY
  MAXIMUM         17   1159 PM  69    1939  40    -23       35
  MINIMUM          3    258 AM  -4    1989  25    -22       23
  AVERAGE         10                        32    -22       29

PRECIPITATION (IN)
  YESTERDAY        T             0.82 1957   0.06  -0.06     0.00
  MONTH TO DATE    0.46                      1.18  -0.72     1.63
  SINCE SEP 1      6.37                      6.87  -0.50     5.83
  SINCE JAN 1     31.79                     31.06   0.73    40.53

SNOWFALL (IN)
  YESTERDAY        T             9.7  1957   0.2   -0.2      0.0
  MONTH TO DATE    4.5                       2.6    1.9      0.5
  SINCE JUL 1      4.5                       3.4    1.1      0.5
  SNOW DEPTH       5

DEGREE DAYS
 HEATING
  YESTERDAY       55                        33     22       36
  MONTH TO DATE  675                       500    175      522
  SINCE JUL 1   1420                      1236    184     1205

 COOLING
  YESTERDAY        0                         0      0        0
  MONTH TO DATE    0                         0      0        0
  SINCE JAN 1    491                       585    -94      656
..................................................................


WIND (MPH)
  HIGHEST WIND SPEED    20   HIGHEST WIND DIRECTION     W (280)
  HIGHEST GUST SPEED    24   HIGHEST GUST DIRECTION     W (290)
  AVERAGE WIND SPEED    13.6


SKY COVER
  POSSIBLE SUNSHINE  MM
  AVERAGE SKY COVER 0.8


WEATHER CONDITIONS
 THE FOLLOWING WEATHER WAS RECORDED YESTERDAY.
  LIGHT SNOW
  FOG
  HAZE


RELATIVE HUMIDITY (PERCENT)
 HIGHEST    86           100 AM
 LOWEST     64           200 PM
 AVERAGE    75

..........................................................


THE ROCHESTER MN CLIMATE NORMALS FOR TODAY
                         NORMAL    RECORD    YEAR
 MAXIMUM TEMPERATURE (F)   39        68      1930
 MINIMUM TEMPERATURE (F)   24        -3      1932


SUNRISE AND SUNSET
NOVEMBER 19 2014......SUNRISE   710 AM CST   SUNSET   440 PM CST
NOVEMBER 20 2014......SUNRISE   711 AM CST   SUNSET   440 PM CST


-  INDICATES NEGATIVE NUMBERS.
R  INDICATES RECORD WAS SET OR TIED.
MM INDICATES DATA IS MISSING.
T  INDICATES TRACE AMOUNT.




$$
