000
CDUS43 KARX 140634
CLIRST


CLIMATE REPORT
NATIONAL WEATHER SERVICE LA CROSSE WI
133 AM CDT FRI JUL 14 2017


...................................

...THE ROCHESTER MN CLIMATE SUMMARY FOR JULY 13 2017...

CLIMATE NORMAL PERIOD 1981 TO 2010
CLIMATE RECORD PERIOD 1886 TO 2017


WEATHER ITEM   OBSERVED TIME   RECORD YEAR NORMAL DEPARTURE LAST
                VALUE   (LST)  VALUE       VALUE  FROM      YEAR
                                                  NORMAL
..................................................................
TEMPERATURE (F)
 YESTERDAY
  MAXIMUM         71    201 PM 107    1936  82    -11       82
  MINIMUM         60   1159 PM  43    1975  62     -2       65
  AVERAGE         66                        72     -6       74

PRECIPITATION (IN)
  YESTERDAY        T             1.67 1966   0.15  -0.15     0.03
  MONTH TO DATE    0.18                      1.92  -1.74     2.24
  SINCE JUN 1      3.89                      6.60  -2.71     7.48
  SINCE JAN 1     18.16                     17.04   1.12    19.17

SNOWFALL (IN)
  YESTERDAY        0.0           0.0  2012   0.0    0.0      0.0
  MONTH TO DATE    0.0                       0.0    0.0      0.0
  SINCE JUL 1      0.0                       0.0    0.0      0.0
  SNOW DEPTH       0

DEGREE DAYS
 HEATING
  YESTERDAY        0                         0      0        0
  MONTH TO DATE    0                         0      0        4
  SINCE JUL 1      0                         0      0        4

 COOLING
  YESTERDAY        1                         7     -6        9
  MONTH TO DATE   82                        91     -9       68
  SINCE JAN 1    249                       255     -6      257
..................................................................


WIND (MPH)
  HIGHEST WIND SPEED    17   HIGHEST WIND DIRECTION    NW (330)
  HIGHEST GUST SPEED    23   HIGHEST GUST DIRECTION    NW (330)
  AVERAGE WIND SPEED    10.4


SKY COVER
  POSSIBLE SUNSHINE  MM
  AVERAGE SKY COVER 0.7


WEATHER CONDITIONS
 THE FOLLOWING WEATHER WAS RECORDED YESTERDAY.
  LIGHT RAIN
  FOG


RELATIVE HUMIDITY (PERCENT)
 HIGHEST   100           300 AM
 LOWEST     66           100 PM
 AVERAGE    83

..........................................................


THE ROCHESTER MN CLIMATE NORMALS FOR TODAY
                         NORMAL    RECORD    YEAR
 MAXIMUM TEMPERATURE (F)   82       108      1936
 MINIMUM TEMPERATURE (F)   62        47      1960
                                             1920


SUNRISE AND SUNSET
JULY 14 2017..........SUNRISE   541 AM CDT   SUNSET   851 PM CDT
JULY 15 2017..........SUNRISE   542 AM CDT   SUNSET   850 PM CDT


-  INDICATES NEGATIVE NUMBERS.
R  INDICATES RECORD WAS SET OR TIED.
MM INDICATES DATA IS MISSING.
T  INDICATES TRACE AMOUNT.




$$
