000
CDUS43 KARX 160644
CLIRST


CLIMATE REPORT
NATIONAL WEATHER SERVICE LA CROSSE WI
143 AM CDT WED JUL 16 2014


...................................

...THE ROCHESTER MN CLIMATE SUMMARY FOR JULY 15 2014...

CLIMATE NORMAL PERIOD 1981 TO 2010
CLIMATE RECORD PERIOD 1886 TO 2014


WEATHER ITEM   OBSERVED TIME   RECORD YEAR NORMAL DEPARTURE LAST
                VALUE   (LST)  VALUE       VALUE  FROM      YEAR
                                                  NORMAL
..................................................................
TEMPERATURE (F)
 YESTERDAY
  MAXIMUM         68    517 PM 100    1936  82    -14       85
  MINIMUM         52    430 AM  42    1930  62    -10       65
  AVERAGE         60                        72    -12       75

PRECIPITATION (IN)
  YESTERDAY        0.00          2.73 2011   0.15  -0.15     0.50
  MONTH TO DATE    1.58                      2.22  -0.64     1.42
  SINCE JUN 1      8.08                      6.90   1.18     8.28
  SINCE JAN 1     19.41                     17.34   2.07    32.18

SNOWFALL (IN)
  YESTERDAY        0.0           0.0  2012   0.0    0.0      0.0
  MONTH TO DATE    0.0                       0.0    0.0      0.0
  SINCE JUL 1      0.0                       0.0    0.0      0.0
  SNOW DEPTH       0

DEGREE DAYS
 HEATING
  YESTERDAY        5                         0      5        0
  MONTH TO DATE   18                         0     18        0
  SINCE JUL 1     18                         0     18        0

 COOLING
  YESTERDAY        0                         7     -7       10
  MONTH TO DATE   39                       105    -66      134
  SINCE JAN 1    209                       269    -60      290
..................................................................


WIND (MPH)
  HIGHEST WIND SPEED    21   HIGHEST WIND DIRECTION    NW (330)
  HIGHEST GUST SPEED    25   HIGHEST GUST DIRECTION     N (340)
  AVERAGE WIND SPEED    11.7


SKY COVER
  POSSIBLE SUNSHINE  MM
  AVERAGE SKY COVER 0.7


WEATHER CONDITIONS
 THE FOLLOWING WEATHER WAS RECORDED YESTERDAY.
  NO SIGNIFICANT WEATHER WAS OBSERVED.


RELATIVE HUMIDITY (PERCENT)
 HIGHEST    93           200 AM
 LOWEST     52           300 PM
 AVERAGE    73

..........................................................


THE ROCHESTER MN CLIMATE NORMALS FOR TODAY
                         NORMAL    RECORD    YEAR
 MAXIMUM TEMPERATURE (F)   82       101      1936
 MINIMUM TEMPERATURE (F)   62        44      1933


SUNRISE AND SUNSET
JULY 16 2014..........SUNRISE   542 AM CDT   SUNSET   849 PM CDT
JULY 17 2014..........SUNRISE   543 AM CDT   SUNSET   849 PM CDT


-  INDICATES NEGATIVE NUMBERS.
R  INDICATES RECORD WAS SET OR TIED.
MM INDICATES DATA IS MISSING.
T  INDICATES TRACE AMOUNT.




$$
