000
CDUS43 KARX 120645
CLIRST


CLIMATE REPORT
NATIONAL WEATHER SERVICE LA CROSSE WI
145 AM CDT FRI SEP 12 2014


...................................

...THE ROCHESTER MN CLIMATE SUMMARY FOR SEPTEMBER 11 2014...

CLIMATE NORMAL PERIOD 1981 TO 2010
CLIMATE RECORD PERIOD 1886 TO 2014


WEATHER ITEM   OBSERVED TIME   RECORD YEAR NORMAL DEPARTURE LAST
                VALUE   (LST)  VALUE       VALUE  FROM      YEAR
                                                  NORMAL
..................................................................
TEMPERATURE (F)
 YESTERDAY
  MAXIMUM         56    329 PM  94    1931  73    -17       84
  MINIMUM         42   1054 PM  24    1917  53    -11       61
  AVERAGE         49                        63    -14       73

PRECIPITATION (IN)
  YESTERDAY        0.00          1.47 1942   0.12  -0.12      T
  MONTH TO DATE    2.54                      1.34   1.20     0.01
  SINCE SEP 1      2.54                      1.34   1.20     0.01
  SINCE JAN 1     27.96                     25.53   2.43    34.71

SNOWFALL (IN)
  YESTERDAY        0.0           0.0  2012   0.0    0.0      0.0
  MONTH TO DATE    0.0                       0.0    0.0      0.0
  SINCE JUL 1      0.0                       0.0    0.0      0.0
  SNOW DEPTH       0

DEGREE DAYS
 HEATING
  YESTERDAY       16                         4     12        0
  MONTH TO DATE   40                        33      7       13
  SINCE JUL 1     65                        71     -6       47

 COOLING
  YESTERDAY        0                         2     -2        8
  MONTH TO DATE   23                        30     -7       78
  SINCE JAN 1    483                       555    -72      634
..................................................................


WIND (MPH)
  HIGHEST WIND SPEED    17   HIGHEST WIND DIRECTION     N (10)
  HIGHEST GUST SPEED    26   HIGHEST GUST DIRECTION    NE (30)
  AVERAGE WIND SPEED    10.4


SKY COVER
  POSSIBLE SUNSHINE  MM
  AVERAGE SKY COVER 0.7


WEATHER CONDITIONS
 THE FOLLOWING WEATHER WAS RECORDED YESTERDAY.
  NO SIGNIFICANT WEATHER WAS OBSERVED.


RELATIVE HUMIDITY (PERCENT)
 HIGHEST    83           200 AM
 LOWEST     51           100 PM
 AVERAGE    67

..........................................................


THE ROCHESTER MN CLIMATE NORMALS FOR TODAY
                         NORMAL    RECORD    YEAR
 MAXIMUM TEMPERATURE (F)   73        94      1948
 MINIMUM TEMPERATURE (F)   52        30      1955


SUNRISE AND SUNSET
SEPTEMBER 12 2014.....SUNRISE   646 AM CDT   SUNSET   726 PM CDT
SEPTEMBER 13 2014.....SUNRISE   647 AM CDT   SUNSET   724 PM CDT


-  INDICATES NEGATIVE NUMBERS.
R  INDICATES RECORD WAS SET OR TIED.
MM INDICATES DATA IS MISSING.
T  INDICATES TRACE AMOUNT.




$$
