000
CDUS43 KARX 040649
CLIRST


CLIMATE REPORT
NATIONAL WEATHER SERVICE LA CROSSE WI
1249 AM CST SUN DEC 4 2016


...................................

...THE ROCHESTER MN CLIMATE SUMMARY FOR DECEMBER 3 2016...

CLIMATE NORMAL PERIOD 1981 TO 2010
CLIMATE RECORD PERIOD 1886 TO 2016


WEATHER ITEM   OBSERVED TIME   RECORD YEAR NORMAL DEPARTURE LAST
                VALUE   (LST)  VALUE       VALUE  FROM      YEAR
                                                  NORMAL
..................................................................
TEMPERATURE (F)
 YESTERDAY
  MAXIMUM         31   1159 PM  62    2012  31      0       34
  MINIMUM         28    836 AM -30    1940  17     11       23
  AVERAGE         30                        24      6       29

PRECIPITATION (IN)
  YESTERDAY        0.02          0.54 1990   0.05  -0.03     0.00
  MONTH TO DATE    0.03                      0.15  -0.12     0.03
  SINCE DEC 1      0.03                      0.15  -0.12     0.03
  SINCE JAN 1     41.51                     31.94   9.57    32.42

SNOWFALL (IN)
  YESTERDAY        T             8.0  1990   0.4   -0.4      0.0
  MONTH TO DATE    T                         1.2   -1.2       T
  SINCE JUL 1      1.0                       8.1   -7.1      2.5
  SNOW DEPTH       0

DEGREE DAYS
 HEATING
  YESTERDAY       35                        41     -6       36
  MONTH TO DATE  100                       121    -21      110
  SINCE JUL 1   1235                      1793   -558     1460

 COOLING
  YESTERDAY        0                         0      0        0
  MONTH TO DATE    0                         0      0        0
  SINCE JAN 1    629                       585     44      507
..................................................................


WIND (MPH)
  HIGHEST WIND SPEED    15   HIGHEST WIND DIRECTION    NW (300)
  HIGHEST GUST SPEED    18   HIGHEST GUST DIRECTION    NW (300)
  AVERAGE WIND SPEED     6.8


SKY COVER
  POSSIBLE SUNSHINE  MM
  AVERAGE SKY COVER 0.9


WEATHER CONDITIONS
 THE FOLLOWING WEATHER WAS RECORDED YESTERDAY.
  LIGHT SNOW
  FOG


RELATIVE HUMIDITY (PERCENT)
 HIGHEST    92           900 PM
 LOWEST     69          1000 AM
 AVERAGE    81

..........................................................


THE ROCHESTER MN CLIMATE NORMALS FOR TODAY
                         NORMAL    RECORD    YEAR
 MAXIMUM TEMPERATURE (F)   31        57      1941
 MINIMUM TEMPERATURE (F)   16       -15      1886


SUNRISE AND SUNSET
DECEMBER  4 2016......SUNRISE   728 AM CST   SUNSET   433 PM CST
DECEMBER  5 2016......SUNRISE   729 AM CST   SUNSET   432 PM CST


-  INDICATES NEGATIVE NUMBERS.
R  INDICATES RECORD WAS SET OR TIED.
MM INDICATES DATA IS MISSING.
T  INDICATES TRACE AMOUNT.




$$
