000
CDUS43 KARX 200644
CLIRST


CLIMATE REPORT
NATIONAL WEATHER SERVICE LA CROSSE WI
1243 AM CST THU NOV 20 2014


...................................

...THE ROCHESTER MN CLIMATE SUMMARY FOR NOVEMBER 19 2014...

CLIMATE NORMAL PERIOD 1981 TO 2010
CLIMATE RECORD PERIOD 1886 TO 2014


WEATHER ITEM   OBSERVED TIME   RECORD YEAR NORMAL DEPARTURE LAST
                VALUE   (LST)  VALUE       VALUE  FROM      YEAR
                                                  NORMAL
..................................................................
TEMPERATURE (F)
 YESTERDAY
  MAXIMUM         22    309 PM  68    1930  39    -17       43
  MINIMUM         14   1159 PM  -3    1932  24    -10       20
  AVERAGE         18                        32    -14       32

PRECIPITATION (IN)
  YESTERDAY        0.01          1.16 1953   0.07  -0.06     0.00
  MONTH TO DATE    0.47                      1.25  -0.78     1.63
  SINCE SEP 1      6.38                      6.94  -0.56     5.83
  SINCE JAN 1     31.80                     31.13   0.67    40.53

SNOWFALL (IN)
  YESTERDAY        0.3           6.5  1970   0.3    0.0      0.0
  MONTH TO DATE    4.8                       2.9    1.9      0.5
  SINCE JUL 1      4.8                       3.7    1.1      0.5
  SNOW DEPTH       5

DEGREE DAYS
 HEATING
  YESTERDAY       47                        33     14       33
  MONTH TO DATE  722                       533    189      555
  SINCE JUL 1   1467                      1269    198     1238

 COOLING
  YESTERDAY        0                         0      0        0
  MONTH TO DATE    0                         0      0        0
  SINCE JAN 1    491                       585    -94      656
..................................................................


WIND (MPH)
  HIGHEST WIND SPEED    31   HIGHEST WIND DIRECTION    NW (310)
  HIGHEST GUST SPEED    38   HIGHEST GUST DIRECTION    NW (310)
  AVERAGE WIND SPEED    18.9


SKY COVER
  POSSIBLE SUNSHINE  MM
  AVERAGE SKY COVER 0.6


WEATHER CONDITIONS
 THE FOLLOWING WEATHER WAS RECORDED YESTERDAY.
  LIGHT SNOW
  FOG
  HAZE
  BLOWING SNOW


RELATIVE HUMIDITY (PERCENT)
 HIGHEST    84           500 AM
 LOWEST     62           400 PM
 AVERAGE    73

..........................................................


THE ROCHESTER MN CLIMATE NORMALS FOR TODAY
                         NORMAL    RECORD    YEAR
 MAXIMUM TEMPERATURE (F)   39        65      1930
 MINIMUM TEMPERATURE (F)   24         2      1985
                                             1914


SUNRISE AND SUNSET
NOVEMBER 20 2014......SUNRISE   711 AM CST   SUNSET   440 PM CST
NOVEMBER 21 2014......SUNRISE   712 AM CST   SUNSET   439 PM CST


-  INDICATES NEGATIVE NUMBERS.
R  INDICATES RECORD WAS SET OR TIED.
MM INDICATES DATA IS MISSING.
T  INDICATES TRACE AMOUNT.




$$
