720
CDUS43 KARX 122137
CLIRST


CLIMATE REPORT
NATIONAL WEATHER SERVICE LA CROSSE WI
436 PM CDT TUE SEP 12 2017


...................................

...THE ROCHESTER MN CLIMATE SUMMARY FOR SEPTEMBER 12 2017...
VALID TODAY AS OF 0430 PM LOCAL TIME.

CLIMATE NORMAL PERIOD 1981 TO 2010
CLIMATE RECORD PERIOD 1886 TO 2017


WEATHER ITEM   OBSERVED TIME   RECORD YEAR NORMAL DEPARTURE LAST
                VALUE   (LST)  VALUE       VALUE  FROM      YEAR
                                                  NORMAL
..................................................................
TEMPERATURE (F)
 TODAY
  MAXIMUM         84    328 PM  94    1948  73     11       82
  MINIMUM         55    406 AM  30    1955  52      3       55
  AVERAGE         70                        63      7       69

PRECIPITATION (IN)
  TODAY            0.00          5.98 1978   0.12  -0.12     0.12
  MONTH TO DATE    0.28                      1.46  -1.18     3.30
  SINCE SEP 1      0.28                      1.46  -1.18     3.30
  SINCE JAN 1     24.78                     25.65  -0.87    31.57

SNOWFALL (IN)
  TODAY            0.0           0.0  2012   0.0    0.0      0.0
  MONTH TO DATE    0.0                       0.0    0.0      0.0
  SINCE JUL 1      0.0                       0.0    0.0      0.0
  SNOW DEPTH       0

DEGREE DAYS
 HEATING
  TODAY            0                         5     -5        0
  MONTH TO DATE   51                        38     13       10
  SINCE JUL 1     92                        76     16       21

 COOLING
  TODAY            5                         2      3        4
  MONTH TO DATE    8                        32    -24       34
  SINCE JAN 1    410                       557   -147      607
..................................................................


WIND (MPH)
  HIGHEST WIND SPEED     9   HIGHEST WIND DIRECTION    SW (230)
  HIGHEST GUST SPEED    11   HIGHEST GUST DIRECTION    SW (230)
  AVERAGE WIND SPEED     2.8


SKY COVER
  POSSIBLE SUNSHINE  MM
  AVERAGE SKY COVER 0.0


WEATHER CONDITIONS
 THE FOLLOWING WEATHER WAS RECORDED TODAY.
  FOG
  HAZE


RELATIVE HUMIDITY (PERCENT)
 HIGHEST   100           400 AM
 LOWEST     51           300 PM
 AVERAGE    76

..........................................................


THE ROCHESTER MN CLIMATE NORMALS FOR TOMORROW
                         NORMAL    RECORD    YEAR
 MAXIMUM TEMPERATURE (F)   73        93      1908
 MINIMUM TEMPERATURE (F)   52        32      1963
                                             1953
                                             1888


SUNRISE AND SUNSET
SEPTEMBER 12 2017.....SUNRISE   646 AM CDT   SUNSET   725 PM CDT
SEPTEMBER 13 2017.....SUNRISE   647 AM CDT   SUNSET   723 PM CDT


-  INDICATES NEGATIVE NUMBERS.
R  INDICATES RECORD WAS SET OR TIED.
MM INDICATES DATA IS MISSING.
T  INDICATES TRACE AMOUNT.




$$
