000
CDUS43 KARX 280631
CLIRST


CLIMATE REPORT
NATIONAL WEATHER SERVICE LA CROSSE WI
129 AM CDT THU APR 28 2016


...................................

...THE ROCHESTER MN CLIMATE SUMMARY FOR APRIL 27 2016...

CLIMATE NORMAL PERIOD 1981 TO 2010
CLIMATE RECORD PERIOD 1886 TO 2016


WEATHER ITEM   OBSERVED TIME   RECORD YEAR NORMAL DEPARTURE LAST
                VALUE   (LST)  VALUE       VALUE  FROM      YEAR
                                                  NORMAL
..................................................................
TEMPERATURE (F)
 YESTERDAY
  MAXIMUM         48   1159 AM  86    1977  63    -15       66
  MINIMUM         39    717 AM  19    1933  41     -2       36
  AVERAGE         44                        52     -8       51

PRECIPITATION (IN)
  YESTERDAY        0.34          1.33 1975   0.12   0.22     0.00
  MONTH TO DATE    0.92                      2.86  -1.94     4.93
  SINCE MAR 1      4.90                      4.74   0.16     6.00
  SINCE JAN 1      6.30                      6.43  -0.13     7.36

SNOWFALL (IN)
  YESTERDAY        0.0           1.0  2002   0.0    0.0      0.0
  MONTH TO DATE    0.5                       3.1   -2.6      1.5
  SINCE JUL 1     47.9                      51.7   -3.8     50.4
  SNOW DEPTH       0

DEGREE DAYS
 HEATING
  YESTERDAY       21                        13      8       14
  MONTH TO DATE  465                       515    -50      483
  SINCE JUL 1   6480                      7387   -907     7781

 COOLING
  YESTERDAY        0                         0      0        0
  MONTH TO DATE    1                         0      1        0
  SINCE JAN 1      1                         0      1        0
..................................................................


WIND (MPH)
  HIGHEST WIND SPEED    30   HIGHEST WIND DIRECTION     E (80)
  HIGHEST GUST SPEED    37   HIGHEST GUST DIRECTION     E (80)
  AVERAGE WIND SPEED    19.0


SKY COVER
  POSSIBLE SUNSHINE  MM
  AVERAGE SKY COVER 0.7


WEATHER CONDITIONS
 THE FOLLOWING WEATHER WAS RECORDED YESTERDAY.
  RAIN
  LIGHT RAIN
  FOG


RELATIVE HUMIDITY (PERCENT)
 HIGHEST    89           300 PM
 LOWEST     39          1200 PM
 AVERAGE    64

..........................................................


THE ROCHESTER MN CLIMATE NORMALS FOR TODAY
                         NORMAL    RECORD    YEAR
 MAXIMUM TEMPERATURE (F)   63        87      2004
                                             1952
 MINIMUM TEMPERATURE (F)   41        25      1913


SUNRISE AND SUNSET
APRIL 28 2016.........SUNRISE   605 AM CDT   SUNSET   810 PM CDT
APRIL 29 2016.........SUNRISE   604 AM CDT   SUNSET   811 PM CDT


-  INDICATES NEGATIVE NUMBERS.
R  INDICATES RECORD WAS SET OR TIED.
MM INDICATES DATA IS MISSING.
T  INDICATES TRACE AMOUNT.




$$
