000
CDUS43 KARX 210710
CLIRST


CLIMATE REPORT
NATIONAL WEATHER SERVICE LA CROSSE WI
159 AM CDT TUE OCT 21 2014

...THE ROCHESTER MN CLIMATE SUMMARY FOR OCTOBER 20 2014...

CLIMATE NORMAL PERIOD 1981 TO 2010
CLIMATE RECORD PERIOD 1886 TO 2014

WEATHER ITEM   OBSERVED TIME   RECORD YEAR NORMAL DEPARTURE LAST
                VALUE   (LST)  VALUE       VALUE  FROM      YEAR
                                                  NORMAL
..................................................................
TEMPERATURE (F)
 YESTERDAY
  MAXIMUM         63    302 PM  82    1953  57      6       52
  MINIMUM         41    647 AM  12    1952  37      4       28
  AVERAGE         52                        47      5       40

PRECIPITATION (IN)
  YESTERDAY        0.00          1.41 1934   0.07  -0.07      T
  MONTH TO DATE    2.09                      1.56   0.53     2.96
  SINCE SEP 1      5.63                      5.01   0.62     4.18
  SINCE JAN 1     31.05                     29.20   1.85    38.88

SNOWFALL (IN)
  YESTERDAY        0.0           0.5  1982   0.1   -0.1       T
  MONTH TO DATE    T                         0.3   -0.3       T
  SINCE JUL 1      T                         0.3   -0.3       T
  SNOW DEPTH       0

DEGREE DAYS
 HEATING
  YESTERDAY       13                        18     -5       25
  MONTH TO DATE  334                       295     39      248
  SINCE JUL 1    539                       510     29      402

 COOLING
  YESTERDAY        0                         0      0        0
  MONTH TO DATE    0                         4     -4        0
  SINCE JAN 1    491                       583    -92      656
..................................................................

WIND (MPH)
  HIGHEST WIND SPEED    18   HIGHEST WIND DIRECTION     N (350)
  HIGHEST GUST SPEED    24   HIGHEST GUST DIRECTION     N (340)
  AVERAGE WIND SPEED     7.9

SKY COVER
  POSSIBLE SUNSHINE  MM
  AVERAGE SKY COVER 0.0

WEATHER CONDITIONS
 THE FOLLOWING WEATHER WAS RECORDED YESTERDAY.
  NO SIGNIFICANT WEATHER WAS OBSERVED.

RELATIVE HUMIDITY (PERCENT)
 HIGHEST    89           400 AM
 LOWEST     46           200 PM
 AVERAGE    68
..........................................................

THE ROCHESTER MN CLIMATE NORMALS FOR TODAY
                         NORMAL    RECORD    YEAR
 MAXIMUM TEMPERATURE (F)   56        85      1947
 MINIMUM TEMPERATURE (F)   37        14      1930
                                             1913

SUNRISE AND SUNSET
OCTOBER 21 2014.......SUNRISE   732 AM CDT   SUNSET   616 PM CDT
OCTOBER 22 2014.......SUNRISE   733 AM CDT   SUNSET   615 PM CDT

-  INDICATES NEGATIVE NUMBERS.
R  INDICATES RECORD WAS SET OR TIED.
MM INDICATES DATA IS MISSING.
T  INDICATES TRACE AMOUNT.

$$

BOYNE
