000
CDUS43 KARX 100650
CLIRST


CLIMATE REPORT
NATIONAL WEATHER SERVICE LA CROSSE WI
149 AM CDT THU APR 10 2014


...................................

...THE ROCHESTER MN CLIMATE SUMMARY FOR APRIL 9 2014...

CLIMATE NORMAL PERIOD 1981 TO 2010
CLIMATE RECORD PERIOD 1886 TO 2014


WEATHER ITEM   OBSERVED TIME   RECORD YEAR NORMAL DEPARTURE LAST
                VALUE   (LST)  VALUE       VALUE  FROM      YEAR
                                                  NORMAL
..................................................................
TEMPERATURE (F)
 YESTERDAY
  MAXIMUM         65    459 PM  76    1955  54     11       40
                                      1930
  MINIMUM         30    451 AM  13    1997  34     -4       34
  AVERAGE         48                        44      4       37

PRECIPITATION (IN)
  YESTERDAY        0.00          1.72 2013   0.10  -0.10     1.72
  MONTH TO DATE    0.84                      0.81   0.03     2.22
  SINCE MAR 1      1.99                      2.69  -0.70     5.07
  SINCE JAN 1      4.75                      4.38   0.37     7.07

SNOWFALL (IN)
  YESTERDAY        0.0           6.4  1973   0.1   -0.1      0.0
  MONTH TO DATE    3.2                       1.3    1.9      0.7
  SINCE JUL 1     57.2                      49.9    7.3     56.0
  SNOW DEPTH       0

DEGREE DAYS
 HEATING
  YESTERDAY       17                        21     -4       28
  MONTH TO DATE  233                       209     24      249
  SINCE JUL 1   8213                      7081   1132     6966

 COOLING
  YESTERDAY        0                         0      0        0
  MONTH TO DATE    0                         0      0        0
  SINCE JAN 1      0                         0      0        0
..................................................................


WIND (MPH)
  HIGHEST WIND SPEED    32   HIGHEST WIND DIRECTION     S (200)
  HIGHEST GUST SPEED    40   HIGHEST GUST DIRECTION     S (200)
  AVERAGE WIND SPEED    17.3


SKY COVER
  POSSIBLE SUNSHINE  MM
  AVERAGE SKY COVER 0.2


WEATHER CONDITIONS
 THE FOLLOWING WEATHER WAS RECORDED YESTERDAY.
  NO SIGNIFICANT WEATHER WAS OBSERVED.


RELATIVE HUMIDITY (PERCENT)
 HIGHEST    85           300 AM
 LOWEST     43           400 PM
 AVERAGE    64

..........................................................


THE ROCHESTER MN CLIMATE NORMALS FOR TODAY
                         NORMAL    RECORD    YEAR
 MAXIMUM TEMPERATURE (F)   54        85      1977
 MINIMUM TEMPERATURE (F)   34        13      1973


SUNRISE AND SUNSET
APRIL 10 2014.........SUNRISE   635 AM CDT   SUNSET   748 PM CDT
APRIL 11 2014.........SUNRISE   634 AM CDT   SUNSET   749 PM CDT


-  INDICATES NEGATIVE NUMBERS.
R  INDICATES RECORD WAS SET OR TIED.
MM INDICATES DATA IS MISSING.
T  INDICATES TRACE AMOUNT.




$$
