000
CDUS43 KARX 250640
CLIRST


CLIMATE REPORT
NATIONAL WEATHER SERVICE LA CROSSE WI
138 AM CDT FRI JUL 25 2014

...THE ROCHESTER MN CLIMATE SUMMARY FOR JULY 24 2014...

CLIMATE NORMAL PERIOD 1981 TO 2010
CLIMATE RECORD PERIOD 1886 TO 2014

WEATHER ITEM   OBSERVED TIME   RECORD YEAR NORMAL DEPARTURE LAST
                VALUE   (LST)  VALUE       VALUE  FROM      YEAR
                                                  NORMAL
..................................................................
TEMPERATURE (F)
 YESTERDAY
  MAXIMUM         78    207 PM  99    1941  81     -3       74
                                      1934
  MINIMUM         56    414 AM  45    1887  61     -5       55
  AVERAGE         67                        71     -4       65

PRECIPITATION (IN)
  YESTERDAY        0.00          1.85 1985   0.15  -0.15     0.00
  MONTH TO DATE    1.58                      3.56  -1.98     1.67
  SINCE JUN 1      8.08                      8.24  -0.16     8.53
  SINCE JAN 1     19.41                     18.68   0.73    32.43

SNOWFALL (IN)
  YESTERDAY        0.0           0.0  2012   0.0    0.0      0.0
  MONTH TO DATE    0.0                       0.0    0.0      0.0
  SINCE JUL 1      0.0                       0.0    0.0      0.0
  SNOW DEPTH       0

DEGREE DAYS
 HEATING
  YESTERDAY        0                         0      0        0
  MONTH TO DATE   22                         0     22        0
  SINCE JUL 1     22                         0     22        0

 COOLING
  YESTERDAY        2                         6     -4        0
  MONTH TO DATE   84                       167    -83      218
  SINCE JAN 1    254                       331    -77      374
..................................................................

WIND (MPH)
  HIGHEST WIND SPEED    22   HIGHEST WIND DIRECTION     S (190)
  HIGHEST GUST SPEED    29   HIGHEST GUST DIRECTION     S (190)
  AVERAGE WIND SPEED     5.5

SKY COVER
  POSSIBLE SUNSHINE  MM
  AVERAGE SKY COVER 0.1

WEATHER CONDITIONS
 THE FOLLOWING WEATHER WAS RECORDED YESTERDAY.
  NO SIGNIFICANT WEATHER WAS OBSERVED.

RELATIVE HUMIDITY (PERCENT)
 HIGHEST    86           300 AM
 LOWEST     50          1100 AM
 AVERAGE    68
..........................................................

THE ROCHESTER MN CLIMATE NORMALS FOR TODAY
                         NORMAL    RECORD    YEAR
 MAXIMUM TEMPERATURE (F)   81        97      1931
 MINIMUM TEMPERATURE (F)   61        48      1920

SUNRISE AND SUNSET
JULY 25 2014..........SUNRISE   551 AM CDT   SUNSET   841 PM CDT
JULY 26 2014..........SUNRISE   552 AM CDT   SUNSET   840 PM CDT

-  INDICATES NEGATIVE NUMBERS.
R  INDICATES RECORD WAS SET OR TIED.
MM INDICATES DATA IS MISSING.
T  INDICATES TRACE AMOUNT.

$$

BOYNE
