000
CDUS43 KARX 130647
CLIRST


CLIMATE REPORT
NATIONAL WEATHER SERVICE LA CROSSE WI
146 AM CDT SAT SEP 13 2014


...................................

...THE ROCHESTER MN CLIMATE SUMMARY FOR SEPTEMBER 12 2014...

CLIMATE NORMAL PERIOD 1981 TO 2010
CLIMATE RECORD PERIOD 1886 TO 2014


WEATHER ITEM   OBSERVED TIME   RECORD YEAR NORMAL DEPARTURE LAST
                VALUE   (LST)  VALUE       VALUE  FROM      YEAR
                                                  NORMAL
..................................................................
TEMPERATURE (F)
 YESTERDAY
  MAXIMUM         51    458 PM  94    1948  73    -22       73
  MINIMUM         38   1159 PM  30    1955  52    -14       51
  AVERAGE         45                        63    -18       62

PRECIPITATION (IN)
  YESTERDAY        0.12          5.98 1978   0.12   0.00     0.00
  MONTH TO DATE    2.66                      1.46   1.20     0.01
  SINCE SEP 1      2.66                      1.46   1.20     0.01
  SINCE JAN 1     28.08                     25.65   2.43    34.71

SNOWFALL (IN)
  YESTERDAY        0.0           0.0  2012   0.0    0.0      0.0
  MONTH TO DATE    0.0                       0.0    0.0      0.0
  SINCE JUL 1      0.0                       0.0    0.0      0.0
  SNOW DEPTH       0

DEGREE DAYS
 HEATING
  YESTERDAY       20                         5     15        3
  MONTH TO DATE   60                        38     22       16
  SINCE JUL 1     85                        76      9       50

 COOLING
  YESTERDAY        0                         2     -2        0
  MONTH TO DATE   23                        32     -9       78
  SINCE JAN 1    483                       557    -74      634
..................................................................


WIND (MPH)
  HIGHEST WIND SPEED    15   HIGHEST WIND DIRECTION    NE (30)
  HIGHEST GUST SPEED    18   HIGHEST GUST DIRECTION     N (20)
  AVERAGE WIND SPEED     5.5


SKY COVER
  POSSIBLE SUNSHINE  MM
  AVERAGE SKY COVER 0.8


WEATHER CONDITIONS
 THE FOLLOWING WEATHER WAS RECORDED YESTERDAY.
  LIGHT RAIN
  FOG


RELATIVE HUMIDITY (PERCENT)
 HIGHEST    89           300 AM
 LOWEST     63           500 PM
 AVERAGE    76

..........................................................


THE ROCHESTER MN CLIMATE NORMALS FOR TODAY
                         NORMAL    RECORD    YEAR
 MAXIMUM TEMPERATURE (F)   73        93      1908
 MINIMUM TEMPERATURE (F)   52        32      1963
                                             1953
                                             1888


SUNRISE AND SUNSET
SEPTEMBER 13 2014.....SUNRISE   647 AM CDT   SUNSET   724 PM CDT
SEPTEMBER 14 2014.....SUNRISE   648 AM CDT   SUNSET   722 PM CDT


-  INDICATES NEGATIVE NUMBERS.
R  INDICATES RECORD WAS SET OR TIED.
MM INDICATES DATA IS MISSING.
T  INDICATES TRACE AMOUNT.




$$
