000
CDUS43 KARX 100641
CLIRST


CLIMATE REPORT
NATIONAL WEATHER SERVICE LA CROSSE WI
141 AM CDT MON APR 10 2017


...................................

...THE ROCHESTER MN CLIMATE SUMMARY FOR APRIL 9 2017...

CLIMATE NORMAL PERIOD 1981 TO 2010
CLIMATE RECORD PERIOD 1886 TO 2017


WEATHER ITEM   OBSERVED TIME   RECORD YEAR NORMAL DEPARTURE LAST
                VALUE   (LST)  VALUE       VALUE  FROM      YEAR
                                                  NORMAL
..................................................................
TEMPERATURE (F)
 YESTERDAY
  MAXIMUM         67    511 PM  76    1955  54     13       41
                                      1930
  MINIMUM         51    626 AM  13    1997  34     17       18
  AVERAGE         59                        44     15       30

PRECIPITATION (IN)
  YESTERDAY        0.56          1.72 2013   0.10   0.46     0.00
  MONTH TO DATE    1.22                      0.81   0.41     0.17
  SINCE MAR 1      4.09                      2.69   1.40     4.15
  SINCE JAN 1      7.87                      4.38   3.49     5.55

SNOWFALL (IN)
  YESTERDAY        0.0           6.4  1973   0.1   -0.1      0.0
  MONTH TO DATE    0.0                       1.3   -1.3      0.5
  SINCE JUL 1     52.7                      49.9    2.8     47.9
  SNOW DEPTH       0

DEGREE DAYS
 HEATING
  YESTERDAY        6                        21    -15       35
  MONTH TO DATE  156                       209    -53      270
  SINCE JUL 1   6237                      7081   -844     6285

 COOLING
  YESTERDAY        0                         0      0        0
  MONTH TO DATE    0                         0      0        0
  SINCE JAN 1      0                         0      0        0
..................................................................


WIND (MPH)
  HIGHEST WIND SPEED    26   HIGHEST WIND DIRECTION     W (270)
  HIGHEST GUST SPEED    31   HIGHEST GUST DIRECTION     W (270)
  AVERAGE WIND SPEED     8.4


SKY COVER
  POSSIBLE SUNSHINE  MM
  AVERAGE SKY COVER 0.6


WEATHER CONDITIONS
 THE FOLLOWING WEATHER WAS RECORDED YESTERDAY.
  THUNDERSTORM
  HEAVY RAIN
  RAIN
  LIGHT RAIN
  FOG


RELATIVE HUMIDITY (PERCENT)
 HIGHEST   100          1100 PM
 LOWEST     67          1000 AM
 AVERAGE    84

..........................................................


THE ROCHESTER MN CLIMATE NORMALS FOR TODAY
                         NORMAL    RECORD    YEAR
 MAXIMUM TEMPERATURE (F)   54        85      1977
 MINIMUM TEMPERATURE (F)   34        13      1973


SUNRISE AND SUNSET
APRIL 10 2017.........SUNRISE   635 AM CDT   SUNSET   748 PM CDT
APRIL 11 2017.........SUNRISE   633 AM CDT   SUNSET   749 PM CDT


-  INDICATES NEGATIVE NUMBERS.
R  INDICATES RECORD WAS SET OR TIED.
MM INDICATES DATA IS MISSING.
T  INDICATES TRACE AMOUNT.




$$
