000
CDUS43 KARX 060636
CLIRST


CLIMATE REPORT
NATIONAL WEATHER SERVICE LA CROSSE WI
135 AM CDT FRI OCT 6 2017


...................................

...THE ROCHESTER MN CLIMATE SUMMARY FOR OCTOBER 5 2017...

CLIMATE NORMAL PERIOD 1981 TO 2010
CLIMATE RECORD PERIOD 1886 TO 2017


WEATHER ITEM   OBSERVED TIME   RECORD YEAR NORMAL DEPARTURE LAST
                VALUE   (LST)  VALUE       VALUE  FROM      YEAR
                                                  NORMAL
..................................................................
TEMPERATURE (F)
 YESTERDAY
  MAXIMUM         59   1208 PM  85    2011  63     -4       69
                                      1938
  MINIMUM         43    326 AM  20    1935  42      1       51
  AVERAGE         51                        53     -2       60

PRECIPITATION (IN)
  YESTERDAY        0.67          1.05 1913   0.09   0.58     0.03
  MONTH TO DATE    1.33                      0.48   0.85     0.03
  SINCE SEP 1      3.50                      3.93  -0.43     9.13
  SINCE JAN 1     28.00                     28.12  -0.12    37.40

SNOWFALL (IN)
  YESTERDAY        0.0           0.2  1991   0.0    0.0      0.0
  MONTH TO DATE    0.0                       0.0    0.0      0.0
  SINCE JUL 1      0.0                       0.0    0.0      0.0
  SNOW DEPTH       0

DEGREE DAYS
 HEATING
  YESTERDAY       14                        13      1        5
  MONTH TO DATE   33                        60    -27       16
  SINCE JUL 1    185                       275    -90       93

 COOLING
  YESTERDAY        0                         0      0        0
  MONTH TO DATE    1                         4     -3        1
  SINCE JAN 1    494                       583    -89      629
..................................................................


WIND (MPH)
  HIGHEST WIND SPEED    17   HIGHEST WIND DIRECTION    NW (330)
  HIGHEST GUST SPEED    21   HIGHEST GUST DIRECTION    NW (330)
  AVERAGE WIND SPEED     5.8


SKY COVER
  POSSIBLE SUNSHINE  MM
  AVERAGE SKY COVER 0.9


WEATHER CONDITIONS
 THE FOLLOWING WEATHER WAS RECORDED YESTERDAY.
  THUNDERSTORM
  HEAVY RAIN
  RAIN
  LIGHT RAIN
  FOG


RELATIVE HUMIDITY (PERCENT)
 HIGHEST   100           400 PM
 LOWEST     67           100 PM
 AVERAGE    84

..........................................................


THE ROCHESTER MN CLIMATE NORMALS FOR TODAY
                         NORMAL    RECORD    YEAR
 MAXIMUM TEMPERATURE (F)   63        89      1997
 MINIMUM TEMPERATURE (F)   42        14      1935


SUNRISE AND SUNSET
OCTOBER  6 2017.......SUNRISE   714 AM CDT   SUNSET   641 PM CDT
OCTOBER  7 2017.......SUNRISE   715 AM CDT   SUNSET   640 PM CDT


-  INDICATES NEGATIVE NUMBERS.
R  INDICATES RECORD WAS SET OR TIED.
MM INDICATES DATA IS MISSING.
T  INDICATES TRACE AMOUNT.




$$
