000
CDUS43 KARX 170645
CLIRST


CLIMATE REPORT
NATIONAL WEATHER SERVICE LA CROSSE WI
145 AM CDT SUN MAY 17 2015


...................................

...THE ROCHESTER MN CLIMATE SUMMARY FOR MAY 16 2015...

CLIMATE NORMAL PERIOD 1981 TO 2010
CLIMATE RECORD PERIOD 1886 TO 2015


WEATHER ITEM   OBSERVED TIME   RECORD YEAR NORMAL DEPARTURE LAST
                VALUE   (LST)  VALUE       VALUE  FROM      YEAR
                                                  NORMAL
..................................................................
TEMPERATURE (F)
 YESTERDAY
  MAXIMUM         76    540 PM  92    1936  69      7       51
  MINIMUM         54    340 AM  29    1956  47      7       37
                                      1929
  AVERAGE         65                        58      7       44

PRECIPITATION (IN)
  YESTERDAY        0.18          1.55 1999   0.12   0.06      T
  MONTH TO DATE    3.28                      1.84   1.44     1.69
  SINCE MAR 1      9.28                      6.96   2.32     8.48
  SINCE JAN 1     10.64                      8.65   1.99    11.24

SNOWFALL (IN)
  YESTERDAY        0.0           0.0  2012   0.0    0.0      0.0
  MONTH TO DATE    0.0                       0.2   -0.2      0.0
  SINCE JUL 1     50.4                      52.1   -1.7     60.5
  SNOW DEPTH       0

DEGREE DAYS
 HEATING
  YESTERDAY        0                         8     -8       21
  MONTH TO DATE  122                       157    -35      205
  SINCE JUL 1   7934                      7582    352     8860

 COOLING
  YESTERDAY        0                         1     -1        0
  MONTH TO DATE    7                         9     -2        0
  SINCE JAN 1      7                        13     -6        0
..................................................................


WIND (MPH)
  HIGHEST WIND SPEED    31   HIGHEST WIND DIRECTION    SE (150)
  HIGHEST GUST SPEED    43   HIGHEST GUST DIRECTION    SE (150)
  AVERAGE WIND SPEED    12.7


SKY COVER
  POSSIBLE SUNSHINE  MM
  AVERAGE SKY COVER 0.6


WEATHER CONDITIONS
 THE FOLLOWING WEATHER WAS RECORDED YESTERDAY.
  THUNDERSTORM
  HEAVY RAIN
  LIGHT RAIN
  FOG


RELATIVE HUMIDITY (PERCENT)
 HIGHEST    93           100 AM
 LOWEST     74           300 PM
 AVERAGE    84

..........................................................


THE ROCHESTER MN CLIMATE NORMALS FOR TODAY
                         NORMAL    RECORD    YEAR
 MAXIMUM TEMPERATURE (F)   69        91      1934
 MINIMUM TEMPERATURE (F)   48        29      1930


SUNRISE AND SUNSET
MAY 17 2015...........SUNRISE   542 AM CDT   SUNSET   831 PM CDT
MAY 18 2015...........SUNRISE   541 AM CDT   SUNSET   832 PM CDT


-  INDICATES NEGATIVE NUMBERS.
R  INDICATES RECORD WAS SET OR TIED.
MM INDICATES DATA IS MISSING.
T  INDICATES TRACE AMOUNT.




$$
