000
CDUS43 KARX 032128
CLIRST


CLIMATE REPORT
NATIONAL WEATHER SERVICE LA CROSSE WI
426 PM CDT THU AUG 3 2017


...................................

...THE ROCHESTER MN CLIMATE SUMMARY FOR AUGUST 3 2017...
VALID TODAY AS OF 0400 PM LOCAL TIME.

CLIMATE NORMAL PERIOD 1981 TO 2010
CLIMATE RECORD PERIOD 1886 TO 2017


WEATHER ITEM   OBSERVED TIME   RECORD YEAR NORMAL DEPARTURE LAST
                VALUE   (LST)  VALUE       VALUE  FROM      YEAR
                                                  NORMAL
..................................................................
TEMPERATURE (F)
 TODAY
  MAXIMUM         68   1141 AM 100    1930  80    -12       86
  MINIMUM         56    259 PM  45    1978  61     -5       67
  AVERAGE         62                        70     -8       77

PRECIPITATION (IN)
  TODAY            2.01R         1.73 2002   0.14   1.87     0.00
  MONTH TO DATE    2.01                      0.43   1.58     0.13
  SINCE JUN 1      8.07                      9.66  -1.59    10.97
  SINCE JAN 1     22.34                     20.10   2.24    22.66

SNOWFALL (IN)
  TODAY            0.0           0.0  2012   0.0    0.0      0.0
  MONTH TO DATE    0.0                       0.0    0.0      0.0
  SINCE JUL 1      0.0                       0.0    0.0      0.0
  SNOW DEPTH       0

DEGREE DAYS
 HEATING
  TODAY            3                         0      3        0
  MONTH TO DATE    3                         0      3        0
  SINCE JUL 1      4                        11     -7        4

 COOLING
  TODAY            0                         6     -6       12
  MONTH TO DATE    9                        18     -9       31
  SINCE JAN 1    370                       389    -19      431
..................................................................


WIND (MPH)
  HIGHEST WIND SPEED    26   HIGHEST WIND DIRECTION    NW (310)
  HIGHEST GUST SPEED    33   HIGHEST GUST DIRECTION    NW (300)
  AVERAGE WIND SPEED    13.1


SKY COVER
  POSSIBLE SUNSHINE  MM
  AVERAGE SKY COVER 0.8


WEATHER CONDITIONS
 THE FOLLOWING WEATHER WAS RECORDED TODAY.
  THUNDERSTORM
  HEAVY RAIN
  RAIN
  LIGHT RAIN
  FOG
  FOG W/VISIBILITY <= 1/4 MILE


RELATIVE HUMIDITY (PERCENT)
 HIGHEST   100           100 AM
 LOWEST     80           200 PM
 AVERAGE    90

..........................................................


THE ROCHESTER MN CLIMATE NORMALS FOR TOMORROW
                         NORMAL    RECORD    YEAR
 MAXIMUM TEMPERATURE (F)   80       100      1947
 MINIMUM TEMPERATURE (F)   61        42      1912


SUNRISE AND SUNSET
AUGUST  3 2017........SUNRISE   601 AM CDT   SUNSET   831 PM CDT
AUGUST  4 2017........SUNRISE   602 AM CDT   SUNSET   829 PM CDT


-  INDICATES NEGATIVE NUMBERS.
R  INDICATES RECORD WAS SET OR TIED.
MM INDICATES DATA IS MISSING.
T  INDICATES TRACE AMOUNT.




$$
