000
CDUS43 KARX 232127
CLIRST


CLIMATE REPORT
NATIONAL WEATHER SERVICE LA CROSSE WI
430 PM CDT WED JUL 23 2014


...................................

...THE ROCHESTER MN CLIMATE SUMMARY FOR JULY 23 2014...
VALID TODAY AS OF 0400 PM LOCAL TIME.

CLIMATE NORMAL PERIOD 1981 TO 2010
CLIMATE RECORD PERIOD 1886 TO 2014


WEATHER ITEM   OBSERVED TIME   RECORD YEAR NORMAL DEPARTURE LAST
                VALUE   (LST)  VALUE       VALUE  FROM      YEAR
                                                  NORMAL
..................................................................
TEMPERATURE (F)
 TODAY
  MAXIMUM         80    224 PM 101    1934  81     -1       74
  MINIMUM         59    447 AM  44    1887  61     -2       57
  AVERAGE         70                        71     -1       66

PRECIPITATION (IN)
  TODAY            0.00          1.73 1968   0.14  -0.14     0.00
  MONTH TO DATE    1.58                      3.41  -1.83     1.67
  SINCE JUN 1      8.08                      8.09  -0.01     8.53
  SINCE JAN 1     19.41                     18.53   0.88    32.43

SNOWFALL (IN)
  TODAY            0.0           0.0  2012   0.0    0.0      0.0
  MONTH TO DATE    0.0                       0.0    0.0      0.0
  SINCE JUL 1      0.0                       0.0    0.0      0.0
  SNOW DEPTH       0

DEGREE DAYS
 HEATING
  TODAY            0                         0      0        0
  MONTH TO DATE   22                         0     22        0
  SINCE JUL 1     22                         0     22        0

 COOLING
  TODAY            5                         7     -2        1
  MONTH TO DATE   82                       161    -79      218
  SINCE JAN 1    252                       325    -73      374
..................................................................


WIND (MPH)
  HIGHEST WIND SPEED    12   HIGHEST WIND DIRECTION     N (360)
  HIGHEST GUST SPEED    14   HIGHEST GUST DIRECTION     N (360)
  AVERAGE WIND SPEED     5.5


SKY COVER
  POSSIBLE SUNSHINE  MM
  AVERAGE SKY COVER 0.2


WEATHER CONDITIONS
 THE FOLLOWING WEATHER WAS RECORDED TODAY.
  FOG


RELATIVE HUMIDITY (PERCENT)
 HIGHEST    90           600 AM
 LOWEST     45           200 PM
 AVERAGE    68

..........................................................


THE ROCHESTER MN CLIMATE NORMALS FOR TOMORROW
                         NORMAL    RECORD    YEAR
 MAXIMUM TEMPERATURE (F)   81        99      1941
                                             1934
 MINIMUM TEMPERATURE (F)   61        45      1887


SUNRISE AND SUNSET
JULY 23 2014..........SUNRISE   549 AM CDT   SUNSET   843 PM CDT
JULY 24 2014..........SUNRISE   550 AM CDT   SUNSET   842 PM CDT


-  INDICATES NEGATIVE NUMBERS.
R  INDICATES RECORD WAS SET OR TIED.
MM INDICATES DATA IS MISSING.
T  INDICATES TRACE AMOUNT.




$$
