000
CDUS43 KARX 200644
CLIRST


CLIMATE REPORT
NATIONAL WEATHER SERVICE LA CROSSE WI
140 AM CDT SAT AUG 20 2016

...THE ROCHESTER MN CLIMATE SUMMARY FOR AUGUST 19 2016...

CLIMATE NORMAL PERIOD 1981 TO 2010
CLIMATE RECORD PERIOD 1886 TO 2016

WEATHER ITEM   OBSERVED TIME   RECORD YEAR NORMAL DEPARTURE LAST
                VALUE   (LST)  VALUE       VALUE  FROM      YEAR
                                                  NORMAL
..................................................................
TEMPERATURE (F)
 YESTERDAY
  MAXIMUM         76    206 PM  98    1916  79     -3       65
  MINIMUM         65    549 AM  40    1967  59      6       54
                                      1929
  AVERAGE         71                        69      2       60

PRECIPITATION (IN)
  YESTERDAY        0.38          2.16 1990   0.15   0.23     0.11
  MONTH TO DATE    4.72                      2.80   1.92     2.09
  SINCE JUN 1     15.56                     12.03   3.53    11.49
  SINCE JAN 1     27.25                     22.47   4.78    24.10

SNOWFALL (IN)
  YESTERDAY        0.0           0.0  2012   0.0    0.0      0.0
  MONTH TO DATE    0.0                       0.0    0.0      0.0
  SINCE JUL 1      0.0                       0.0    0.0      0.0
  SNOW DEPTH       0

DEGREE DAYS
 HEATING
  YESTERDAY        0                         1     -1        5
  MONTH TO DATE    0                        16    -16        7
  SINCE JUL 1      4                        27    -23       24

 COOLING
  YESTERDAY        6                         5      1        0
  MONTH TO DATE  134                       105     29       85
  SINCE JAN 1    534                       476     58      362
..................................................................

WIND (MPH)
  HIGHEST WIND SPEED    21   HIGHEST WIND DIRECTION     W (270)
  HIGHEST GUST SPEED    32   HIGHEST GUST DIRECTION     W (260)
  AVERAGE WIND SPEED     4.9

SKY COVER
  POSSIBLE SUNSHINE  MM
  AVERAGE SKY COVER 0.5

WEATHER CONDITIONS
 THE FOLLOWING WEATHER WAS RECORDED YESTERDAY.
  THUNDERSTORM
  HEAVY RAIN
  RAIN
  LIGHT RAIN
  FOG

RELATIVE HUMIDITY (PERCENT)
 HIGHEST   100           700 AM
 LOWEST     74           100 PM
 AVERAGE    87
..........................................................

THE ROCHESTER MN CLIMATE NORMALS FOR TODAY
                         NORMAL    RECORD    YEAR
 MAXIMUM TEMPERATURE (F)   79        96      1955
                                             1916
 MINIMUM TEMPERATURE (F)   59        35      1950

SUNRISE AND SUNSET
AUGUST 20 2016........SUNRISE   620 AM CDT   SUNSET   805 PM CDT
AUGUST 21 2016........SUNRISE   621 AM CDT   SUNSET   804 PM CDT

-  INDICATES NEGATIVE NUMBERS.
R  INDICATES RECORD WAS SET OR TIED.
MM INDICATES DATA IS MISSING.
T  INDICATES TRACE AMOUNT.

$$

BOYNE
