000
CDUS43 KARX 200641
CLIRST


CLIMATE REPORT
NATIONAL WEATHER SERVICE LA CROSSE WI
140 AM CDT WED APR 20 2016


...................................

...THE ROCHESTER MN CLIMATE SUMMARY FOR APRIL 19 2016...

CLIMATE NORMAL PERIOD 1981 TO 2010
CLIMATE RECORD PERIOD 1886 TO 2016


WEATHER ITEM   OBSERVED TIME   RECORD YEAR NORMAL DEPARTURE LAST
                VALUE   (LST)  VALUE       VALUE  FROM      YEAR
                                                  NORMAL
..................................................................
TEMPERATURE (F)
 YESTERDAY
  MAXIMUM         58   1132 AM  84    1985  59     -1       62
  MINIMUM         48   1051 PM  20    1988  38     10       44
  AVERAGE         53                        48      5       53

PRECIPITATION (IN)
  YESTERDAY        0.07          1.75 1993   0.11  -0.04     1.19
  MONTH TO DATE    0.26                      1.91  -1.65     4.38
  SINCE MAR 1      4.24                      3.79   0.45     5.45
  SINCE JAN 1      5.64                      5.48   0.16     6.81

SNOWFALL (IN)
  YESTERDAY        0.0           3.8  2011   0.1   -0.1      0.0
  MONTH TO DATE    0.5                       2.5   -2.0      1.5
  SINCE JUL 1     47.9                      51.1   -3.2     50.4
  SNOW DEPTH       0

DEGREE DAYS
 HEATING
  YESTERDAY       12                        17     -5       12
  MONTH TO DATE  377                       397    -20      306
  SINCE JUL 1   6392                      7269   -877     7604

 COOLING
  YESTERDAY        0                         0      0        0
  MONTH TO DATE    1                         0      1        0
  SINCE JAN 1      1                         0      1        0
..................................................................


WIND (MPH)
  HIGHEST WIND SPEED    18   HIGHEST WIND DIRECTION     E (100)
  HIGHEST GUST SPEED    23   HIGHEST GUST DIRECTION     E (100)
  AVERAGE WIND SPEED    11.3


SKY COVER
  POSSIBLE SUNSHINE  MM
  AVERAGE SKY COVER 1.0


WEATHER CONDITIONS
 THE FOLLOWING WEATHER WAS RECORDED YESTERDAY.
  LIGHT RAIN
  FOG


RELATIVE HUMIDITY (PERCENT)
 HIGHEST   100           500 AM
 LOWEST     77           400 PM
 AVERAGE    89

..........................................................


THE ROCHESTER MN CLIMATE NORMALS FOR TODAY
                         NORMAL    RECORD    YEAR
 MAXIMUM TEMPERATURE (F)   60        85      1987
 MINIMUM TEMPERATURE (F)   38        21      1956


SUNRISE AND SUNSET
APRIL 20 2016.........SUNRISE   618 AM CDT   SUNSET   801 PM CDT
APRIL 21 2016.........SUNRISE   616 AM CDT   SUNSET   802 PM CDT


-  INDICATES NEGATIVE NUMBERS.
R  INDICATES RECORD WAS SET OR TIED.
MM INDICATES DATA IS MISSING.
T  INDICATES TRACE AMOUNT.




$$
