000
CDUS43 KARX 270657
CLIRST


CLIMATE REPORT
NATIONAL WEATHER SERVICE LA CROSSE WI
1256 AM CST MON NOV 27 2017


...................................

...THE ROCHESTER MN CLIMATE SUMMARY FOR NOVEMBER 26 2017...

CLIMATE NORMAL PERIOD 1981 TO 2010
CLIMATE RECORD PERIOD 1886 TO 2017


WEATHER ITEM   OBSERVED TIME   RECORD YEAR NORMAL DEPARTURE LAST
                VALUE   (LST)  VALUE       VALUE  FROM      YEAR
                                                  NORMAL
..................................................................
TEMPERATURE (F)
 YESTERDAY
  MAXIMUM         54    222 PM  61    1914  35     19       45
  MINIMUM         20    304 AM -20    1977  20      0       29
  AVERAGE         37                        28      9       37

PRECIPITATION (IN)
  YESTERDAY        0.00          0.53 1971   0.06  -0.06     0.00
  MONTH TO DATE    0.42                      1.68  -1.26     0.83
  SINCE SEP 1      7.68                      7.37   0.31    12.67
  SINCE JAN 1     32.18                     31.56   0.62    40.94

SNOWFALL (IN)
  YESTERDAY        0.0           3.6  1971   0.3   -0.3      0.0
  MONTH TO DATE    0.7                       4.8   -4.1      0.7
  SINCE JUL 1      3.3                       5.6   -2.3      0.7
  SNOW DEPTH       0

DEGREE DAYS
 HEATING
  YESTERDAY       28                        37     -9       28
  MONTH TO DATE  850                       782     68      551
  SINCE JUL 1   1472                      1518    -46     1026

 COOLING
  YESTERDAY        0                         0      0        0
  MONTH TO DATE    0                         0      0        0
  SINCE JAN 1    494                       585    -91      629
..................................................................


WIND (MPH)
  HIGHEST WIND SPEED    20   HIGHEST WIND DIRECTION     W (280)
  HIGHEST GUST SPEED    26   HIGHEST GUST DIRECTION     W (270)
  AVERAGE WIND SPEED     9.5


SKY COVER
  POSSIBLE SUNSHINE  MM
  AVERAGE SKY COVER 0.0


WEATHER CONDITIONS
 THE FOLLOWING WEATHER WAS RECORDED YESTERDAY.
  NO SIGNIFICANT WEATHER WAS OBSERVED.


RELATIVE HUMIDITY (PERCENT)
 HIGHEST    96           400 AM
 LOWEST     50           200 PM
 AVERAGE    73

..........................................................


THE ROCHESTER MN CLIMATE NORMALS FOR TODAY
                         NORMAL    RECORD    YEAR
 MAXIMUM TEMPERATURE (F)   35        64      1914
 MINIMUM TEMPERATURE (F)   20       -12      1887


SUNRISE AND SUNSET
NOVEMBER 27 2017......SUNRISE   720 AM CST   SUNSET   435 PM CST
NOVEMBER 28 2017......SUNRISE   721 AM CST   SUNSET   435 PM CST


-  INDICATES NEGATIVE NUMBERS.
R  INDICATES RECORD WAS SET OR TIED.
MM INDICATES DATA IS MISSING.
T  INDICATES TRACE AMOUNT.




$$
