000
CDUS43 KARX 022129
CLIRST


CLIMATE REPORT
NATIONAL WEATHER SERVICE LA CROSSE WI
427 PM CDT WED AUG 2 2017


...................................

...THE ROCHESTER MN CLIMATE SUMMARY FOR AUGUST 2 2017...
VALID TODAY AS OF 0400 PM LOCAL TIME.

CLIMATE NORMAL PERIOD 1981 TO 2010
CLIMATE RECORD PERIOD 1886 TO 2017


WEATHER ITEM   OBSERVED TIME   RECORD YEAR NORMAL DEPARTURE LAST
                VALUE   (LST)  VALUE       VALUE  FROM      YEAR
                                                  NORMAL
..................................................................
TEMPERATURE (F)
 TODAY
  MAXIMUM         80    259 PM  98    1988  80      0       84
  MINIMUM         60    538 AM  40    1920  61     -1       67
  AVERAGE         70                        70      0       76

PRECIPITATION (IN)
  TODAY            0.00          1.97 1939   0.14  -0.14     0.00
  MONTH TO DATE    0.00                      0.29  -0.29     0.13
  SINCE JUN 1      6.06                      9.52  -3.46    10.97
  SINCE JAN 1     20.33                     19.96   0.37    22.66

SNOWFALL (IN)
  TODAY            0.0           0.0  2012   0.0    0.0      0.0
  MONTH TO DATE    0.0                       0.0    0.0      0.0
  SINCE JUL 1      0.0                       0.0    0.0      0.0
  SNOW DEPTH       0

DEGREE DAYS
 HEATING
  TODAY            0                         0      0        0
  MONTH TO DATE    0                         0      0        0
  SINCE JUL 1      1                        11    -10        4

 COOLING
  TODAY            5                         6     -1       11
  MONTH TO DATE    9                        12     -3       19
  SINCE JAN 1    370                       383    -13      419
..................................................................


WIND (MPH)
  HIGHEST WIND SPEED    13   HIGHEST WIND DIRECTION     N (10)
  HIGHEST GUST SPEED    16   HIGHEST GUST DIRECTION     N (360)
  AVERAGE WIND SPEED     7.3


SKY COVER
  POSSIBLE SUNSHINE  MM
  AVERAGE SKY COVER 0.2


WEATHER CONDITIONS
 THE FOLLOWING WEATHER WAS RECORDED TODAY.
  NO SIGNIFICANT WEATHER WAS OBSERVED.


RELATIVE HUMIDITY (PERCENT)
 HIGHEST   100           200 AM
 LOWEST     62           100 PM
 AVERAGE    81

..........................................................


THE ROCHESTER MN CLIMATE NORMALS FOR TOMORROW
                         NORMAL    RECORD    YEAR
 MAXIMUM TEMPERATURE (F)   80       100      1930
 MINIMUM TEMPERATURE (F)   61        45      1978


SUNRISE AND SUNSET
AUGUST  2 2017........SUNRISE   600 AM CDT   SUNSET   832 PM CDT
AUGUST  3 2017........SUNRISE   601 AM CDT   SUNSET   831 PM CDT


-  INDICATES NEGATIVE NUMBERS.
R  INDICATES RECORD WAS SET OR TIED.
MM INDICATES DATA IS MISSING.
T  INDICATES TRACE AMOUNT.




$$
