000
CDUS43 KARX 240653
CLIRST


CLIMATE REPORT
NATIONAL WEATHER SERVICE LA CROSSE WI
150 AM CDT MON AUG 24 2015

...THE ROCHESTER MN CLIMATE SUMMARY FOR AUGUST 23 2015...

CLIMATE NORMAL PERIOD 1981 TO 2010
CLIMATE RECORD PERIOD 1886 TO 2015

WEATHER ITEM   OBSERVED TIME   RECORD YEAR NORMAL DEPARTURE LAST
                VALUE   (LST)  VALUE       VALUE  FROM      YEAR
                                                  NORMAL
..................................................................
TEMPERATURE (F)
 YESTERDAY
  MAXIMUM         68    144 PM 100    1948  78    -10       80
  MINIMUM         51   1138 PM  37    1920  59     -8       68
  AVERAGE         60                        68     -8       74

PRECIPITATION (IN)
  YESTERDAY        0.04          1.26 1943   0.14  -0.10     0.74
  MONTH TO DATE    2.30                      3.39  -1.09     2.94
  SINCE JUN 1     11.70                     12.62  -0.92    12.44
  SINCE JAN 1     24.31                     23.06   1.25    23.77

SNOWFALL (IN)
  YESTERDAY        0.0           0.0  2012   0.0    0.0      0.0
  MONTH TO DATE    0.0                       0.0    0.0      0.0
  SINCE JUL 1      0.0                       0.0    0.0      0.0
  SNOW DEPTH       0

DEGREE DAYS
 HEATING
  YESTERDAY        5                         1      4        0
  MONTH TO DATE   17                        20     -3        0
  SINCE JUL 1     34                        31      3       22

 COOLING
  YESTERDAY        0                         4     -4        9
  MONTH TO DATE   90                       124    -34      134
  SINCE JAN 1    367                       495   -128      414
..................................................................

WIND (MPH)
  HIGHEST WIND SPEED    30   HIGHEST WIND DIRECTION     W (270)
  HIGHEST GUST SPEED    38   HIGHEST GUST DIRECTION     W (270)
  AVERAGE WIND SPEED    16.9

SKY COVER
  POSSIBLE SUNSHINE  MM
  AVERAGE SKY COVER 0.6

WEATHER CONDITIONS
 THE FOLLOWING WEATHER WAS RECORDED YESTERDAY.
  THUNDERSTORM
  LIGHT RAIN
  FOG

RELATIVE HUMIDITY (PERCENT)
 HIGHEST    90          1200 AM
 LOWEST     52           400 PM
 AVERAGE    71
..........................................................

THE ROCHESTER MN CLIMATE NORMALS FOR TODAY
                         NORMAL    RECORD    YEAR
 MAXIMUM TEMPERATURE (F)   78       100      1948
 MINIMUM TEMPERATURE (F)   59        34      1934

SUNRISE AND SUNSET
AUGUST 24 2015........SUNRISE   624 AM CDT   SUNSET   800 PM CDT
AUGUST 25 2015........SUNRISE   625 AM CDT   SUNSET   758 PM CDT

-  INDICATES NEGATIVE NUMBERS.
R  INDICATES RECORD WAS SET OR TIED.
MM INDICATES DATA IS MISSING.
T  INDICATES TRACE AMOUNT.

$$

BOYNE
