000
CDUS43 KARX 200715
CLIRST


CLIMATE REPORT
NATIONAL WEATHER SERVICE LA CROSSE WI
215 AM CDT TUE SEP 20 2016


...................................

...THE ROCHESTER MN CLIMATE SUMMARY FOR SEPTEMBER 19 2016...

CLIMATE NORMAL PERIOD 1981 TO 2010
CLIMATE RECORD PERIOD 1886 TO 2016


WEATHER ITEM   OBSERVED TIME   RECORD YEAR NORMAL DEPARTURE LAST
                VALUE   (LST)  VALUE       VALUE  FROM      YEAR
                                                  NORMAL
..................................................................
TEMPERATURE (F)
 YESTERDAY
  MAXIMUM         78    425 PM  92    1908  70      8       68
  MINIMUM         54   1159 PM  30    1991  49      5       47
                                      1929
  AVERAGE         66                        60      6       58

PRECIPITATION (IN)
  YESTERDAY        T             2.51 1983   0.11  -0.11     0.00
  MONTH TO DATE    4.65                      2.25   2.40     2.82
  SINCE SEP 1      4.65                      2.25   2.40     2.82
  SINCE JAN 1     32.92                     26.44   6.48    27.99

SNOWFALL (IN)
  YESTERDAY        0.0           0.0  2012   0.0    0.0      0.0
  MONTH TO DATE    0.0                       0.0    0.0      0.0
  SINCE JUL 1      0.0                       0.0    0.0      0.0
  SNOW DEPTH       0

DEGREE DAYS
 HEATING
  YESTERDAY        0                         7     -7        7
  MONTH TO DATE   23                        78    -55       47
  SINCE JUL 1     34                       116    -82      106

 COOLING
  YESTERDAY        1                         1      0        0
  MONTH TO DATE   42                        44     -2      108
  SINCE JAN 1    615                       569     46      483
..................................................................


WIND (MPH)
  HIGHEST WIND SPEED    17   HIGHEST WIND DIRECTION     N (20)
  HIGHEST GUST SPEED    26   HIGHEST GUST DIRECTION     S (190)
  AVERAGE WIND SPEED     7.5


SKY COVER
  POSSIBLE SUNSHINE  MM
  AVERAGE SKY COVER 0.1


WEATHER CONDITIONS
 THE FOLLOWING WEATHER WAS RECORDED YESTERDAY.
  LIGHT RAIN


RELATIVE HUMIDITY (PERCENT)
 HIGHEST    87           500 AM
 LOWEST     39           500 PM
 AVERAGE    63

..........................................................


THE ROCHESTER MN CLIMATE NORMALS FOR TODAY
                         NORMAL    RECORD    YEAR
 MAXIMUM TEMPERATURE (F)   70        92      1908
 MINIMUM TEMPERATURE (F)   48        28      1991


SUNRISE AND SUNSET
SEPTEMBER 20 2016.....SUNRISE   655 AM CDT   SUNSET   710 PM CDT
SEPTEMBER 21 2016.....SUNRISE   657 AM CDT   SUNSET   708 PM CDT


-  INDICATES NEGATIVE NUMBERS.
R  INDICATES RECORD WAS SET OR TIED.
MM INDICATES DATA IS MISSING.
T  INDICATES TRACE AMOUNT.




$$
