000
CDUS43 KARX 240637
CLIRST


CLIMATE REPORT
NATIONAL WEATHER SERVICE LA CROSSE WI
136 AM CDT WED JUN 24 2015


...................................

...THE ROCHESTER MN CLIMATE SUMMARY FOR JUNE 23 2015...

CLIMATE NORMAL PERIOD 1981 TO 2010
CLIMATE RECORD PERIOD 1886 TO 2015


WEATHER ITEM   OBSERVED TIME   RECORD YEAR NORMAL DEPARTURE LAST
                VALUE   (LST)  VALUE       VALUE  FROM      YEAR
                                                  NORMAL
..................................................................
TEMPERATURE (F)
 YESTERDAY
  MAXIMUM         77    340 PM 100    1934  80     -3       82
  MINIMUM         55    358 AM  38    1972  60     -5       63
  AVERAGE         66                        70     -4       73

PRECIPITATION (IN)
  YESTERDAY        0.00          4.10 1908   0.16  -0.16      T
  MONTH TO DATE    3.65                      3.60   0.05     5.73
  SINCE JUN 1      3.65                      3.60   0.05     5.73
  SINCE JAN 1     16.26                     14.04   2.22    17.06

SNOWFALL (IN)
  YESTERDAY        0.0           0.0  2012   0.0    0.0      0.0
  MONTH TO DATE    0.0                       0.0    0.0      0.0
  SINCE JUL 1     50.4                      51.9   -1.5     60.5
  SNOW DEPTH       0

DEGREE DAYS
 HEATING
  YESTERDAY        0                         1     -1        0
  MONTH TO DATE   20                        49    -29       11
  SINCE JUL 1   8068                      7719    349     8917

 COOLING
  YESTERDAY        1                         6     -5        8
  MONTH TO DATE   73                        86    -13       89
  SINCE JAN 1     89                       120    -31      128
..................................................................


WIND (MPH)
  HIGHEST WIND SPEED    15   HIGHEST WIND DIRECTION     N (340)
  HIGHEST GUST SPEED    21   HIGHEST GUST DIRECTION     N (360)
  AVERAGE WIND SPEED     8.4


SKY COVER
  POSSIBLE SUNSHINE  MM
  AVERAGE SKY COVER 0.0


WEATHER CONDITIONS
 THE FOLLOWING WEATHER WAS RECORDED YESTERDAY.
  NO SIGNIFICANT WEATHER WAS OBSERVED.


RELATIVE HUMIDITY (PERCENT)
 HIGHEST    87           600 AM
 LOWEST     43           500 PM
 AVERAGE    65

..........................................................


THE ROCHESTER MN CLIMATE NORMALS FOR TODAY
                         NORMAL    RECORD    YEAR
 MAXIMUM TEMPERATURE (F)   80        97      1910
 MINIMUM TEMPERATURE (F)   60        40      1972


SUNRISE AND SUNSET
JUNE 24 2015..........SUNRISE   528 AM CDT   SUNSET   857 PM CDT
JUNE 25 2015..........SUNRISE   529 AM CDT   SUNSET   857 PM CDT


-  INDICATES NEGATIVE NUMBERS.
R  INDICATES RECORD WAS SET OR TIED.
MM INDICATES DATA IS MISSING.
T  INDICATES TRACE AMOUNT.




$$
