000
CDUS43 KARX 300647
CLIRST


CLIMATE REPORT
NATIONAL WEATHER SERVICE LA CROSSE WI
1246 AM CST THU NOV 30 2017


...................................

...THE ROCHESTER MN CLIMATE SUMMARY FOR NOVEMBER 29 2017...

CLIMATE NORMAL PERIOD 1981 TO 2010
CLIMATE RECORD PERIOD 1886 TO 2017


WEATHER ITEM   OBSERVED TIME   RECORD YEAR NORMAL DEPARTURE LAST
                VALUE   (LST)  VALUE       VALUE  FROM      YEAR
                                                  NORMAL
..................................................................
TEMPERATURE (F)
 YESTERDAY
  MAXIMUM         45    225 PM  62    1998  33     12       37
  MINIMUM         18    656 AM -20    1887  19     -1       33
  AVERAGE         32                        26      6       35

PRECIPITATION (IN)
  YESTERDAY        0.00          1.60 1991   0.05  -0.05     0.05
  MONTH TO DATE    0.42                      1.85  -1.43     1.28
  SINCE SEP 1      7.68                      7.54   0.14    13.12
  SINCE JAN 1     32.18                     31.73   0.45    41.39

SNOWFALL (IN)
  YESTERDAY        0.0           3.8  1988   0.4   -0.4       T
  MONTH TO DATE    0.7                       5.8   -5.1      0.7
  SINCE JUL 1      3.3                       6.6   -3.3      0.7
  SNOW DEPTH       0

DEGREE DAYS
 HEATING
  YESTERDAY       33                        39     -6       30
  MONTH TO DATE  928                       897     31      631
  SINCE JUL 1   1550                      1633    -83     1106

 COOLING
  YESTERDAY        0                         0      0        0
  MONTH TO DATE    0                         0      0        0
  SINCE JAN 1    494                       585    -91      629
..................................................................


WIND (MPH)
  HIGHEST WIND SPEED    26   HIGHEST WIND DIRECTION    SW (210)
  HIGHEST GUST SPEED    33   HIGHEST GUST DIRECTION    SW (210)
  AVERAGE WIND SPEED    13.7


SKY COVER
  POSSIBLE SUNSHINE  MM
  AVERAGE SKY COVER 0.0


WEATHER CONDITIONS
 THE FOLLOWING WEATHER WAS RECORDED YESTERDAY.
  NO SIGNIFICANT WEATHER WAS OBSERVED.


RELATIVE HUMIDITY (PERCENT)
 HIGHEST    92           700 AM
 LOWEST     37           100 PM
 AVERAGE    65

..........................................................


THE ROCHESTER MN CLIMATE NORMALS FOR TODAY
                         NORMAL    RECORD    YEAR
 MAXIMUM TEMPERATURE (F)   33        59      1962
 MINIMUM TEMPERATURE (F)   18       -18      1893


SUNRISE AND SUNSET
NOVEMBER 30 2017......SUNRISE   724 AM CST   SUNSET   434 PM CST
DECEMBER  1 2017......SUNRISE   725 AM CST   SUNSET   433 PM CST


-  INDICATES NEGATIVE NUMBERS.
R  INDICATES RECORD WAS SET OR TIED.
MM INDICATES DATA IS MISSING.
T  INDICATES TRACE AMOUNT.




$$
