000
CDUS43 KARX 010638
CLIRST


CLIMATE REPORT
NATIONAL WEATHER SERVICE LA CROSSE WI
137 AM CDT SUN OCT 1 2017


...................................

...THE ROCHESTER MN CLIMATE SUMMARY FOR SEPTEMBER 30 2017...

CLIMATE NORMAL PERIOD 1981 TO 2010
CLIMATE RECORD PERIOD 1886 TO 2017


WEATHER ITEM   OBSERVED TIME   RECORD YEAR NORMAL DEPARTURE LAST
                VALUE   (LST)  VALUE       VALUE  FROM      YEAR
                                                  NORMAL
..................................................................
TEMPERATURE (F)
 YESTERDAY
  MAXIMUM         68    233 PM  86    2002  66      2       70
                                      1952
  MINIMUM         40    556 AM  24    1939  44     -4       47
  AVERAGE         54                        55     -1       59

PRECIPITATION (IN)
  YESTERDAY        T             1.46 2007   0.10  -0.10     0.00
  MONTH TO DATE    2.17                      3.45  -1.28     9.10
  SINCE SEP 1      2.17                      3.45  -1.28     9.10
  SINCE JAN 1     26.67                     27.64  -0.97    37.37

SNOWFALL (IN)
  YESTERDAY       MM             0.8  1961   0.0   MM        0.0
  MONTH TO DATE    0.0                       0.0    0.0      0.0
  SINCE JUL 1      0.0                       0.0    0.0      0.0
  SNOW DEPTH       0

DEGREE DAYS
 HEATING
  YESTERDAY       11                        11      0        6
  MONTH TO DATE  111                       177    -66       66
  SINCE JUL 1    152                       215    -63       77

 COOLING
  YESTERDAY        0                         1     -1        0
  MONTH TO DATE   91                        54     37       55
  SINCE JAN 1    493                       579    -86      628
..................................................................


WIND (MPH)
  HIGHEST WIND SPEED    20   HIGHEST WIND DIRECTION     S (180)
  HIGHEST GUST SPEED    25   HIGHEST GUST DIRECTION     S (180)
  AVERAGE WIND SPEED    10.8


SKY COVER
  POSSIBLE SUNSHINE  MM
  AVERAGE SKY COVER 0.1


WEATHER CONDITIONS
 THE FOLLOWING WEATHER WAS RECORDED YESTERDAY.
  LIGHT RAIN


RELATIVE HUMIDITY (PERCENT)
 HIGHEST   100           600 AM
 LOWEST     45           100 PM
 AVERAGE    73

..........................................................


THE ROCHESTER MN CLIMATE NORMALS FOR TODAY
                         NORMAL    RECORD    YEAR
 MAXIMUM TEMPERATURE (F)   65        88      1976
 MINIMUM TEMPERATURE (F)   44        21      1920


SUNRISE AND SUNSET
OCTOBER  1 2017.......SUNRISE   708 AM CDT   SUNSET   650 PM CDT
OCTOBER  2 2017.......SUNRISE   709 AM CDT   SUNSET   649 PM CDT


-  INDICATES NEGATIVE NUMBERS.
R  INDICATES RECORD WAS SET OR TIED.
MM INDICATES DATA IS MISSING.
T  INDICATES TRACE AMOUNT.




$$
