000
CDUS43 KARX 102133
CLIRST


CLIMATE REPORT
NATIONAL WEATHER SERVICE LA CROSSE WI
432 PM CDT WED MAY 10 2017


...................................

...THE ROCHESTER MN CLIMATE SUMMARY FOR MAY 10 2017...
VALID TODAY AS OF 0430 PM LOCAL TIME.

CLIMATE NORMAL PERIOD 1981 TO 2010
CLIMATE RECORD PERIOD 1886 TO 2017


WEATHER ITEM   OBSERVED TIME   RECORD YEAR NORMAL DEPARTURE LAST
                VALUE   (LST)  VALUE       VALUE  FROM      YEAR
                                                  NORMAL
..................................................................
TEMPERATURE (F)
 TODAY
  MAXIMUM         66   1049 AM  89    1887  67     -1       57
  MINIMUM         53    508 AM  23    1966  46      7       48
  AVERAGE         60                        56      4       53

PRECIPITATION (IN)
  TODAY            0.01          1.14 1962   0.11  -0.10     0.26
  MONTH TO DATE    0.32                      1.16  -0.84     0.98
  SINCE MAR 1      7.74                      6.28   1.46     6.68
  SINCE JAN 1     11.52                      7.97   3.55     8.08

SNOWFALL (IN)
  TODAY            0.0           0.0  2012   0.0    0.0      0.0
  MONTH TO DATE    0.0                       0.2   -0.2      0.0
  SINCE JUL 1     52.7                      52.1    0.6     47.9
  SNOW DEPTH       0

DEGREE DAYS
 HEATING
  TODAY            5                         9     -4       12
  MONTH TO DATE  117                       106     11       96
  SINCE JUL 1   6701                      7531   -830     6642

 COOLING
  TODAY            0                         1     -1        0
  MONTH TO DATE    0                         3     -3        9
  SINCE JAN 1      0                         7     -7       10
..................................................................


WIND (MPH)
  HIGHEST WIND SPEED    13   HIGHEST WIND DIRECTION     N (360)
  HIGHEST GUST SPEED    15   HIGHEST GUST DIRECTION     N (10)
  AVERAGE WIND SPEED     3.7


SKY COVER
  POSSIBLE SUNSHINE  MM
  AVERAGE SKY COVER 0.8


WEATHER CONDITIONS
 THE FOLLOWING WEATHER WAS RECORDED TODAY.
  LIGHT RAIN
  HAZE


RELATIVE HUMIDITY (PERCENT)
 HIGHEST    89           500 AM
 LOWEST     48           100 PM
 AVERAGE    69

..........................................................


THE ROCHESTER MN CLIMATE NORMALS FOR TOMORROW
                         NORMAL    RECORD    YEAR
 MAXIMUM TEMPERATURE (F)   67        89      1911
 MINIMUM TEMPERATURE (F)   46        26      1946


SUNRISE AND SUNSET
MAY 10 2017...........SUNRISE   550 AM CDT   SUNSET   824 PM CDT
MAY 11 2017...........SUNRISE   548 AM CDT   SUNSET   825 PM CDT


-  INDICATES NEGATIVE NUMBERS.
R  INDICATES RECORD WAS SET OR TIED.
MM INDICATES DATA IS MISSING.
T  INDICATES TRACE AMOUNT.




$$
