133
CDUS43 KARX 040645
CLIRST


CLIMATE REPORT
NATIONAL WEATHER SERVICE LA CROSSE WI
1245 AM CST THU FEB 4 2016


...................................

...THE ROCHESTER MN CLIMATE SUMMARY FOR FEBRUARY 3 2016...

CLIMATE NORMAL PERIOD 1981 TO 2010
CLIMATE RECORD PERIOD 1886 TO 2016


WEATHER ITEM   OBSERVED TIME   RECORD YEAR NORMAL DEPARTURE LAST
                VALUE   (LST)  VALUE       VALUE  FROM      YEAR
                                                  NORMAL
..................................................................
TEMPERATURE (F)
 YESTERDAY
  MAXIMUM         28   1259 AM  51    1934  25      3       14
  MINIMUM          4   1159 PM -32    1912   9     -5        0
  AVERAGE         16                        17     -1        7

PRECIPITATION (IN)
  YESTERDAY        0.12          0.30 1936   0.03   0.09     0.13
  MONTH TO DATE    0.53                      0.08   0.45     0.33
  SINCE DEC 1      4.49                      2.17   2.32     2.06
  SINCE JAN 1      1.28                      0.94   0.34     1.04

SNOWFALL (IN)
  YESTERDAY        2.2           3.9  2015   0.4    1.8      3.9
  MONTH TO DATE    8.9                       1.1    7.8      6.3
  SINCE JUL 1     30.3                      32.5   -2.2     33.7
  SNOW DEPTH       0

DEGREE DAYS
 HEATING
  YESTERDAY       49                        48      1       58
  MONTH TO DATE  125                       144    -19      173
  SINCE JUL 1   4102                      4752   -650     4874

 COOLING
  YESTERDAY        0                         0      0        0
  MONTH TO DATE    0                         0      0        0
  SINCE JAN 1      0                         0      0        0
..................................................................


WIND (MPH)
  HIGHEST WIND SPEED    28   HIGHEST WIND DIRECTION    NW (330)
  HIGHEST GUST SPEED    33   HIGHEST GUST DIRECTION    NW (320)
  AVERAGE WIND SPEED    17.9


SKY COVER
  POSSIBLE SUNSHINE  MM
  AVERAGE SKY COVER 0.6


WEATHER CONDITIONS
 THE FOLLOWING WEATHER WAS RECORDED YESTERDAY.
  LT FREEZING RAIN
  LIGHT SNOW
  FOG
  HAZE
  BLOWING SNOW


RELATIVE HUMIDITY (PERCENT)
 HIGHEST    96           500 AM
 LOWEST     67           400 PM
 AVERAGE    82

..........................................................


THE ROCHESTER MN CLIMATE NORMALS FOR TODAY
                         NORMAL    RECORD    YEAR
 MAXIMUM TEMPERATURE (F)   25        49      1964
 MINIMUM TEMPERATURE (F)    9       -29      1912


SUNRISE AND SUNSET
FEBRUARY  4 2016......SUNRISE   724 AM CST   SUNSET   524 PM CST
FEBRUARY  5 2016......SUNRISE   723 AM CST   SUNSET   525 PM CST


-  INDICATES NEGATIVE NUMBERS.
R  INDICATES RECORD WAS SET OR TIED.
MM INDICATES DATA IS MISSING.
T  INDICATES TRACE AMOUNT.




$$
