000
CDUS43 KARX 052243
CLIRST


CLIMATE REPORT
NATIONAL WEATHER SERVICE LA CROSSE WI
440 PM CST SUN NOV 5 2017


...................................

...THE ROCHESTER MN CLIMATE SUMMARY FOR NOVEMBER 5 2017...
VALID TODAY AS OF 0440 PM LOCAL TIME.

CLIMATE NORMAL PERIOD 1981 TO 2010
CLIMATE RECORD PERIOD 1886 TO 2017


WEATHER ITEM   OBSERVED TIME   RECORD YEAR NORMAL DEPARTURE LAST
                VALUE   (LST)  VALUE       VALUE  FROM      YEAR
                                                  NORMAL
..................................................................
TEMPERATURE (F)
 TODAY
  MAXIMUM         42    744 AM  71    2016  48     -6       71
  MINIMUM         31    436 PM  -4    1951  32     -1       40
  AVERAGE         37                        40     -3       56

PRECIPITATION (IN)
  TODAY            0.03          1.18 1979   0.06  -0.03     0.00
  MONTH TO DATE    0.30                      0.33  -0.03     0.00
  SINCE SEP 1      7.56                      6.02   1.54    11.84
  SINCE JAN 1     32.06                     30.21   1.85    40.11

SNOWFALL (IN)
  TODAY            0.0           3.5  1911   0.1   -0.1      0.0
  MONTH TO DATE    0.7                       0.5    0.2      0.0
  SINCE JUL 1      3.3                       1.3    2.0      0.0
  SNOW DEPTH       0

DEGREE DAYS
 HEATING
  TODAY           28                        25      3        9
  MONTH TO DATE  149                       121     28       55
  SINCE JUL 1    771                       857    -86      530

 COOLING
  TODAY            0                         0      0        0
  MONTH TO DATE    0                         0      0        0
  SINCE JAN 1    494                       585    -91      629
..................................................................


WIND (MPH)
  HIGHEST WIND SPEED    24   HIGHEST WIND DIRECTION    NW (320)
  HIGHEST GUST SPEED    29   HIGHEST GUST DIRECTION    NW (320)
  AVERAGE WIND SPEED    13.3


SKY COVER
  POSSIBLE SUNSHINE  MM
  AVERAGE SKY COVER 1.0


WEATHER CONDITIONS
 THE FOLLOWING WEATHER WAS RECORDED TODAY.
  RAIN
  LIGHT RAIN
  FOG


RELATIVE HUMIDITY (PERCENT)
 HIGHEST   100          1200 AM
 LOWEST     78           300 PM
 AVERAGE    89

..........................................................


THE ROCHESTER MN CLIMATE NORMALS FOR TOMORROW
                         NORMAL    RECORD    YEAR
 MAXIMUM TEMPERATURE (F)   48        73      1893
 MINIMUM TEMPERATURE (F)   31        -3      1991


SUNRISE AND SUNSET
NOVEMBER  5 2017......SUNRISE   652 AM CST   SUNSET   455 PM CST
NOVEMBER  6 2017......SUNRISE   653 AM CST   SUNSET   453 PM CST


-  INDICATES NEGATIVE NUMBERS.
R  INDICATES RECORD WAS SET OR TIED.
MM INDICATES DATA IS MISSING.
T  INDICATES TRACE AMOUNT.




$$
