000
CDUS43 KARX 120647
CLIRST


CLIMATE REPORT
NATIONAL WEATHER SERVICE LA CROSSE WI
145 AM CDT FRI AUG 12 2016


...................................

...THE ROCHESTER MN CLIMATE SUMMARY FOR AUGUST 11 2016...

CLIMATE NORMAL PERIOD 1981 TO 2010
CLIMATE RECORD PERIOD 1886 TO 2016


WEATHER ITEM   OBSERVED TIME   RECORD YEAR NORMAL DEPARTURE LAST
                VALUE   (LST)  VALUE       VALUE  FROM      YEAR
                                                  NORMAL
..................................................................
TEMPERATURE (F)
 YESTERDAY
  MAXIMUM         84    336 PM  95    1947  80      4       78
  MINIMUM         68    750 AM  41    1946  60      8       57
  AVERAGE         76                        70      6       68

PRECIPITATION (IN)
  YESTERDAY        0.88          2.36 1937   0.14   0.74     0.00
  MONTH TO DATE    2.10                      1.58   0.52     0.06
  SINCE JUN 1     12.94                     10.81   2.13     9.46
  SINCE JAN 1     24.63                     21.25   3.38    22.07

SNOWFALL (IN)
  YESTERDAY        0.0           0.0  2012   0.0    0.0      0.0
  MONTH TO DATE    0.0                       0.0    0.0      0.0
  SINCE JUL 1      0.0                       0.0    0.0      0.0
  SNOW DEPTH       0

DEGREE DAYS
 HEATING
  YESTERDAY        0                         1     -1        0
  MONTH TO DATE    0                         8     -8        2
  SINCE JUL 1      4                        19    -15       19

 COOLING
  YESTERDAY       11                         5      6        3
  MONTH TO DATE   83                        65     18       41
  SINCE JAN 1    483                       436     47      318
..................................................................


WIND (MPH)
  HIGHEST WIND SPEED    23   HIGHEST WIND DIRECTION    NW (300)
  HIGHEST GUST SPEED    37   HIGHEST GUST DIRECTION     W (280)
  AVERAGE WIND SPEED     7.7


SKY COVER
  POSSIBLE SUNSHINE  MM
  AVERAGE SKY COVER 0.3


WEATHER CONDITIONS
 THE FOLLOWING WEATHER WAS RECORDED YESTERDAY.
  THUNDERSTORM
  HEAVY RAIN
  LIGHT RAIN
  FOG


RELATIVE HUMIDITY (PERCENT)
 HIGHEST   100           300 AM
 LOWEST     69           200 PM
 AVERAGE    85

..........................................................


THE ROCHESTER MN CLIMATE NORMALS FOR TODAY
                         NORMAL    RECORD    YEAR
 MAXIMUM TEMPERATURE (F)   80        95      1947
 MINIMUM TEMPERATURE (F)   60        43      1946


SUNRISE AND SUNSET
AUGUST 12 2016........SUNRISE   611 AM CDT   SUNSET   818 PM CDT
AUGUST 13 2016........SUNRISE   612 AM CDT   SUNSET   816 PM CDT


-  INDICATES NEGATIVE NUMBERS.
R  INDICATES RECORD WAS SET OR TIED.
MM INDICATES DATA IS MISSING.
T  INDICATES TRACE AMOUNT.




$$
