000
CDUS43 KARX 012239
CLIRST


CLIMATE REPORT
NATIONAL WEATHER SERVICE LA CROSSE WI
438 PM CST FRI DEC 1 2017


...................................

...THE ROCHESTER MN CLIMATE SUMMARY FOR DECEMBER 1 2017...
VALID TODAY AS OF 0400 PM LOCAL TIME.

CLIMATE NORMAL PERIOD 1981 TO 2010
CLIMATE RECORD PERIOD 1886 TO 2017


WEATHER ITEM   OBSERVED TIME   RECORD YEAR NORMAL DEPARTURE LAST
                VALUE   (LST)  VALUE       VALUE  FROM      YEAR
                                                  NORMAL
..................................................................
TEMPERATURE (F)
 TODAY
  MAXIMUM         55    226 PM  62    1998  32     23       35
                                      1962
  MINIMUM         22    237 AM -10    1886  18      4       33
  AVERAGE         39                        25     14       34

PRECIPITATION (IN)
  TODAY            0.00          0.73 1945   0.05  -0.05     0.01
  MONTH TO DATE    0.00                      0.05  -0.05     0.01
  SINCE DEC 1      0.00                      0.05  -0.05     0.01
  SINCE JAN 1     32.18                     31.84   0.34    41.49

SNOWFALL (IN)
  TODAY            0.0           7.3  1985   0.4   -0.4       T
  MONTH TO DATE    0.0                       0.4   -0.4       T
  SINCE JUL 1      3.3                       7.3   -4.0      1.0
  SNOW DEPTH       0

DEGREE DAYS
 HEATING
  TODAY           26                        40    -14       31
  MONTH TO DATE   26                        40    -14       31
  SINCE JUL 1   1604                      1712   -108     1166

 COOLING
  TODAY            0                         0      0        0
  MONTH TO DATE    0                         0      0        0
  SINCE JAN 1    494                       585    -91      629
..................................................................


WIND (MPH)
  HIGHEST WIND SPEED    28   HIGHEST WIND DIRECTION     S (200)
  HIGHEST GUST SPEED    35   HIGHEST GUST DIRECTION     S (200)
  AVERAGE WIND SPEED    13.8


SKY COVER
  POSSIBLE SUNSHINE  MM
  AVERAGE SKY COVER 0.0


WEATHER CONDITIONS
 THE FOLLOWING WEATHER WAS RECORDED TODAY.
  NO SIGNIFICANT WEATHER WAS OBSERVED.


RELATIVE HUMIDITY (PERCENT)
 HIGHEST    88           500 AM
 LOWEST     30           200 PM
 AVERAGE    59

..........................................................


THE ROCHESTER MN CLIMATE NORMALS FOR TOMORROW
                         NORMAL    RECORD    YEAR
 MAXIMUM TEMPERATURE (F)   32        62      1982
 MINIMUM TEMPERATURE (F)   17       -18      1886


SUNRISE AND SUNSET
DECEMBER  1 2017......SUNRISE   725 AM CST   SUNSET   433 PM CST
DECEMBER  2 2017......SUNRISE   726 AM CST   SUNSET   433 PM CST


-  INDICATES NEGATIVE NUMBERS.
R  INDICATES RECORD WAS SET OR TIED.
MM INDICATES DATA IS MISSING.
T  INDICATES TRACE AMOUNT.




$$
