000
CDUS43 KARX 152233
CLIRST


CLIMATE REPORT
NATIONAL WEATHER SERVICE LA CROSSE WI
432 PM CST THU JAN 15 2015


...................................

...THE ROCHESTER MN CLIMATE SUMMARY FOR JANUARY 15 2015...
VALID TODAY AS OF 0430 PM LOCAL TIME.

CLIMATE NORMAL PERIOD 1981 TO 2010
CLIMATE RECORD PERIOD 1886 TO 2015


WEATHER ITEM   OBSERVED TIME   RECORD YEAR NORMAL DEPARTURE LAST
                VALUE   (LST)  VALUE       VALUE  FROM      YEAR
                                                  NORMAL
..................................................................
TEMPERATURE (F)
 TODAY
  MAXIMUM         31    359 PM  50    1914  23      8       22
  MINIMUM         19    741 AM -36    1888   7     12       -3
  AVERAGE         25                        15     10       10

PRECIPITATION (IN)
  TODAY            0.00          0.77 1953   0.02  -0.02      T
  MONTH TO DATE    0.29                      0.41  -0.12     0.29
  SINCE DEC 1      1.31                      1.64  -0.33     1.39
  SINCE JAN 1      0.29                      0.41  -0.12     0.29

SNOWFALL (IN)
  TODAY            0.0           2.6  1976   0.4   -0.4       T
  MONTH TO DATE    6.1                       5.4    0.7      3.4
  SINCE JUL 1     23.5                      24.8   -1.3     17.8
  SNOW DEPTH       6

DEGREE DAYS
 HEATING
  TODAY           40                        50    -10       55
  MONTH TO DATE  869                       741    128      862
  SINCE JUL 1   4089                      3819    270     4156

 COOLING
  TODAY            0                         0      0        0
  MONTH TO DATE    0                         0      0        0
  SINCE JAN 1      0                         0      0        0
..................................................................


WIND (MPH)
  HIGHEST WIND SPEED    21   HIGHEST WIND DIRECTION     W (290)
  HIGHEST GUST SPEED    24   HIGHEST GUST DIRECTION     W (290)
  AVERAGE WIND SPEED    14.0


SKY COVER
  POSSIBLE SUNSHINE  MM
  AVERAGE SKY COVER 0.5


WEATHER CONDITIONS
 THE FOLLOWING WEATHER WAS RECORDED TODAY.
  FOG


RELATIVE HUMIDITY (PERCENT)
 HIGHEST    91          1200 AM
 LOWEST     72           100 PM
 AVERAGE    82

..........................................................


THE ROCHESTER MN CLIMATE NORMALS FOR TOMORROW
                         NORMAL    RECORD    YEAR
 MAXIMUM TEMPERATURE (F)   23        48      1914
 MINIMUM TEMPERATURE (F)    7       -29      1977


SUNRISE AND SUNSET
JANUARY 15 2015.......SUNRISE   741 AM CST   SUNSET   458 PM CST
JANUARY 16 2015.......SUNRISE   741 AM CST   SUNSET   459 PM CST


-  INDICATES NEGATIVE NUMBERS.
R  INDICATES RECORD WAS SET OR TIED.
MM INDICATES DATA IS MISSING.
T  INDICATES TRACE AMOUNT.




$$
