000
CDUS43 KARX 270730
CLIRST


CLIMATE REPORT
NATIONAL WEATHER SERVICE LA CROSSE WI
130 AM CST WED JAN 27 2016


...................................

...THE ROCHESTER MN CLIMATE SUMMARY FOR JANUARY 26 2016...

CLIMATE NORMAL PERIOD 1981 TO 2010
CLIMATE RECORD PERIOD 1886 TO 2016


WEATHER ITEM   OBSERVED TIME   RECORD YEAR NORMAL DEPARTURE LAST
                VALUE   (LST)  VALUE       VALUE  FROM      YEAR
                                                  NORMAL
..................................................................
TEMPERATURE (F)
 YESTERDAY
  MAXIMUM         26   1219 AM  52    2002  24      2       38
  MINIMUM         20   1159 PM -30    1917   8     12       23
  AVERAGE         23                        16      7       31

PRECIPITATION (IN)
  YESTERDAY        T             0.38 1916   0.03  -0.03     0.03
  MONTH TO DATE    0.57                      0.72  -0.15     0.58
  SINCE DEC 1      3.78                      1.95   1.83     1.60
  SINCE JAN 1      0.57                      0.72  -0.15     0.58

SNOWFALL (IN)
  YESTERDAY        0.2           7.2  1996   0.4   -0.2      0.3
  MONTH TO DATE    5.7                      10.0   -4.3      8.5
  SINCE JUL 1     21.4                      29.4   -8.0     25.9
  SNOW DEPTH       7

DEGREE DAYS
 HEATING
  YESTERDAY       42                        49     -7       34
  MONTH TO DATE 1354                      1287     67     1279
  SINCE JUL 1   3785                      4365   -580     4499

 COOLING
  YESTERDAY        0                         0      0        0
  MONTH TO DATE    0                         0      0        0
  SINCE JAN 1      0                         0      0        0
..................................................................


WIND (MPH)
  HIGHEST WIND SPEED    28   HIGHEST WIND DIRECTION    NW (310)
  HIGHEST GUST SPEED    34   HIGHEST GUST DIRECTION    NW (320)
  AVERAGE WIND SPEED    15.6


SKY COVER
  POSSIBLE SUNSHINE  MM
  AVERAGE SKY COVER 1.0


WEATHER CONDITIONS
 THE FOLLOWING WEATHER WAS RECORDED YESTERDAY.
  LIGHT SNOW
  FOG
  HAZE


RELATIVE HUMIDITY (PERCENT)
 HIGHEST    92          1200 AM
 LOWEST     68           300 PM
 AVERAGE    80

..........................................................


THE ROCHESTER MN CLIMATE NORMALS FOR TODAY
                         NORMAL    RECORD    YEAR
 MAXIMUM TEMPERATURE (F)   24        50      1919
 MINIMUM TEMPERATURE (F)    8       -26      1950
                                             1935


SUNRISE AND SUNSET
JANUARY 27 2016.......SUNRISE   733 AM CST   SUNSET   513 PM CST
JANUARY 28 2016.......SUNRISE   732 AM CST   SUNSET   514 PM CST


-  INDICATES NEGATIVE NUMBERS.
R  INDICATES RECORD WAS SET OR TIED.
MM INDICATES DATA IS MISSING.
T  INDICATES TRACE AMOUNT.




$$
