000
CDUS43 KARX 090643
CLIRST


CLIMATE REPORT
NATIONAL WEATHER SERVICE LA CROSSE WI
142 AM CDT MON OCT 9 2017


...................................

...THE ROCHESTER MN CLIMATE SUMMARY FOR OCTOBER 8 2017...

CLIMATE NORMAL PERIOD 1981 TO 2010
CLIMATE RECORD PERIOD 1886 TO 2017


WEATHER ITEM   OBSERVED TIME   RECORD YEAR NORMAL DEPARTURE LAST
                VALUE   (LST)  VALUE       VALUE  FROM      YEAR
                                                  NORMAL
..................................................................
TEMPERATURE (F)
 YESTERDAY
  MAXIMUM         77    345 PM  88    1916  62     15       57
  MINIMUM         48    554 AM  21    1976  41      7       32
  AVERAGE         63                        52     11       45

PRECIPITATION (IN)
  YESTERDAY        0.00          1.98 1970   0.08  -0.08     0.00
  MONTH TO DATE    3.77                      0.73   3.04     0.52
  SINCE SEP 1      5.94                      4.18   1.76     9.62
  SINCE JAN 1     30.44                     28.37   2.07    37.89

SNOWFALL (IN)
  YESTERDAY        0.0           T    1990   0.1   -0.1      0.0
                                      1959
  MONTH TO DATE    0.0                       0.1   -0.1      0.0
  SINCE JUL 1      0.0                       0.1   -0.1      0.0
  SNOW DEPTH       0

DEGREE DAYS
 HEATING
  YESTERDAY        2                        14    -12       20
  MONTH TO DATE   52                       101    -49       67
  SINCE JUL 1    204                       316   -112      144

 COOLING
  YESTERDAY        0                         0      0        0
  MONTH TO DATE    1                         4     -3        1
  SINCE JAN 1    494                       583    -89      629
..................................................................


WIND (MPH)
  HIGHEST WIND SPEED    29   HIGHEST WIND DIRECTION     S (200)
  HIGHEST GUST SPEED    37   HIGHEST GUST DIRECTION     S (190)
  AVERAGE WIND SPEED    12.6


SKY COVER
  POSSIBLE SUNSHINE  MM
  AVERAGE SKY COVER 0.1


WEATHER CONDITIONS
 THE FOLLOWING WEATHER WAS RECORDED YESTERDAY.
  NO SIGNIFICANT WEATHER WAS OBSERVED.


RELATIVE HUMIDITY (PERCENT)
 HIGHEST    93           200 AM
 LOWEST     43           200 PM
 AVERAGE    68

..........................................................


THE ROCHESTER MN CLIMATE NORMALS FOR TODAY
                         NORMAL    RECORD    YEAR
 MAXIMUM TEMPERATURE (F)   62        90      2010
 MINIMUM TEMPERATURE (F)   41        21      1915


SUNRISE AND SUNSET
OCTOBER  9 2017.......SUNRISE   717 AM CDT   SUNSET   636 PM CDT
OCTOBER 10 2017.......SUNRISE   719 AM CDT   SUNSET   634 PM CDT


-  INDICATES NEGATIVE NUMBERS.
R  INDICATES RECORD WAS SET OR TIED.
MM INDICATES DATA IS MISSING.
T  INDICATES TRACE AMOUNT.




$$
