000
CDUS43 KARX 050653
CLIRST


CLIMATE REPORT
NATIONAL WEATHER SERVICE LA CROSSE WI
152 AM CDT SAT AUG 5 2017


...................................

...THE ROCHESTER MN CLIMATE SUMMARY FOR AUGUST 4 2017...

CLIMATE NORMAL PERIOD 1981 TO 2010
CLIMATE RECORD PERIOD 1886 TO 2017


WEATHER ITEM   OBSERVED TIME   RECORD YEAR NORMAL DEPARTURE LAST
                VALUE   (LST)  VALUE       VALUE  FROM      YEAR
                                                  NORMAL
..................................................................
TEMPERATURE (F)
 YESTERDAY
  MAXIMUM         73    336 PM 100    1947  80     -7       84
  MINIMUM         50    537 AM  42    1912  61    -11       64
  AVERAGE         62                        70     -8       74

PRECIPITATION (IN)
  YESTERDAY        0.00          2.30 1979   0.15  -0.15     1.09
  MONTH TO DATE    2.01                      0.58   1.43     1.22
  SINCE JUN 1      8.07                      9.81  -1.74    12.06
  SINCE JAN 1     22.34                     20.25   2.09    23.75

SNOWFALL (IN)
  YESTERDAY        0.0           0.0  2012   0.0    0.0      0.0
  MONTH TO DATE    0.0                       0.0    0.0      0.0
  SINCE JUL 1      0.0                       0.0    0.0      0.0
  SNOW DEPTH       0

DEGREE DAYS
 HEATING
  YESTERDAY        3                         1      2        0
  MONTH TO DATE    9                         1      8        0
  SINCE JUL 1     10                        12     -2        4

 COOLING
  YESTERDAY        0                         6     -6        9
  MONTH TO DATE    9                        24    -15       40
  SINCE JAN 1    370                       395    -25      440
..................................................................


WIND (MPH)
  HIGHEST WIND SPEED    22   HIGHEST WIND DIRECTION    NW (330)
  HIGHEST GUST SPEED    29   HIGHEST GUST DIRECTION    NW (330)
  AVERAGE WIND SPEED    12.5


SKY COVER
  POSSIBLE SUNSHINE  MM
  AVERAGE SKY COVER 0.3


WEATHER CONDITIONS
 THE FOLLOWING WEATHER WAS RECORDED YESTERDAY.
  NO SIGNIFICANT WEATHER WAS OBSERVED.


RELATIVE HUMIDITY (PERCENT)
 HIGHEST    93           900 PM
 LOWEST     53           400 PM
 AVERAGE    73

..........................................................


THE ROCHESTER MN CLIMATE NORMALS FOR TODAY
                         NORMAL    RECORD    YEAR
 MAXIMUM TEMPERATURE (F)   80        99      1947
 MINIMUM TEMPERATURE (F)   60        42      1948


SUNRISE AND SUNSET
AUGUST  5 2017........SUNRISE   603 AM CDT   SUNSET   828 PM CDT
AUGUST  6 2017........SUNRISE   604 AM CDT   SUNSET   827 PM CDT


-  INDICATES NEGATIVE NUMBERS.
R  INDICATES RECORD WAS SET OR TIED.
MM INDICATES DATA IS MISSING.
T  INDICATES TRACE AMOUNT.




$$
