000
CDUS43 KARX 110637
CLIRST


CLIMATE REPORT
NATIONAL WEATHER SERVICE LA CROSSE WI
137 AM CDT THU AUG 11 2016


...................................

...THE ROCHESTER MN CLIMATE SUMMARY FOR AUGUST 10 2016...

CLIMATE NORMAL PERIOD 1981 TO 2010
CLIMATE RECORD PERIOD 1886 TO 2016


WEATHER ITEM   OBSERVED TIME   RECORD YEAR NORMAL DEPARTURE LAST
                VALUE   (LST)  VALUE       VALUE  FROM      YEAR
                                                  NORMAL
..................................................................
TEMPERATURE (F)
 YESTERDAY
  MAXIMUM         86    339 PM  96    1947  80      6       78
  MINIMUM         66    540 AM  44    1982  60      6       59
                                      1930
  AVERAGE         76                        70      6       69

PRECIPITATION (IN)
  YESTERDAY        0.00          2.93 1994   0.14  -0.14      T
  MONTH TO DATE    1.22                      1.44  -0.22     0.06
  SINCE JUN 1     12.06                     10.67   1.39     9.46
  SINCE JAN 1     23.75                     21.11   2.64    22.07

SNOWFALL (IN)
  YESTERDAY        0.0           0.0  2012   0.0    0.0      0.0
  MONTH TO DATE    0.0                       0.0    0.0      0.0
  SINCE JUL 1      0.0                       0.0    0.0      0.0
  SNOW DEPTH       0

DEGREE DAYS
 HEATING
  YESTERDAY        0                         1     -1        0
  MONTH TO DATE    0                         7     -7        2
  SINCE JUL 1      4                        18    -14       19

 COOLING
  YESTERDAY       11                         6      5        4
  MONTH TO DATE   72                        60     12       38
  SINCE JAN 1    472                       431     41      315
..................................................................


WIND (MPH)
  HIGHEST WIND SPEED    17   HIGHEST WIND DIRECTION     S (180)
  HIGHEST GUST SPEED    23   HIGHEST GUST DIRECTION    SE (150)
  AVERAGE WIND SPEED     8.1


SKY COVER
  POSSIBLE SUNSHINE  MM
  AVERAGE SKY COVER 0.3


WEATHER CONDITIONS
 THE FOLLOWING WEATHER WAS RECORDED YESTERDAY.
  THUNDERSTORM
  FOG
  FOG W/VISIBILITY <= 1/4 MILE


RELATIVE HUMIDITY (PERCENT)
 HIGHEST   100          1200 AM
 LOWEST     65           300 PM
 AVERAGE    83

..........................................................


THE ROCHESTER MN CLIMATE NORMALS FOR TODAY
                         NORMAL    RECORD    YEAR
 MAXIMUM TEMPERATURE (F)   80        95      1947
 MINIMUM TEMPERATURE (F)   60        41      1946


SUNRISE AND SUNSET
AUGUST 11 2016........SUNRISE   610 AM CDT   SUNSET   819 PM CDT
AUGUST 12 2016........SUNRISE   611 AM CDT   SUNSET   818 PM CDT


-  INDICATES NEGATIVE NUMBERS.
R  INDICATES RECORD WAS SET OR TIED.
MM INDICATES DATA IS MISSING.
T  INDICATES TRACE AMOUNT.




$$
