000
CDUS43 KARX 220700
CLIRST


CLIMATE REPORT
NATIONAL WEATHER SERVICE LA CROSSE WI
1259 AM CST SUN FEB 22 2015


...................................

...THE ROCHESTER MN CLIMATE SUMMARY FOR FEBRUARY 21 2015...

CLIMATE NORMAL PERIOD 1981 TO 2010
CLIMATE RECORD PERIOD 1886 TO 2015


WEATHER ITEM   OBSERVED TIME   RECORD YEAR NORMAL DEPARTURE LAST
                VALUE   (LST)  VALUE       VALUE  FROM      YEAR
                                                  NORMAL
..................................................................
TEMPERATURE (F)
 YESTERDAY
  MAXIMUM         23    132 AM  60    1930  30     -7       16
  MINIMUM          2   1159 PM -32    1936  15    -13        9
  AVERAGE         13                        22     -9       13

PRECIPITATION (IN)
  YESTERDAY        T             0.45 1981   0.03  -0.03      T
                                      1945
  MONTH TO DATE    0.47                      0.58  -0.11     1.65
  SINCE DEC 1      2.20                      2.67  -0.47     3.75
  SINCE JAN 1      1.18                      1.44  -0.26     2.65

SNOWFALL (IN)
  YESTERDAY        T             5.1  1945   0.3   -0.3       T
  MONTH TO DATE    8.0                       6.4    1.6     17.2
  SINCE JUL 1     35.4                      37.8   -2.4     46.4
  SNOW DEPTH       7

DEGREE DAYS
 HEATING
  YESTERDAY       52                        43      9       52
  MONTH TO DATE 1155                       964    191     1180
  SINCE JUL 1   5856                      5572    284     6277

 COOLING
  YESTERDAY        0                         0      0        0
  MONTH TO DATE    0                         0      0        0
  SINCE JAN 1      0                         0      0        0
..................................................................


WIND (MPH)
  HIGHEST WIND SPEED    22   HIGHEST WIND DIRECTION    NW (310)
  HIGHEST GUST SPEED    26   HIGHEST GUST DIRECTION    NW (310)
  AVERAGE WIND SPEED    12.2


SKY COVER
  POSSIBLE SUNSHINE  MM
  AVERAGE SKY COVER 0.7


WEATHER CONDITIONS
 THE FOLLOWING WEATHER WAS RECORDED YESTERDAY.
  LIGHT SNOW
  FOG
  HAZE


RELATIVE HUMIDITY (PERCENT)
 HIGHEST    92           200 AM
 LOWEST     66           800 PM
 AVERAGE    79

..........................................................


THE ROCHESTER MN CLIMATE NORMALS FOR TODAY
                         NORMAL    RECORD    YEAR
 MAXIMUM TEMPERATURE (F)   30        59      1930
 MINIMUM TEMPERATURE (F)   15       -25      1936


SUNRISE AND SUNSET
FEBRUARY 22 2015......SUNRISE   659 AM CST   SUNSET   549 PM CST
FEBRUARY 23 2015......SUNRISE   657 AM CST   SUNSET   550 PM CST


-  INDICATES NEGATIVE NUMBERS.
R  INDICATES RECORD WAS SET OR TIED.
MM INDICATES DATA IS MISSING.
T  INDICATES TRACE AMOUNT.




$$
