247
CDUS43 KARX 130807
CLIRST


CLIMATE REPORT
NATIONAL WEATHER SERVICE LA CROSSE WI
305 AM CDT FRI OCT 13 2017


...................................

...THE ROCHESTER MN CLIMATE SUMMARY FOR OCTOBER 12 2017...

CLIMATE NORMAL PERIOD 1981 TO 2010
CLIMATE RECORD PERIOD 1886 TO 2017


WEATHER ITEM   OBSERVED TIME   RECORD YEAR NORMAL DEPARTURE LAST
                VALUE   (LST)  VALUE       VALUE  FROM      YEAR
                                                  NORMAL
..................................................................
TEMPERATURE (F)
 YESTERDAY
  MAXIMUM         61    157 PM  85    1975  60      1       49
                                      1956
  MINIMUM         52   1032 PM  23    2006  40     12       39
                                      1988
  AVERAGE         57                        50      7       44

PRECIPITATION (IN)
  YESTERDAY        0.00          1.81 1997   0.07  -0.07     0.12
  MONTH TO DATE    4.11                      1.01   3.10     0.66
  SINCE SEP 1      6.28                      4.46   1.82     9.76
  SINCE JAN 1     30.78                     28.65   2.13    38.03

SNOWFALL (IN)
  YESTERDAY        0.0           1.7  2009   0.0    0.0      0.0
  MONTH TO DATE    0.0                       0.1   -0.1      0.0
  SINCE JUL 1      0.0                       0.1   -0.1      0.0
  SNOW DEPTH       0

DEGREE DAYS
 HEATING
  YESTERDAY        8                        15     -7       21
  MONTH TO DATE  112                       160    -48      113
  SINCE JUL 1    264                       375   -111      190

 COOLING
  YESTERDAY        0                         0      0        0
  MONTH TO DATE    1                         4     -3        1
  SINCE JAN 1    494                       583    -89      629
..................................................................


WIND (MPH)
  HIGHEST WIND SPEED    20   HIGHEST WIND DIRECTION     S (190)
  HIGHEST GUST SPEED    25   HIGHEST GUST DIRECTION    SE (150)
  AVERAGE WIND SPEED    12.3


SKY COVER
  POSSIBLE SUNSHINE  MM
  AVERAGE SKY COVER 0.8


WEATHER CONDITIONS
 THE FOLLOWING WEATHER WAS RECORDED YESTERDAY.
  NO SIGNIFICANT WEATHER WAS OBSERVED.


RELATIVE HUMIDITY (PERCENT)
 HIGHEST    96          1200 AM
 LOWEST     72           200 PM
 AVERAGE    84

..........................................................


THE ROCHESTER MN CLIMATE NORMALS FOR TODAY
                         NORMAL    RECORD    YEAR
 MAXIMUM TEMPERATURE (F)   60        85      1975
 MINIMUM TEMPERATURE (F)   39        15      1917


SUNRISE AND SUNSET
OCTOBER 13 2017.......SUNRISE   722 AM CDT   SUNSET   629 PM CDT
OCTOBER 14 2017.......SUNRISE   724 AM CDT   SUNSET   627 PM CDT


-  INDICATES NEGATIVE NUMBERS.
R  INDICATES RECORD WAS SET OR TIED.
MM INDICATES DATA IS MISSING.
T  INDICATES TRACE AMOUNT.




$$
